{"id":970,"date":"2021-03-25T13:41:55","date_gmt":"2021-03-25T13:41:55","guid":{"rendered":"http:\/\/acta.no\/vebu\/?page_id=970"},"modified":"2021-06-17T08:58:02","modified_gmt":"2021-06-17T08:58:02","slug":"maxpuls-2021","status":"publish","type":"page","link":"https:\/\/acta.no\/vebu\/maxpuls-2021\/","title":{"rendered":"MaxPuls 2021"},"content":{"rendered":"<div id=\"module-0\" class=\"hogan-module hogan-module-image hogan-module-0 hogan-image-size-page-width\"><div class=\"hogan-module-inner\"><figure class=\"wp-caption size-page-width\"><img loading=\"lazy\" decoding=\"async\" width=\"1364\" height=\"636\" src=\"https:\/\/www.normisjon.no\/content\/uploads\/sites\/37\/2021\/03\/MaxPuls-nettside.png\" class=\"attachment-page-width size-page-width\" alt=\"\" srcset=\"https:\/\/www.normisjon.no\/content\/uploads\/sites\/37\/2021\/03\/MaxPuls-nettside.png 1364w, https:\/\/www.normisjon.no\/content\/uploads\/sites\/37\/2021\/03\/MaxPuls-nettside-300x140.png 300w, https:\/\/www.normisjon.no\/content\/uploads\/sites\/37\/2021\/03\/MaxPuls-nettside-768x358.png 768w, https:\/\/www.normisjon.no\/content\/uploads\/sites\/37\/2021\/03\/MaxPuls-nettside-1024x477.png 1024w, https:\/\/www.normisjon.no\/content\/uploads\/sites\/37\/2021\/03\/MaxPuls-nettside-1360x634.png 1360w, https:\/\/www.normisjon.no\/content\/uploads\/sites\/37\/2021\/03\/MaxPuls-nettside-960x448.png 960w\" sizes=\"auto, (max-width: 1364px) 100vw, 1364px\" \/><\/figure><\/div><\/div><div id=\"module-1\" class=\"hogan-module hogan-module-text hogan-module-1\"><div class=\"hogan-module-inner\"><p>MaxPuls:<\/p>\n<p><strong>Er du klar for \u00e5 reise p\u00e5 leir helt alene? <\/strong><\/p>\n<p><em>Da er det bare \u00e5 pakke sekken og gj\u00f8re deg klar for MaxPuls \u2013 leiren for deg som elsker v\u00e6re i aktivitet fra morgen til kveld! Her blir du med p\u00e5 lek, moro og spennende dager med blant annet bading, fotballturnering,escaperoom og skimboarding.<\/em><\/p>\n<p><strong>Dette er leiren for barn:<\/strong><\/p>\n<ul>\n<li>som er ferdig med 1. klasse t.o.m. ferdig med 3. klasse.<\/li>\n<\/ul>\n<p>Dato: 30. juni\u00a0\u2013 2. juli 2021<\/p>\n<p><strong>Leiravgift:\u00a0 \u00a0 \u00a0 \u00a0 \u00a0 \u00a0 \u00a0950,-\u00a0 \u00a0 \u00a0 \u00a0 \u00a0 \u00a0 \u00a0 \u00a0 \u00a0 \u00a0 \u00a0medlem leirklubb\u00a0 \u00a0 \u00a0 \u00a0 \u00a0<\/strong><\/p>\n<p><strong>\u00a0 \u00a0 \u00a0 \u00a0 \u00a0 \u00a0 \u00a0 \u00a0 \u00a0 \u00a0 \u00a0 \u00a0 \u00a0 \u00a0 \u00a0 \u00a0 \u00a01150,-\u00a0 \u00a0 \u00a0 \u00a0 \u00a0<\/strong><strong> \u00a0 ikke medlem leirklubb<\/strong><strong>\u00a0 \u00a0 \u00a0 \u00a0 \u00a0 \u00a0 \u00a0 \u00a0<\/strong><\/p>\n<p><strong>\u00a0 \u00a0 \u00a0 \u00a0 \u00a0 \u00a0 \u00a0 \u00a0 \u00a0 \u00a0 \u00a0 \u00a0 \u00a0 \u00a0 \u00a0 \u00a0 \u00a0 100,-\u00a0 \u00a0p<\/strong><strong>ris leirklubbmedlemsskap<\/strong><\/p>\n<p><strong>\u00a0 \u00a0 \u00a0 \u00a0 \u00a0 \u00a0 \u00a0 \u00a0 \u00a0 \u00a0 \u00a0 \u00a0 \u00a0 \u00a0 \u00a0 \u00a0 \u00a0 100,-\u00a0 \u00a0 \u00a0 \u00a0 \u00a0 \u00a0 o<\/strong><strong>vernatting gjestehus<\/strong><\/p>\n<p>Gjestehuset har bad og dusj p\u00e5 rommet, dersom du \u00f8nsker \u00e5 bo her fremfor p\u00e5 hyttene, (en do p\u00e5 hytta og dusj i dusjbygget) koster det 50,- ekstra pr natt.<\/p>\n<p>Frist for p\u00e5melding: 16. juni &#8211; leiravgift \u00f8ker med 200,- ved p\u00e5melding etter denne datoen.<\/p>\n<p><a href=\"https:\/\/acta.profundo.no\/minside\/arrangement\/10421204\">P\u00c5MELDING HER<\/a><\/p>\n<p><em><br \/>\n<\/em>Om du ikke har meldt deg p\u00e5 leir tidligere, lag en bruker og logg inn. Ta kontakt hvis du f\u00e5r problemer.<\/p>\n<p>VIKTIG INFO!<\/p>\n<p>Gjennomf\u00f8ring av leirer i forbindelse med covid 19.<br \/>\nDagens ustabile smittesituasjon gir grunnlag for mye usikkerhet rundt hva som skjer til sommeren, og dette har vi forst\u00e5else for!<br \/>\nVi har likevel her i VeBu valgt \u00e5 legge oss p\u00e5 en forutsigbar linje, hvor vi tar sikte p\u00e5 at sommeren blir mest mulig som normal.<br \/>\nDette er enklest \u00e5 forholde seg til og dernest ogs\u00e5 enklest \u00e5 planlegge ut ifra.<br \/>\nVi vil s\u00e5 klart likevel f\u00f8lge n\u00f8ye med p\u00e5 regjeringens og kommunens lover og anbefalinger til enhver tid, og f\u00f8lgelig justere i forhold til smittevern, eller (i verste fall) avlyse arrangementer, dersom tiltakene krever det.<\/p>\n<p><strong>Dersom leirer m\u00e5 avlyses, vil s\u00e5 klart leiravgiften refunderes.<\/strong><\/p>\n<p>&nbsp;<\/p><\/div><\/div>","protected":false},"excerpt":{"rendered":"<p>MaxPuls: Er du klar for \u00e5 reise p\u00e5 leir helt alene? Da er det bare \u00e5 pakke sekken og gj\u00f8re deg klar for MaxPuls \u2013 leiren for deg som elsker v\u00e6re i aktivitet fra morgen til kveld! Her blir du med p\u00e5 lek, moro og spennende dager med blant annet bading, fotballturnering,escaperoom og skimboarding. Dette [&hellip;]<\/p>\n","protected":false},"author":81,"featured_media":972,"parent":0,"menu_order":0,"comment_status":"closed","ping_status":"closed","template":"","meta":{"_acf_changed":false,"footnotes":""},"class_list":["post-970","page","type-page","status-publish","has-post-thumbnail","hentry"],"acf":[],"yoast_head":"<!-- This site is optimized with the Yoast SEO plugin v25.9 - https:\/\/yoast.com\/wordpress\/plugins\/seo\/ -->\n<title>MaxPuls 2021 - Acta Region VeBu<\/title>\n<meta name=\"robots\" content=\"index, follow, max-snippet:-1, max-image-preview:large, max-video-preview:-1\" \/>\n<link rel=\"canonical\" href=\"https:\/\/acta.no\/vebu\/maxpuls-2021\/\" \/>\n<meta property=\"og:locale\" content=\"nb_NO\" \/>\n<meta property=\"og:type\" content=\"article\" \/>\n<meta property=\"og:title\" content=\"MaxPuls 2021 - Acta Region VeBu\" \/>\n<meta property=\"og:description\" content=\"MaxPuls: Er du klar for \u00e5 reise p\u00e5 leir helt alene? Da er det bare \u00e5 pakke sekken og gj\u00f8re deg klar for MaxPuls \u2013 leiren for deg som elsker v\u00e6re i aktivitet fra morgen til kveld! Her blir du med p\u00e5 lek, moro og spennende dager med blant annet bading, fotballturnering,escaperoom og skimboarding. Dette [&hellip;]\" \/>\n<meta property=\"og:url\" content=\"https:\/\/acta.no\/vebu\/maxpuls-2021\/\" \/>\n<meta property=\"og:site_name\" content=\"Acta Region VeBu\" \/>\n<meta property=\"article:modified_time\" content=\"2021-06-17T08:58:02+00:00\" \/>\n<meta property=\"og:image\" content=\"https:\/\/www.normisjon.no\/content\/uploads\/sites\/37\/2021\/03\/MaxPuls-nettside.png\" \/>\n\t<meta property=\"og:image:width\" content=\"1364\" \/>\n\t<meta property=\"og:image:height\" content=\"636\" \/>\n\t<meta property=\"og:image:type\" content=\"image\/png\" \/>\n<meta name=\"twitter:card\" content=\"summary_large_image\" \/>\n<script type=\"application\/ld+json\" class=\"yoast-schema-graph\">{\"@context\":\"https:\/\/schema.org\",\"@graph\":[{\"@type\":\"WebPage\",\"@id\":\"https:\/\/acta.no\/vebu\/maxpuls-2021\/\",\"url\":\"https:\/\/acta.no\/vebu\/maxpuls-2021\/\",\"name\":\"MaxPuls 2021 - Acta Region VeBu\",\"isPartOf\":{\"@id\":\"https:\/\/acta.no\/vebu\/#website\"},\"primaryImageOfPage\":{\"@id\":\"https:\/\/acta.no\/vebu\/maxpuls-2021\/#primaryimage\"},\"image\":{\"@id\":\"https:\/\/acta.no\/vebu\/maxpuls-2021\/#primaryimage\"},\"thumbnailUrl\":\"https:\/\/www.normisjon.no\/content\/uploads\/sites\/37\/2021\/03\/MaxPuls-nettside.png\",\"datePublished\":\"2021-03-25T13:41:55+00:00\",\"dateModified\":\"2021-06-17T08:58:02+00:00\",\"breadcrumb\":{\"@id\":\"https:\/\/acta.no\/vebu\/maxpuls-2021\/#breadcrumb\"},\"inLanguage\":\"nb-NO\",\"potentialAction\":[{\"@type\":\"ReadAction\",\"target\":[\"https:\/\/acta.no\/vebu\/maxpuls-2021\/\"]}]},{\"@type\":\"ImageObject\",\"inLanguage\":\"nb-NO\",\"@id\":\"https:\/\/acta.no\/vebu\/maxpuls-2021\/#primaryimage\",\"url\":\"https:\/\/www.normisjon.no\/content\/uploads\/sites\/37\/2021\/03\/MaxPuls-nettside.png\",\"contentUrl\":\"https:\/\/www.normisjon.no\/content\/uploads\/sites\/37\/2021\/03\/MaxPuls-nettside.png\",\"width\":1364,\"height\":636},{\"@type\":\"BreadcrumbList\",\"@id\":\"https:\/\/acta.no\/vebu\/maxpuls-2021\/#breadcrumb\",\"itemListElement\":[{\"@type\":\"ListItem\",\"position\":1,\"name\":\"Til acta.no\",\"item\":\"https:\/\/acta.no\/\"},{\"@type\":\"ListItem\",\"position\":2,\"name\":\"Region VeBu\",\"item\":\"https:\/\/acta.no\/vebu\/\"},{\"@type\":\"ListItem\",\"position\":3,\"name\":\"MaxPuls 2021\"}]},{\"@type\":\"WebSite\",\"@id\":\"https:\/\/acta.no\/vebu\/#website\",\"url\":\"https:\/\/acta.no\/vebu\/\",\"name\":\"Acta Region VeBu\",\"description\":\"VeBu\",\"potentialAction\":[{\"@type\":\"SearchAction\",\"target\":{\"@type\":\"EntryPoint\",\"urlTemplate\":\"https:\/\/acta.no\/vebu\/?s={search_term_string}\"},\"query-input\":{\"@type\":\"PropertyValueSpecification\",\"valueRequired\":true,\"valueName\":\"search_term_string\"}}],\"inLanguage\":\"nb-NO\"}]}<\/script>\n<!-- \/ Yoast SEO plugin. -->","yoast_head_json":{"title":"MaxPuls 2021 - Acta Region VeBu","robots":{"index":"index","follow":"follow","max-snippet":"max-snippet:-1","max-image-preview":"max-image-preview:large","max-video-preview":"max-video-preview:-1"},"canonical":"https:\/\/acta.no\/vebu\/maxpuls-2021\/","og_locale":"nb_NO","og_type":"article","og_title":"MaxPuls 2021 - Acta Region VeBu","og_description":"MaxPuls: Er du klar for \u00e5 reise p\u00e5 leir helt alene? Da er det bare \u00e5 pakke sekken og gj\u00f8re deg klar for MaxPuls \u2013 leiren for deg som elsker v\u00e6re i aktivitet fra morgen til kveld! Her blir du med p\u00e5 lek, moro og spennende dager med blant annet bading, fotballturnering,escaperoom og skimboarding. Dette [&hellip;]","og_url":"https:\/\/acta.no\/vebu\/maxpuls-2021\/","og_site_name":"Acta Region VeBu","article_modified_time":"2021-06-17T08:58:02+00:00","og_image":[{"width":1364,"height":636,"url":"https:\/\/www.normisjon.no\/content\/uploads\/sites\/37\/2021\/03\/MaxPuls-nettside.png","type":"image\/png"}],"twitter_card":"summary_large_image","schema":{"@context":"https:\/\/schema.org","@graph":[{"@type":"WebPage","@id":"https:\/\/acta.no\/vebu\/maxpuls-2021\/","url":"https:\/\/acta.no\/vebu\/maxpuls-2021\/","name":"MaxPuls 2021 - Acta Region VeBu","isPartOf":{"@id":"https:\/\/acta.no\/vebu\/#website"},"primaryImageOfPage":{"@id":"https:\/\/acta.no\/vebu\/maxpuls-2021\/#primaryimage"},"image":{"@id":"https:\/\/acta.no\/vebu\/maxpuls-2021\/#primaryimage"},"thumbnailUrl":"https:\/\/www.normisjon.no\/content\/uploads\/sites\/37\/2021\/03\/MaxPuls-nettside.png","datePublished":"2021-03-25T13:41:55+00:00","dateModified":"2021-06-17T08:58:02+00:00","breadcrumb":{"@id":"https:\/\/acta.no\/vebu\/maxpuls-2021\/#breadcrumb"},"inLanguage":"nb-NO","potentialAction":[{"@type":"ReadAction","target":["https:\/\/acta.no\/vebu\/maxpuls-2021\/"]}]},{"@type":"ImageObject","inLanguage":"nb-NO","@id":"https:\/\/acta.no\/vebu\/maxpuls-2021\/#primaryimage","url":"https:\/\/www.normisjon.no\/content\/uploads\/sites\/37\/2021\/03\/MaxPuls-nettside.png","contentUrl":"https:\/\/www.normisjon.no\/content\/uploads\/sites\/37\/2021\/03\/MaxPuls-nettside.png","width":1364,"height":636},{"@type":"BreadcrumbList","@id":"https:\/\/acta.no\/vebu\/maxpuls-2021\/#breadcrumb","itemListElement":[{"@type":"ListItem","position":1,"name":"Til acta.no","item":"https:\/\/acta.no\/"},{"@type":"ListItem","position":2,"name":"Region VeBu","item":"https:\/\/acta.no\/vebu\/"},{"@type":"ListItem","position":3,"name":"MaxPuls 2021"}]},{"@type":"WebSite","@id":"https:\/\/acta.no\/vebu\/#website","url":"https:\/\/acta.no\/vebu\/","name":"Acta Region VeBu","description":"VeBu","potentialAction":[{"@type":"SearchAction","target":{"@type":"EntryPoint","urlTemplate":"https:\/\/acta.no\/vebu\/?s={search_term_string}"},"query-input":{"@type":"PropertyValueSpecification","valueRequired":true,"valueName":"search_term_string"}}],"inLanguage":"nb-NO"}]}},"_links":{"self":[{"href":"https:\/\/acta.no\/vebu\/wp-json\/wp\/v2\/pages\/970","targetHints":{"allow":["GET"]}}],"collection":[{"href":"https:\/\/acta.no\/vebu\/wp-json\/wp\/v2\/pages"}],"about":[{"href":"https:\/\/acta.no\/vebu\/wp-json\/wp\/v2\/types\/page"}],"author":[{"embeddable":true,"href":"https:\/\/acta.no\/vebu\/wp-json\/wp\/v2\/users\/81"}],"replies":[{"embeddable":true,"href":"https:\/\/acta.no\/vebu\/wp-json\/wp\/v2\/comments?post=970"}],"version-history":[{"count":3,"href":"https:\/\/acta.no\/vebu\/wp-json\/wp\/v2\/pages\/970\/revisions"}],"predecessor-version":[{"id":1210,"href":"https:\/\/acta.no\/vebu\/wp-json\/wp\/v2\/pages\/970\/revisions\/1210"}],"wp:featuredmedia":[{"embeddable":true,"href":"https:\/\/acta.no\/vebu\/wp-json\/wp\/v2\/media\/972"}],"wp:attachment":[{"href":"https:\/\/acta.no\/vebu\/wp-json\/wp\/v2\/media?parent=970"}],"curies":[{"name":"wp","href":"https:\/\/api.w.org\/{rel}","templated":true}]}}