{"id":2802,"date":"2026-02-12T12:20:53","date_gmt":"2026-02-12T12:20:53","guid":{"rendered":"https:\/\/acta.no\/vebu\/?page_id=2802"},"modified":"2026-04-30T08:17:14","modified_gmt":"2026-04-30T08:17:14","slug":"makspuls-2026","status":"publish","type":"page","link":"https:\/\/acta.no\/vebu\/makspuls-2026\/","title":{"rendered":"MaksPuls 2026"},"content":{"rendered":"<div class=\"gutenberg-content\">\n<figure class=\"wp-block-image size-large\"><img loading=\"lazy\" decoding=\"async\" width=\"1024\" height=\"333\" src=\"https:\/\/www.normisjon.no\/content\/uploads\/sites\/37\/2026\/02\/Makspuls-oversikt-26-crop-1024x333.jpeg\" alt=\"\" class=\"wp-image-2803\" srcset=\"https:\/\/www.normisjon.no\/content\/uploads\/sites\/37\/2026\/02\/Makspuls-oversikt-26-crop-1024x333.jpeg 1024w, https:\/\/www.normisjon.no\/content\/uploads\/sites\/37\/2026\/02\/Makspuls-oversikt-26-crop-300x98.jpeg 300w, https:\/\/www.normisjon.no\/content\/uploads\/sites\/37\/2026\/02\/Makspuls-oversikt-26-crop-768x250.jpeg 768w, https:\/\/www.normisjon.no\/content\/uploads\/sites\/37\/2026\/02\/Makspuls-oversikt-26-crop-1536x500.jpeg 1536w, https:\/\/www.normisjon.no\/content\/uploads\/sites\/37\/2026\/02\/Makspuls-oversikt-26-crop-2048x667.jpeg 2048w, https:\/\/www.normisjon.no\/content\/uploads\/sites\/37\/2026\/02\/Makspuls-oversikt-26-crop-1920x625.jpeg 1920w, https:\/\/www.normisjon.no\/content\/uploads\/sites\/37\/2026\/02\/Makspuls-oversikt-26-crop-1360x443.jpeg 1360w, https:\/\/www.normisjon.no\/content\/uploads\/sites\/37\/2026\/02\/Makspuls-oversikt-26-crop-960x313.jpeg 960w\" sizes=\"auto, (max-width: 1024px) 100vw, 1024px\" \/><\/figure>\n\n\n\n<p><strong>Tid:&nbsp; &nbsp; &nbsp;24.-26. juni 2026<\/strong><\/p>\n\n\n\n<p><strong>Sted:&nbsp; &nbsp;Strand leirsted<\/strong><\/p>\n\n\n\n<p><strong>Pris:\u00a0 \u00a0 fra 1590,-<\/strong><\/p>\n\n\n\n<p><strong>Alder:&nbsp; ferdig 1. trinn \u2013 ferdig 3. trinn<\/strong><\/p>\n\n\n\n<p><em>Er du klar for \u00e5 reise p\u00e5 leir helt alene og oppleve noe helt nytt? Da er Makspuls den perfekte leiren for deg! Her f\u00e5r du muligheten til \u00e5 v\u00e6re aktiv fra morgen til kveld, og du kan glede deg til en helg fylt med spennende aktiviteter og nye utfordringer. Dette er leiren for deg som elsker \u00e5 v\u00e6re i bevegelse og har lyst til \u00e5 m\u00f8te nye mennesker. I l\u00f8pet av dagene vil det bli masse lek og moro, med aktiviteter som bading, ballspill, dans og l\u00e6rerike bibeltimer. Du vil oppleve nye vennskap, f\u00e5 minner for livet og kanskje til og med oppdage en ny favorittaktivitet! S\u00e5 hva venter du p\u00e5? Pakk sekken, gj\u00f8r deg klar for action, og bli med p\u00e5 en uforglemmelig opplevelse p\u00e5 Makspuls!<\/em><\/p>\n\n\n\n<p>Acta VeBu anbefaler alle \u00e5 melde seg inn i leirklubben, det koster kr. 100,- per \u00e5r, og da f\u00e5r du kr. fra 200,- i avslag per leir innenfor samme kalender\u00e5r. Medlemskap i leirklubben gir oss tilgang til st\u00f8ttemidler til \u00e5 drive enda mer leir!<\/p>\n\n\n\n<p><strong>Pris for meldemmer i leirklubben I 1590,-<\/strong><\/p>\n\n\n\n<p><strong>Leir inkl. leirklubbmedlemskap | 1690,-<\/strong><\/p>\n\n\n\n<p><strong>Leir uten leirklubbmedlemskap | 1790,-&nbsp;<\/strong><\/p>\n\n\n\n<p><\/p>\n\n\n\n<div class=\"wp-block-buttons is-layout-flex wp-block-buttons-is-layout-flex\">\n<div class=\"wp-block-button\"><a class=\"wp-block-button__link wp-element-button\" href=\"https:\/\/event.checkin.no\/218661\/makspuls-2026\">P\u00e5melding Her!<\/a><\/div>\n<\/div>\n\n\n\n<p><em>Etter 5. juni stiger alle priser med 200,-. Leirprisen inkluderer, mat, transport p\u00e5 leiren, aktiviteter og overnatting. Ved alle leirer er det et p\u00e5meldingsgebyr (inkl. i leirpris) p\u00e5 kr. 400, dette refunderes ikke ved avmedling. Ved avmelding 7-1 dager f\u00f8r leirstart refunderes 50% av leirprisen. Ved avmelding senere enn 24 timer blir ingenting refundert.<\/em> <\/p>\n\n\n\n<p><strong>Leir for alle!<\/strong><\/p>\n\n\n\n<p><a href=\"https:\/\/acta.no\/vebu\/leir-fond-og-leir-stotte-2026\/\" target=\"_blank\" rel=\"noreferrer noopener\">Vi har et eget leirfond, f\u00f8lg linken her for \u00e5 lese mer om hvilke muligheter dette gir<\/a>&nbsp;<\/p>\n\n\n\n<p><strong>Har du sp\u00f8rsm\u00e5l?&nbsp;<\/strong><\/p>\n\n\n\n<p>Actaleder&nbsp;Stein Joar Myrvang&nbsp;p\u00e5 tlf.: 995 00 047 eller send en mail til stein.joar.myrvang@normisjon.no. Til de p\u00e5meldte blir det&nbsp;sendt ut et informasjonsbrev p\u00e5 mail&nbsp;en uke f\u00f8r leiren&nbsp;starter.<\/p>\n<\/div>","protected":false},"excerpt":{"rendered":"<p>Tid:&nbsp; &nbsp; &nbsp;24.-26. juni 2026 Sted:&nbsp; &nbsp;Strand leirsted Pris:\u00a0 \u00a0 fra 1590,- Alder:&nbsp; ferdig 1. trinn \u2013 ferdig 3. trinn Er du klar for \u00e5 reise p\u00e5 leir helt alene og oppleve noe helt nytt? Da er Makspuls den perfekte leiren for deg! Her f\u00e5r du muligheten til \u00e5 v\u00e6re aktiv fra morgen til kveld, [&hellip;]<\/p>\n","protected":false},"author":81,"featured_media":2804,"parent":0,"menu_order":0,"comment_status":"closed","ping_status":"closed","template":"","meta":{"_acf_changed":false,"footnotes":""},"class_list":["post-2802","page","type-page","status-publish","has-post-thumbnail","hentry"],"acf":[],"yoast_head":"<!-- This site is optimized with the Yoast SEO plugin v25.9 - https:\/\/yoast.com\/wordpress\/plugins\/seo\/ -->\n<title>MaksPuls 2026 - Acta Region VeBu<\/title>\n<meta name=\"robots\" content=\"index, follow, max-snippet:-1, max-image-preview:large, max-video-preview:-1\" \/>\n<link rel=\"canonical\" href=\"https:\/\/acta.no\/vebu\/makspuls-2026\/\" \/>\n<meta property=\"og:locale\" content=\"nb_NO\" \/>\n<meta property=\"og:type\" content=\"article\" \/>\n<meta property=\"og:title\" content=\"MaksPuls 2026 - Acta Region VeBu\" \/>\n<meta property=\"og:description\" content=\"Tid:&nbsp; &nbsp; &nbsp;24.-26. juni 2026 Sted:&nbsp; &nbsp;Strand leirsted Pris:\u00a0 \u00a0 fra 1590,- Alder:&nbsp; ferdig 1. trinn \u2013 ferdig 3. trinn Er du klar for \u00e5 reise p\u00e5 leir helt alene og oppleve noe helt nytt? Da er Makspuls den perfekte leiren for deg! Her f\u00e5r du muligheten til \u00e5 v\u00e6re aktiv fra morgen til kveld, [&hellip;]\" \/>\n<meta property=\"og:url\" content=\"https:\/\/acta.no\/vebu\/makspuls-2026\/\" \/>\n<meta property=\"og:site_name\" content=\"Acta Region VeBu\" \/>\n<meta property=\"article:modified_time\" content=\"2026-04-30T08:17:14+00:00\" \/>\n<meta property=\"og:image\" content=\"https:\/\/www.normisjon.no\/content\/uploads\/sites\/37\/2026\/02\/Makspuls-gutta-26-crop-scaled.jpeg\" \/>\n\t<meta property=\"og:image:width\" content=\"2560\" \/>\n\t<meta property=\"og:image:height\" content=\"1289\" \/>\n\t<meta property=\"og:image:type\" content=\"image\/jpeg\" \/>\n<meta name=\"twitter:card\" content=\"summary_large_image\" \/>\n<meta name=\"twitter:label1\" content=\"Ansl. lesetid\" \/>\n\t<meta name=\"twitter:data1\" content=\"3 minutter\" \/>\n<script type=\"application\/ld+json\" class=\"yoast-schema-graph\">{\"@context\":\"https:\/\/schema.org\",\"@graph\":[{\"@type\":\"WebPage\",\"@id\":\"https:\/\/acta.no\/vebu\/makspuls-2026\/\",\"url\":\"https:\/\/acta.no\/vebu\/makspuls-2026\/\",\"name\":\"MaksPuls 2026 - Acta Region VeBu\",\"isPartOf\":{\"@id\":\"https:\/\/acta.no\/vebu\/#website\"},\"primaryImageOfPage\":{\"@id\":\"https:\/\/acta.no\/vebu\/makspuls-2026\/#primaryimage\"},\"image\":{\"@id\":\"https:\/\/acta.no\/vebu\/makspuls-2026\/#primaryimage\"},\"thumbnailUrl\":\"https:\/\/www.normisjon.no\/content\/uploads\/sites\/37\/2026\/02\/Makspuls-gutta-26-crop-scaled.jpeg\",\"datePublished\":\"2026-02-12T12:20:53+00:00\",\"dateModified\":\"2026-04-30T08:17:14+00:00\",\"breadcrumb\":{\"@id\":\"https:\/\/acta.no\/vebu\/makspuls-2026\/#breadcrumb\"},\"inLanguage\":\"nb-NO\",\"potentialAction\":[{\"@type\":\"ReadAction\",\"target\":[\"https:\/\/acta.no\/vebu\/makspuls-2026\/\"]}]},{\"@type\":\"ImageObject\",\"inLanguage\":\"nb-NO\",\"@id\":\"https:\/\/acta.no\/vebu\/makspuls-2026\/#primaryimage\",\"url\":\"https:\/\/www.normisjon.no\/content\/uploads\/sites\/37\/2026\/02\/Makspuls-gutta-26-crop-scaled.jpeg\",\"contentUrl\":\"https:\/\/www.normisjon.no\/content\/uploads\/sites\/37\/2026\/02\/Makspuls-gutta-26-crop-scaled.jpeg\",\"width\":2560,\"height\":1289},{\"@type\":\"BreadcrumbList\",\"@id\":\"https:\/\/acta.no\/vebu\/makspuls-2026\/#breadcrumb\",\"itemListElement\":[{\"@type\":\"ListItem\",\"position\":1,\"name\":\"Til acta.no\",\"item\":\"https:\/\/acta.no\/\"},{\"@type\":\"ListItem\",\"position\":2,\"name\":\"Region VeBu\",\"item\":\"https:\/\/acta.no\/vebu\/\"},{\"@type\":\"ListItem\",\"position\":3,\"name\":\"MaksPuls 2026\"}]},{\"@type\":\"WebSite\",\"@id\":\"https:\/\/acta.no\/vebu\/#website\",\"url\":\"https:\/\/acta.no\/vebu\/\",\"name\":\"Acta Region VeBu\",\"description\":\"VeBu\",\"potentialAction\":[{\"@type\":\"SearchAction\",\"target\":{\"@type\":\"EntryPoint\",\"urlTemplate\":\"https:\/\/acta.no\/vebu\/?s={search_term_string}\"},\"query-input\":{\"@type\":\"PropertyValueSpecification\",\"valueRequired\":true,\"valueName\":\"search_term_string\"}}],\"inLanguage\":\"nb-NO\"}]}<\/script>\n<!-- \/ Yoast SEO plugin. -->","yoast_head_json":{"title":"MaksPuls 2026 - Acta Region VeBu","robots":{"index":"index","follow":"follow","max-snippet":"max-snippet:-1","max-image-preview":"max-image-preview:large","max-video-preview":"max-video-preview:-1"},"canonical":"https:\/\/acta.no\/vebu\/makspuls-2026\/","og_locale":"nb_NO","og_type":"article","og_title":"MaksPuls 2026 - Acta Region VeBu","og_description":"Tid:&nbsp; &nbsp; &nbsp;24.-26. juni 2026 Sted:&nbsp; &nbsp;Strand leirsted Pris:\u00a0 \u00a0 fra 1590,- Alder:&nbsp; ferdig 1. trinn \u2013 ferdig 3. trinn Er du klar for \u00e5 reise p\u00e5 leir helt alene og oppleve noe helt nytt? Da er Makspuls den perfekte leiren for deg! Her f\u00e5r du muligheten til \u00e5 v\u00e6re aktiv fra morgen til kveld, [&hellip;]","og_url":"https:\/\/acta.no\/vebu\/makspuls-2026\/","og_site_name":"Acta Region VeBu","article_modified_time":"2026-04-30T08:17:14+00:00","og_image":[{"width":2560,"height":1289,"url":"https:\/\/www.normisjon.no\/content\/uploads\/sites\/37\/2026\/02\/Makspuls-gutta-26-crop-scaled.jpeg","type":"image\/jpeg"}],"twitter_card":"summary_large_image","twitter_misc":{"Ansl. lesetid":"3 minutter"},"schema":{"@context":"https:\/\/schema.org","@graph":[{"@type":"WebPage","@id":"https:\/\/acta.no\/vebu\/makspuls-2026\/","url":"https:\/\/acta.no\/vebu\/makspuls-2026\/","name":"MaksPuls 2026 - Acta Region VeBu","isPartOf":{"@id":"https:\/\/acta.no\/vebu\/#website"},"primaryImageOfPage":{"@id":"https:\/\/acta.no\/vebu\/makspuls-2026\/#primaryimage"},"image":{"@id":"https:\/\/acta.no\/vebu\/makspuls-2026\/#primaryimage"},"thumbnailUrl":"https:\/\/www.normisjon.no\/content\/uploads\/sites\/37\/2026\/02\/Makspuls-gutta-26-crop-scaled.jpeg","datePublished":"2026-02-12T12:20:53+00:00","dateModified":"2026-04-30T08:17:14+00:00","breadcrumb":{"@id":"https:\/\/acta.no\/vebu\/makspuls-2026\/#breadcrumb"},"inLanguage":"nb-NO","potentialAction":[{"@type":"ReadAction","target":["https:\/\/acta.no\/vebu\/makspuls-2026\/"]}]},{"@type":"ImageObject","inLanguage":"nb-NO","@id":"https:\/\/acta.no\/vebu\/makspuls-2026\/#primaryimage","url":"https:\/\/www.normisjon.no\/content\/uploads\/sites\/37\/2026\/02\/Makspuls-gutta-26-crop-scaled.jpeg","contentUrl":"https:\/\/www.normisjon.no\/content\/uploads\/sites\/37\/2026\/02\/Makspuls-gutta-26-crop-scaled.jpeg","width":2560,"height":1289},{"@type":"BreadcrumbList","@id":"https:\/\/acta.no\/vebu\/makspuls-2026\/#breadcrumb","itemListElement":[{"@type":"ListItem","position":1,"name":"Til acta.no","item":"https:\/\/acta.no\/"},{"@type":"ListItem","position":2,"name":"Region VeBu","item":"https:\/\/acta.no\/vebu\/"},{"@type":"ListItem","position":3,"name":"MaksPuls 2026"}]},{"@type":"WebSite","@id":"https:\/\/acta.no\/vebu\/#website","url":"https:\/\/acta.no\/vebu\/","name":"Acta Region VeBu","description":"VeBu","potentialAction":[{"@type":"SearchAction","target":{"@type":"EntryPoint","urlTemplate":"https:\/\/acta.no\/vebu\/?s={search_term_string}"},"query-input":{"@type":"PropertyValueSpecification","valueRequired":true,"valueName":"search_term_string"}}],"inLanguage":"nb-NO"}]}},"_links":{"self":[{"href":"https:\/\/acta.no\/vebu\/wp-json\/wp\/v2\/pages\/2802","targetHints":{"allow":["GET"]}}],"collection":[{"href":"https:\/\/acta.no\/vebu\/wp-json\/wp\/v2\/pages"}],"about":[{"href":"https:\/\/acta.no\/vebu\/wp-json\/wp\/v2\/types\/page"}],"author":[{"embeddable":true,"href":"https:\/\/acta.no\/vebu\/wp-json\/wp\/v2\/users\/81"}],"replies":[{"embeddable":true,"href":"https:\/\/acta.no\/vebu\/wp-json\/wp\/v2\/comments?post=2802"}],"version-history":[{"count":5,"href":"https:\/\/acta.no\/vebu\/wp-json\/wp\/v2\/pages\/2802\/revisions"}],"predecessor-version":[{"id":2922,"href":"https:\/\/acta.no\/vebu\/wp-json\/wp\/v2\/pages\/2802\/revisions\/2922"}],"wp:featuredmedia":[{"embeddable":true,"href":"https:\/\/acta.no\/vebu\/wp-json\/wp\/v2\/media\/2804"}],"wp:attachment":[{"href":"https:\/\/acta.no\/vebu\/wp-json\/wp\/v2\/media?parent=2802"}],"curies":[{"name":"wp","href":"https:\/\/api.w.org\/{rel}","templated":true}]}}