{"id":2690,"date":"2025-11-28T12:07:19","date_gmt":"2025-11-28T12:07:19","guid":{"rendered":"https:\/\/acta.no\/vebu\/?page_id=2690"},"modified":"2026-02-12T13:22:00","modified_gmt":"2026-02-12T13:22:00","slug":"paskeleir-2026","status":"publish","type":"page","link":"https:\/\/acta.no\/vebu\/paskeleir-2026\/","title":{"rendered":"P\u00e5skeleir 2026"},"content":{"rendered":"<div class=\"gutenberg-content\">\n<figure class=\"wp-block-image size-large\"><img loading=\"lazy\" decoding=\"async\" width=\"1024\" height=\"702\" src=\"https:\/\/www.normisjon.no\/content\/uploads\/sites\/37\/2025\/11\/skihopp-1024x702.jpg\" alt=\"\" class=\"wp-image-2691\" srcset=\"https:\/\/www.normisjon.no\/content\/uploads\/sites\/37\/2025\/11\/skihopp-1024x702.jpg 1024w, https:\/\/www.normisjon.no\/content\/uploads\/sites\/37\/2025\/11\/skihopp-300x206.jpg 300w, https:\/\/www.normisjon.no\/content\/uploads\/sites\/37\/2025\/11\/skihopp-768x526.jpg 768w, https:\/\/www.normisjon.no\/content\/uploads\/sites\/37\/2025\/11\/skihopp-960x658.jpg 960w, https:\/\/www.normisjon.no\/content\/uploads\/sites\/37\/2025\/11\/skihopp.jpg 1132w\" sizes=\"auto, (max-width: 1024px) 100vw, 1024px\" \/><\/figure>\n\n\n\n<p><strong>P\u00e5skeleir i Hemsedal \u2013 med Acta VeBu<\/strong><\/p>\n\n\n\n<p>Bli med p\u00e5 \u00e5rets h\u00f8ydepunkt i fjellet!<\/p>\n\n\n\n<p><strong>Hvor:<\/strong>&nbsp;Hemsedal<br><strong>N\u00e5r:<\/strong>&nbsp;P\u00e5sken 2026, tidsrommet 28. mars \u2013 31. mars<br><strong>For hvem:<\/strong>&nbsp;Ungdom fra 8. klasse til vg2<\/p>\n\n\n\n<p><strong>Pris: kr. 1.850,- (inkl. leirklubbmedlemskap)<\/strong><\/p>\n\n\n\n<p><strong>&nbsp; &nbsp; &nbsp; &nbsp; kr. 2.150,- (uten leirklubbmedlemkap)&nbsp;<\/strong><\/p>\n\n\n\n<p><strong>Heiskort kommer i tillegg.<\/strong><\/p>\n\n\n\n<p>Denne p\u00e5sken samles ungdom fra hele Vestfold og Buskerud til&nbsp;<strong>P\u00e5skeleir i Hemsedal<\/strong>&nbsp;\u2013 en uforglemmelig uke fylt med ski, fellesskap, latter og tro. Midt i vakre Hemsedal f\u00e5r du tid til b\u00e5de pudder-kj\u00f8ring og p\u00e5fyll for sjelen.<\/p>\n\n\n\n<p><strong>Dager fulle av opplevelser:<\/strong><br>Enten du st\u00e5r p\u00e5 ski, snowboard, eller bare \u00f8nsker deg en litt roligere tur i fjellet i ro og mak, er det plass til deg. Etter dager i bakken samles vi til m\u00f8ter, lovsang, undervisning og fellesskap p\u00e5 kveldene.<\/p>\n\n\n\n<p>Dersom du ikke \u00f8nsker \u00e5 st\u00e5 i skianlegget, vil det legges opp til mulighet for \u00e5 ake p\u00e5 et lokalt jorde ikke s\u00e5 langt ifra der vi bor. Dette blir en dag med b\u00e5lpanne, felles lunsj og uforglemmelige ake-konkurranser med akebrett og ratt-kjelke! I utgangspunktet skjer dette p\u00e5 den andre aktivitetsdagen. Dersom leder kapasiteten tilsier det, kan dette tilbys begge dager som alternativ til skianlegget.<\/p>\n\n\n\n<p>I denne aktiviteten s\u00f8rger vi for tilgang p\u00e5 akebrett\/kjelker.<\/p>\n\n\n\n<p><strong>Et fellesskap som varer:<\/strong><br>P\u00e5skeleir handler ikke bare om ski og sol, men om \u00e5 m\u00f8te nye venner, styrke troen og oppleve p\u00e5sken p\u00e5 en ekte og levende m\u00e5te.<\/p>\n\n\n\n<p><strong>Litt praktisk informasjon<\/strong><\/p>\n\n\n\n<p><strong>Leirprisen: <\/strong>Denne inkluderer transport b\u00e5de til\/ fra Hemsedal, m\u00e5ltider alle dager m.m. Heiskort&nbsp;er <strong>ikke<\/strong> inkludert i prisen. N\u00e5r du melder deg p\u00e5 leiren velger du selv om du vil st\u00e5 i bakken og evt. hvor mange dager. Prisene er som f\u00f8lger:<\/p>\n\n\n\n<p>Dagskort, 29. mars &#8211; under 18 \u00e5r: kr. 565,-<\/p>\n\n\n\n<p>Todagerskort, under 18 \u00e5r: kr. 1095,-<\/p>\n\n\n\n<p>Dagskort, 29 mars &#8211; over 18 \u00e5r : kr. 705,-<\/p>\n\n\n\n<p>Todagerskort, over 18 \u00e5r : kr. 1370,-<\/p>\n\n\n\n<p><strong>P\u00e5meldingfrist<\/strong> 10.mars.<\/p>\n\n\n\n<div class=\"wp-block-buttons is-layout-flex wp-block-buttons-is-layout-flex\">\n<div class=\"wp-block-button\"><a class=\"wp-block-button__link wp-element-button\" href=\"https:\/\/event.checkin.no\/213591\/acta-vebus-paskeleir-2026\" target=\"_blank\" rel=\"noreferrer noopener\">P\u00e5melding HER!<\/a><\/div>\n<\/div>\n\n\n\n<p><strong>P\u00e5meldingsgebyr<\/strong>: Dette er p\u00e5 kr. 400,- og betales ikke tilbake ved avmelding. P\u00e5meldingsgebyret er inkl. i leirprisen.<\/p>\n\n\n\n<p><strong>Leirklubbmedlemsskap<\/strong>: Denne er p\u00e5 kr.100,- pr. kalender\u00e5r, og er inkludert i leirprisen (kr. 1.850,- inkl. leirklubbmedlemsskap.) Medlemsskapet gir deg mellom kr.200-300,- i rabatt p\u00e5 Actas leirer. Det l\u00f8nner seg!<\/p>\n\n\n\n<p><strong>Overnatting:&nbsp;<\/strong>Vi bor p\u00e5 Hugnadsheim i Hemsedal, et&nbsp;samfunnshus med sovesaler, kj\u00f8kken, dusjer og et forsamlingsrom sentralt plassert i Hemsedal.<\/p>\n\n\n\n<p><strong>Har du sp\u00f8rsm\u00e5l?<\/strong><\/p>\n\n\n\n<p>Stein Joar Myrvang:<\/p>\n\n\n\n<p><a href=\"mailto:stein.jaor.myrvang@normisjon.no\">stein.jaor.myrvang@normisjon.no<\/a> \u2013 tlf: 995 00 047<\/p>\n\n\n\n<p>Til de p\u00e5meldte blir det sendt ut et informasjonsbrev p\u00e5 mail en uke f\u00f8r leiren starter.<\/p>\n\n\n\n<p>Generell info:<\/p>\n\n\n\n<p><a href=\"https:\/\/acta.no\/vebu\/hvordan-fungerer-en-leir\/\" target=\"_blank\" rel=\"noreferrer noopener\">Hvordan fungerer en leir i Acta VeBu?<\/a><\/p>\n\n\n\n<p class=\"has-text-align-left\"><em>Etter 5. mars stiger alle priser med 200,-.&nbsp;Leirprisen inkluderer, mat, aktiviteter og overnatting. Ved alle leirer er det et p\u00e5meldingsgebyr (inkl. i leirpris) p\u00e5 kr. 400, dette refunderes ikke ved avmelding. Ved avmelding 7-2<\/em><\/p>\n\n\n\n<p class=\"has-text-align-left\"><em> dager f\u00f8r leirstart refunderes 50% av leirprisen. Ved avmelding senere enn 48 timer blir ingenting refundert.<\/em><\/p>\n\n\n\n<p class=\"has-text-align-left\"><strong>Har du sp\u00f8rsm\u00e5l?&nbsp;<\/strong><\/p>\n\n\n\n<p class=\"has-text-align-left\">kontakt Actaleder Stein Joar Myrvang&nbsp;p\u00e5 tlf.: 995 00 047 eller send en mail til stein.joar.myrvang@normisjon.no.<\/p>\n\n\n\n<p class=\"has-text-align-left\">Til de p\u00e5meldte blir det sendt ut et informasjonsbrev p\u00e5 mail en uke f\u00f8r leiren starter.<\/p>\n\n\n\n<p><\/p>\n<\/div>","protected":false},"excerpt":{"rendered":"<p>P\u00e5skeleir i Hemsedal \u2013 med Acta VeBu Bli med p\u00e5 \u00e5rets h\u00f8ydepunkt i fjellet! Hvor:&nbsp;HemsedalN\u00e5r:&nbsp;P\u00e5sken 2026, tidsrommet 28. mars \u2013 31. marsFor hvem:&nbsp;Ungdom fra 8. klasse til vg2 Pris: kr. 1.850,- (inkl. leirklubbmedlemskap) &nbsp; &nbsp; &nbsp; &nbsp; kr. 2.150,- (uten leirklubbmedlemkap)&nbsp; Heiskort kommer i tillegg. Denne p\u00e5sken samles ungdom fra hele Vestfold og Buskerud til&nbsp;P\u00e5skeleir [&hellip;]<\/p>\n","protected":false},"author":81,"featured_media":2836,"parent":0,"menu_order":0,"comment_status":"closed","ping_status":"closed","template":"","meta":{"_acf_changed":false,"footnotes":""},"class_list":["post-2690","page","type-page","status-publish","has-post-thumbnail","hentry"],"acf":[],"yoast_head":"<!-- This site is optimized with the Yoast SEO plugin v25.9 - https:\/\/yoast.com\/wordpress\/plugins\/seo\/ -->\n<title>P\u00e5skeleir 2026 - Acta Region VeBu<\/title>\n<meta name=\"robots\" content=\"index, follow, max-snippet:-1, max-image-preview:large, max-video-preview:-1\" \/>\n<link rel=\"canonical\" href=\"https:\/\/acta.no\/vebu\/paskeleir-2026\/\" \/>\n<meta property=\"og:locale\" content=\"nb_NO\" \/>\n<meta property=\"og:type\" content=\"article\" \/>\n<meta property=\"og:title\" content=\"P\u00e5skeleir 2026 - Acta Region VeBu\" \/>\n<meta property=\"og:description\" content=\"P\u00e5skeleir i Hemsedal \u2013 med Acta VeBu Bli med p\u00e5 \u00e5rets h\u00f8ydepunkt i fjellet! Hvor:&nbsp;HemsedalN\u00e5r:&nbsp;P\u00e5sken 2026, tidsrommet 28. mars \u2013 31. marsFor hvem:&nbsp;Ungdom fra 8. klasse til vg2 Pris: kr. 1.850,- (inkl. leirklubbmedlemskap) &nbsp; &nbsp; &nbsp; &nbsp; kr. 2.150,- (uten leirklubbmedlemkap)&nbsp; Heiskort kommer i tillegg. Denne p\u00e5sken samles ungdom fra hele Vestfold og Buskerud til&nbsp;P\u00e5skeleir [&hellip;]\" \/>\n<meta property=\"og:url\" content=\"https:\/\/acta.no\/vebu\/paskeleir-2026\/\" \/>\n<meta property=\"og:site_name\" content=\"Acta Region VeBu\" \/>\n<meta property=\"article:modified_time\" content=\"2026-02-12T13:22:00+00:00\" \/>\n<meta property=\"og:image\" content=\"https:\/\/www.normisjon.no\/content\/uploads\/sites\/37\/2026\/02\/Paskeleir-promo.png\" \/>\n\t<meta property=\"og:image:width\" content=\"541\" \/>\n\t<meta property=\"og:image:height\" content=\"285\" \/>\n\t<meta property=\"og:image:type\" content=\"image\/png\" \/>\n<meta name=\"twitter:card\" content=\"summary_large_image\" \/>\n<meta name=\"twitter:label1\" content=\"Ansl. lesetid\" \/>\n\t<meta name=\"twitter:data1\" content=\"4 minutter\" \/>\n<script type=\"application\/ld+json\" class=\"yoast-schema-graph\">{\"@context\":\"https:\/\/schema.org\",\"@graph\":[{\"@type\":\"WebPage\",\"@id\":\"https:\/\/acta.no\/vebu\/paskeleir-2026\/\",\"url\":\"https:\/\/acta.no\/vebu\/paskeleir-2026\/\",\"name\":\"P\u00e5skeleir 2026 - Acta Region VeBu\",\"isPartOf\":{\"@id\":\"https:\/\/acta.no\/vebu\/#website\"},\"primaryImageOfPage\":{\"@id\":\"https:\/\/acta.no\/vebu\/paskeleir-2026\/#primaryimage\"},\"image\":{\"@id\":\"https:\/\/acta.no\/vebu\/paskeleir-2026\/#primaryimage\"},\"thumbnailUrl\":\"https:\/\/www.normisjon.no\/content\/uploads\/sites\/37\/2026\/02\/Paskeleir-promo.png\",\"datePublished\":\"2025-11-28T12:07:19+00:00\",\"dateModified\":\"2026-02-12T13:22:00+00:00\",\"breadcrumb\":{\"@id\":\"https:\/\/acta.no\/vebu\/paskeleir-2026\/#breadcrumb\"},\"inLanguage\":\"nb-NO\",\"potentialAction\":[{\"@type\":\"ReadAction\",\"target\":[\"https:\/\/acta.no\/vebu\/paskeleir-2026\/\"]}]},{\"@type\":\"ImageObject\",\"inLanguage\":\"nb-NO\",\"@id\":\"https:\/\/acta.no\/vebu\/paskeleir-2026\/#primaryimage\",\"url\":\"https:\/\/www.normisjon.no\/content\/uploads\/sites\/37\/2026\/02\/Paskeleir-promo.png\",\"contentUrl\":\"https:\/\/www.normisjon.no\/content\/uploads\/sites\/37\/2026\/02\/Paskeleir-promo.png\",\"width\":541,\"height\":285},{\"@type\":\"BreadcrumbList\",\"@id\":\"https:\/\/acta.no\/vebu\/paskeleir-2026\/#breadcrumb\",\"itemListElement\":[{\"@type\":\"ListItem\",\"position\":1,\"name\":\"Til acta.no\",\"item\":\"https:\/\/acta.no\/\"},{\"@type\":\"ListItem\",\"position\":2,\"name\":\"Region VeBu\",\"item\":\"https:\/\/acta.no\/vebu\/\"},{\"@type\":\"ListItem\",\"position\":3,\"name\":\"P\u00e5skeleir 2026\"}]},{\"@type\":\"WebSite\",\"@id\":\"https:\/\/acta.no\/vebu\/#website\",\"url\":\"https:\/\/acta.no\/vebu\/\",\"name\":\"Acta Region VeBu\",\"description\":\"VeBu\",\"potentialAction\":[{\"@type\":\"SearchAction\",\"target\":{\"@type\":\"EntryPoint\",\"urlTemplate\":\"https:\/\/acta.no\/vebu\/?s={search_term_string}\"},\"query-input\":{\"@type\":\"PropertyValueSpecification\",\"valueRequired\":true,\"valueName\":\"search_term_string\"}}],\"inLanguage\":\"nb-NO\"}]}<\/script>\n<!-- \/ Yoast SEO plugin. -->","yoast_head_json":{"title":"P\u00e5skeleir 2026 - Acta Region VeBu","robots":{"index":"index","follow":"follow","max-snippet":"max-snippet:-1","max-image-preview":"max-image-preview:large","max-video-preview":"max-video-preview:-1"},"canonical":"https:\/\/acta.no\/vebu\/paskeleir-2026\/","og_locale":"nb_NO","og_type":"article","og_title":"P\u00e5skeleir 2026 - Acta Region VeBu","og_description":"P\u00e5skeleir i Hemsedal \u2013 med Acta VeBu Bli med p\u00e5 \u00e5rets h\u00f8ydepunkt i fjellet! Hvor:&nbsp;HemsedalN\u00e5r:&nbsp;P\u00e5sken 2026, tidsrommet 28. mars \u2013 31. marsFor hvem:&nbsp;Ungdom fra 8. klasse til vg2 Pris: kr. 1.850,- (inkl. leirklubbmedlemskap) &nbsp; &nbsp; &nbsp; &nbsp; kr. 2.150,- (uten leirklubbmedlemkap)&nbsp; Heiskort kommer i tillegg. Denne p\u00e5sken samles ungdom fra hele Vestfold og Buskerud til&nbsp;P\u00e5skeleir [&hellip;]","og_url":"https:\/\/acta.no\/vebu\/paskeleir-2026\/","og_site_name":"Acta Region VeBu","article_modified_time":"2026-02-12T13:22:00+00:00","og_image":[{"width":541,"height":285,"url":"https:\/\/www.normisjon.no\/content\/uploads\/sites\/37\/2026\/02\/Paskeleir-promo.png","type":"image\/png"}],"twitter_card":"summary_large_image","twitter_misc":{"Ansl. lesetid":"4 minutter"},"schema":{"@context":"https:\/\/schema.org","@graph":[{"@type":"WebPage","@id":"https:\/\/acta.no\/vebu\/paskeleir-2026\/","url":"https:\/\/acta.no\/vebu\/paskeleir-2026\/","name":"P\u00e5skeleir 2026 - Acta Region VeBu","isPartOf":{"@id":"https:\/\/acta.no\/vebu\/#website"},"primaryImageOfPage":{"@id":"https:\/\/acta.no\/vebu\/paskeleir-2026\/#primaryimage"},"image":{"@id":"https:\/\/acta.no\/vebu\/paskeleir-2026\/#primaryimage"},"thumbnailUrl":"https:\/\/www.normisjon.no\/content\/uploads\/sites\/37\/2026\/02\/Paskeleir-promo.png","datePublished":"2025-11-28T12:07:19+00:00","dateModified":"2026-02-12T13:22:00+00:00","breadcrumb":{"@id":"https:\/\/acta.no\/vebu\/paskeleir-2026\/#breadcrumb"},"inLanguage":"nb-NO","potentialAction":[{"@type":"ReadAction","target":["https:\/\/acta.no\/vebu\/paskeleir-2026\/"]}]},{"@type":"ImageObject","inLanguage":"nb-NO","@id":"https:\/\/acta.no\/vebu\/paskeleir-2026\/#primaryimage","url":"https:\/\/www.normisjon.no\/content\/uploads\/sites\/37\/2026\/02\/Paskeleir-promo.png","contentUrl":"https:\/\/www.normisjon.no\/content\/uploads\/sites\/37\/2026\/02\/Paskeleir-promo.png","width":541,"height":285},{"@type":"BreadcrumbList","@id":"https:\/\/acta.no\/vebu\/paskeleir-2026\/#breadcrumb","itemListElement":[{"@type":"ListItem","position":1,"name":"Til acta.no","item":"https:\/\/acta.no\/"},{"@type":"ListItem","position":2,"name":"Region VeBu","item":"https:\/\/acta.no\/vebu\/"},{"@type":"ListItem","position":3,"name":"P\u00e5skeleir 2026"}]},{"@type":"WebSite","@id":"https:\/\/acta.no\/vebu\/#website","url":"https:\/\/acta.no\/vebu\/","name":"Acta Region VeBu","description":"VeBu","potentialAction":[{"@type":"SearchAction","target":{"@type":"EntryPoint","urlTemplate":"https:\/\/acta.no\/vebu\/?s={search_term_string}"},"query-input":{"@type":"PropertyValueSpecification","valueRequired":true,"valueName":"search_term_string"}}],"inLanguage":"nb-NO"}]}},"_links":{"self":[{"href":"https:\/\/acta.no\/vebu\/wp-json\/wp\/v2\/pages\/2690","targetHints":{"allow":["GET"]}}],"collection":[{"href":"https:\/\/acta.no\/vebu\/wp-json\/wp\/v2\/pages"}],"about":[{"href":"https:\/\/acta.no\/vebu\/wp-json\/wp\/v2\/types\/page"}],"author":[{"embeddable":true,"href":"https:\/\/acta.no\/vebu\/wp-json\/wp\/v2\/users\/81"}],"replies":[{"embeddable":true,"href":"https:\/\/acta.no\/vebu\/wp-json\/wp\/v2\/comments?post=2690"}],"version-history":[{"count":10,"href":"https:\/\/acta.no\/vebu\/wp-json\/wp\/v2\/pages\/2690\/revisions"}],"predecessor-version":[{"id":2797,"href":"https:\/\/acta.no\/vebu\/wp-json\/wp\/v2\/pages\/2690\/revisions\/2797"}],"wp:featuredmedia":[{"embeddable":true,"href":"https:\/\/acta.no\/vebu\/wp-json\/wp\/v2\/media\/2836"}],"wp:attachment":[{"href":"https:\/\/acta.no\/vebu\/wp-json\/wp\/v2\/media?parent=2690"}],"curies":[{"name":"wp","href":"https:\/\/api.w.org\/{rel}","templated":true}]}}