{"id":80,"date":"2018-10-31T14:01:09","date_gmt":"2018-10-31T14:01:09","guid":{"rendered":"http:\/\/acta.no\/trondelag\/?page_id=80"},"modified":"2023-09-07T07:22:27","modified_gmt":"2023-09-07T07:22:27","slug":"engasjer-deg","status":"publish","type":"page","link":"https:\/\/acta.no\/trondelag\/engasjer-deg\/","title":{"rendered":"Engasjer deg"},"content":{"rendered":"<div id=\"module-0\" class=\"hogan-module hogan-module-image hogan-module-0 hogan-image-size-page-width\"><div class=\"hogan-module-inner\"><figure class=\"wp-caption size-page-width\"><img loading=\"lazy\" decoding=\"async\" width=\"1920\" height=\"1473\" src=\"https:\/\/www.normisjon.no\/content\/uploads\/sites\/36\/2023\/02\/IMG_20230221_002937_998-1920x1473.jpg\" class=\"attachment-page-width size-page-width\" alt=\"\" srcset=\"https:\/\/www.normisjon.no\/content\/uploads\/sites\/36\/2023\/02\/IMG_20230221_002937_998-1920x1473.jpg 1920w, https:\/\/www.normisjon.no\/content\/uploads\/sites\/36\/2023\/02\/IMG_20230221_002937_998-300x230.jpg 300w, https:\/\/www.normisjon.no\/content\/uploads\/sites\/36\/2023\/02\/IMG_20230221_002937_998-1024x785.jpg 1024w, https:\/\/www.normisjon.no\/content\/uploads\/sites\/36\/2023\/02\/IMG_20230221_002937_998-768x589.jpg 768w, https:\/\/www.normisjon.no\/content\/uploads\/sites\/36\/2023\/02\/IMG_20230221_002937_998-1536x1178.jpg 1536w, https:\/\/www.normisjon.no\/content\/uploads\/sites\/36\/2023\/02\/IMG_20230221_002937_998-2048x1571.jpg 2048w, https:\/\/www.normisjon.no\/content\/uploads\/sites\/36\/2023\/02\/IMG_20230221_002937_998-1360x1043.jpg 1360w, https:\/\/www.normisjon.no\/content\/uploads\/sites\/36\/2023\/02\/IMG_20230221_002937_998-960x736.jpg 960w\" sizes=\"auto, (max-width: 1920px) 100vw, 1920px\" \/><\/figure><\/div><\/div><div id=\"module-1\" class=\"hogan-module hogan-module-text hogan-module-1\"><div class=\"hogan-module-inner\"><p><strong>\u00d8nsker du \u00e5 engasjere deg i Acta Tr\u00f8ndelag?\u00a0<\/strong><\/p>\n<p>Som frivillig i Acta Tr\u00f8ndelag kan du f\u00e5 v\u00e6re med p\u00e5 at barn og unge i Tr\u00f8ndelag f\u00e5r bli kjent med Jesus. V\u00e5r visjon er &laquo;grensesprengende felleskap hvor barn og unge f\u00e5r m\u00f8te, f\u00f8lge og \u00e6re Jesus Kristus&raquo;<\/p>\n<p>Som frivillig kan du f\u00e5 v\u00e6re med \u00e5 reise p\u00e5 lokallagsbes\u00f8k, v\u00e6re med som leder p\u00e5 leir og mye annet.<\/p>\n<p>Ta kontakt med<\/p>\n<p>iren.gilde@normisjon.no eller kristine.hjellen@normisjon.no<\/p><\/div><\/div>","protected":false},"excerpt":{"rendered":"<p>\u00d8nsker du \u00e5 engasjere deg i Acta Tr\u00f8ndelag?\u00a0 Som frivillig i Acta Tr\u00f8ndelag kan du f\u00e5 v\u00e6re med p\u00e5 at barn og unge i Tr\u00f8ndelag f\u00e5r bli kjent med Jesus. V\u00e5r visjon er &laquo;grensesprengende felleskap hvor barn og unge f\u00e5r m\u00f8te, f\u00f8lge og \u00e6re Jesus Kristus&raquo; Som frivillig kan du f\u00e5 v\u00e6re med \u00e5 reise [&hellip;]<\/p>\n","protected":false},"author":54,"featured_media":126,"parent":0,"menu_order":0,"comment_status":"closed","ping_status":"closed","template":"","meta":{"_acf_changed":false,"footnotes":""},"class_list":["post-80","page","type-page","status-publish","has-post-thumbnail","hentry"],"acf":[],"yoast_head":"<!-- This site is optimized with the Yoast SEO plugin v25.9 - https:\/\/yoast.com\/wordpress\/plugins\/seo\/ -->\n<title>Engasjer deg - Acta Region Tr\u00f8ndelag<\/title>\n<meta name=\"robots\" content=\"index, follow, max-snippet:-1, max-image-preview:large, max-video-preview:-1\" \/>\n<link rel=\"canonical\" href=\"https:\/\/acta.no\/trondelag\/engasjer-deg\/\" \/>\n<meta property=\"og:locale\" content=\"nb_NO\" \/>\n<meta property=\"og:type\" content=\"article\" \/>\n<meta property=\"og:title\" content=\"Engasjer deg - Acta Region Tr\u00f8ndelag\" \/>\n<meta property=\"og:description\" content=\"\u00d8nsker du \u00e5 engasjere deg i Acta Tr\u00f8ndelag?\u00a0 Som frivillig i Acta Tr\u00f8ndelag kan du f\u00e5 v\u00e6re med p\u00e5 at barn og unge i Tr\u00f8ndelag f\u00e5r bli kjent med Jesus. V\u00e5r visjon er &laquo;grensesprengende felleskap hvor barn og unge f\u00e5r m\u00f8te, f\u00f8lge og \u00e6re Jesus Kristus&raquo; Som frivillig kan du f\u00e5 v\u00e6re med \u00e5 reise [&hellip;]\" \/>\n<meta property=\"og:url\" content=\"https:\/\/acta.no\/trondelag\/engasjer-deg\/\" \/>\n<meta property=\"og:site_name\" content=\"Acta Region Tr\u00f8ndelag\" \/>\n<meta property=\"article:modified_time\" content=\"2023-09-07T07:22:27+00:00\" \/>\n<meta property=\"og:image\" content=\"https:\/\/www.normisjon.no\/content\/uploads\/sites\/36\/2018\/11\/DSC1003-1024x678.jpg\" \/>\n\t<meta property=\"og:image:width\" content=\"1024\" \/>\n\t<meta property=\"og:image:height\" content=\"678\" \/>\n\t<meta property=\"og:image:type\" content=\"image\/jpeg\" \/>\n<meta name=\"twitter:card\" content=\"summary_large_image\" \/>\n<script type=\"application\/ld+json\" class=\"yoast-schema-graph\">{\"@context\":\"https:\/\/schema.org\",\"@graph\":[{\"@type\":\"WebPage\",\"@id\":\"https:\/\/acta.no\/trondelag\/engasjer-deg\/\",\"url\":\"https:\/\/acta.no\/trondelag\/engasjer-deg\/\",\"name\":\"Engasjer deg - Acta Region Tr\u00f8ndelag\",\"isPartOf\":{\"@id\":\"https:\/\/acta.no\/trondelag\/#website\"},\"primaryImageOfPage\":{\"@id\":\"https:\/\/acta.no\/trondelag\/engasjer-deg\/#primaryimage\"},\"image\":{\"@id\":\"https:\/\/acta.no\/trondelag\/engasjer-deg\/#primaryimage\"},\"thumbnailUrl\":\"https:\/\/www.normisjon.no\/content\/uploads\/sites\/36\/2018\/11\/DSC1003.jpg\",\"datePublished\":\"2018-10-31T14:01:09+00:00\",\"dateModified\":\"2023-09-07T07:22:27+00:00\",\"breadcrumb\":{\"@id\":\"https:\/\/acta.no\/trondelag\/engasjer-deg\/#breadcrumb\"},\"inLanguage\":\"nb-NO\",\"potentialAction\":[{\"@type\":\"ReadAction\",\"target\":[\"https:\/\/acta.no\/trondelag\/engasjer-deg\/\"]}]},{\"@type\":\"ImageObject\",\"inLanguage\":\"nb-NO\",\"@id\":\"https:\/\/acta.no\/trondelag\/engasjer-deg\/#primaryimage\",\"url\":\"https:\/\/www.normisjon.no\/content\/uploads\/sites\/36\/2018\/11\/DSC1003.jpg\",\"contentUrl\":\"https:\/\/www.normisjon.no\/content\/uploads\/sites\/36\/2018\/11\/DSC1003.jpg\",\"width\":4928,\"height\":3264},{\"@type\":\"BreadcrumbList\",\"@id\":\"https:\/\/acta.no\/trondelag\/engasjer-deg\/#breadcrumb\",\"itemListElement\":[{\"@type\":\"ListItem\",\"position\":1,\"name\":\"Til acta.no\",\"item\":\"https:\/\/acta.no\/\"},{\"@type\":\"ListItem\",\"position\":2,\"name\":\"Region Tr\u00f8ndelag\",\"item\":\"https:\/\/acta.no\/trondelag\/\"},{\"@type\":\"ListItem\",\"position\":3,\"name\":\"Engasjer deg\"}]},{\"@type\":\"WebSite\",\"@id\":\"https:\/\/acta.no\/trondelag\/#website\",\"url\":\"https:\/\/acta.no\/trondelag\/\",\"name\":\"Acta Region Tr\u00f8ndelag\",\"description\":\"Tr\u00f8ndelag\",\"potentialAction\":[{\"@type\":\"SearchAction\",\"target\":{\"@type\":\"EntryPoint\",\"urlTemplate\":\"https:\/\/acta.no\/trondelag\/?s={search_term_string}\"},\"query-input\":{\"@type\":\"PropertyValueSpecification\",\"valueRequired\":true,\"valueName\":\"search_term_string\"}}],\"inLanguage\":\"nb-NO\"}]}<\/script>\n<!-- \/ Yoast SEO plugin. -->","yoast_head_json":{"title":"Engasjer deg - Acta Region Tr\u00f8ndelag","robots":{"index":"index","follow":"follow","max-snippet":"max-snippet:-1","max-image-preview":"max-image-preview:large","max-video-preview":"max-video-preview:-1"},"canonical":"https:\/\/acta.no\/trondelag\/engasjer-deg\/","og_locale":"nb_NO","og_type":"article","og_title":"Engasjer deg - Acta Region Tr\u00f8ndelag","og_description":"\u00d8nsker du \u00e5 engasjere deg i Acta Tr\u00f8ndelag?\u00a0 Som frivillig i Acta Tr\u00f8ndelag kan du f\u00e5 v\u00e6re med p\u00e5 at barn og unge i Tr\u00f8ndelag f\u00e5r bli kjent med Jesus. V\u00e5r visjon er &laquo;grensesprengende felleskap hvor barn og unge f\u00e5r m\u00f8te, f\u00f8lge og \u00e6re Jesus Kristus&raquo; Som frivillig kan du f\u00e5 v\u00e6re med \u00e5 reise [&hellip;]","og_url":"https:\/\/acta.no\/trondelag\/engasjer-deg\/","og_site_name":"Acta Region Tr\u00f8ndelag","article_modified_time":"2023-09-07T07:22:27+00:00","og_image":[{"width":1024,"height":678,"url":"https:\/\/www.normisjon.no\/content\/uploads\/sites\/36\/2018\/11\/DSC1003-1024x678.jpg","type":"image\/jpeg"}],"twitter_card":"summary_large_image","schema":{"@context":"https:\/\/schema.org","@graph":[{"@type":"WebPage","@id":"https:\/\/acta.no\/trondelag\/engasjer-deg\/","url":"https:\/\/acta.no\/trondelag\/engasjer-deg\/","name":"Engasjer deg - Acta Region Tr\u00f8ndelag","isPartOf":{"@id":"https:\/\/acta.no\/trondelag\/#website"},"primaryImageOfPage":{"@id":"https:\/\/acta.no\/trondelag\/engasjer-deg\/#primaryimage"},"image":{"@id":"https:\/\/acta.no\/trondelag\/engasjer-deg\/#primaryimage"},"thumbnailUrl":"https:\/\/www.normisjon.no\/content\/uploads\/sites\/36\/2018\/11\/DSC1003.jpg","datePublished":"2018-10-31T14:01:09+00:00","dateModified":"2023-09-07T07:22:27+00:00","breadcrumb":{"@id":"https:\/\/acta.no\/trondelag\/engasjer-deg\/#breadcrumb"},"inLanguage":"nb-NO","potentialAction":[{"@type":"ReadAction","target":["https:\/\/acta.no\/trondelag\/engasjer-deg\/"]}]},{"@type":"ImageObject","inLanguage":"nb-NO","@id":"https:\/\/acta.no\/trondelag\/engasjer-deg\/#primaryimage","url":"https:\/\/www.normisjon.no\/content\/uploads\/sites\/36\/2018\/11\/DSC1003.jpg","contentUrl":"https:\/\/www.normisjon.no\/content\/uploads\/sites\/36\/2018\/11\/DSC1003.jpg","width":4928,"height":3264},{"@type":"BreadcrumbList","@id":"https:\/\/acta.no\/trondelag\/engasjer-deg\/#breadcrumb","itemListElement":[{"@type":"ListItem","position":1,"name":"Til acta.no","item":"https:\/\/acta.no\/"},{"@type":"ListItem","position":2,"name":"Region Tr\u00f8ndelag","item":"https:\/\/acta.no\/trondelag\/"},{"@type":"ListItem","position":3,"name":"Engasjer deg"}]},{"@type":"WebSite","@id":"https:\/\/acta.no\/trondelag\/#website","url":"https:\/\/acta.no\/trondelag\/","name":"Acta Region Tr\u00f8ndelag","description":"Tr\u00f8ndelag","potentialAction":[{"@type":"SearchAction","target":{"@type":"EntryPoint","urlTemplate":"https:\/\/acta.no\/trondelag\/?s={search_term_string}"},"query-input":{"@type":"PropertyValueSpecification","valueRequired":true,"valueName":"search_term_string"}}],"inLanguage":"nb-NO"}]}},"_links":{"self":[{"href":"https:\/\/acta.no\/trondelag\/wp-json\/wp\/v2\/pages\/80","targetHints":{"allow":["GET"]}}],"collection":[{"href":"https:\/\/acta.no\/trondelag\/wp-json\/wp\/v2\/pages"}],"about":[{"href":"https:\/\/acta.no\/trondelag\/wp-json\/wp\/v2\/types\/page"}],"author":[{"embeddable":true,"href":"https:\/\/acta.no\/trondelag\/wp-json\/wp\/v2\/users\/54"}],"replies":[{"embeddable":true,"href":"https:\/\/acta.no\/trondelag\/wp-json\/wp\/v2\/comments?post=80"}],"version-history":[{"count":3,"href":"https:\/\/acta.no\/trondelag\/wp-json\/wp\/v2\/pages\/80\/revisions"}],"predecessor-version":[{"id":1004,"href":"https:\/\/acta.no\/trondelag\/wp-json\/wp\/v2\/pages\/80\/revisions\/1004"}],"wp:featuredmedia":[{"embeddable":true,"href":"https:\/\/acta.no\/trondelag\/wp-json\/wp\/v2\/media\/126"}],"wp:attachment":[{"href":"https:\/\/acta.no\/trondelag\/wp-json\/wp\/v2\/media?parent=80"}],"curies":[{"name":"wp","href":"https:\/\/api.w.org\/{rel}","templated":true}]}}

<div id="module-0" class="hogan-module hogan-module-image hogan-module-0 hogan-image-size-page-width"><div class="hogan-module-inner"><figure class="wp-caption size-page-width"><img loading="lazy" decoding="async" width="1920" height="1473" src="https://www.normisjon.no/content/uploads/sites/36/2023/02/IMG_20230221_002937_998-1920x1473.jpg" class="attachment-page-width size-page-width" alt="" srcset="https://www.normisjon.no/content/uploads/sites/36/2023/02/IMG_20230221_002937_998-1920x1473.jpg 1920w, https://www.normisjon.no/content/uploads/sites/36/2023/02/IMG_20230221_002937_998-300x230.jpg 300w, https://www.normisjon.no/content/uploads/sites/36/2023/02/IMG_20230221_002937_998-1024x785.jpg 1024w, https://www.normisjon.no/content/uploads/sites/36/2023/02/IMG_20230221_002937_998-768x589.jpg 768w, https://www.normisjon.no/content/uploads/sites/36/2023/02/IMG_20230221_002937_998-1536x1178.jpg 1536w, https://www.normisjon.no/content/uploads/sites/36/2023/02/IMG_20230221_002937_998-2048x1571.jpg 2048w, https://www.normisjon.no/content/uploads/sites/36/2023/02/IMG_20230221_002937_998-1360x1043.jpg 1360w, https://www.normisjon.no/content/uploads/sites/36/2023/02/IMG_20230221_002937_998-960x736.jpg 960w" sizes="auto, (max-width: 1920px) 100vw, 1920px" /></figure></div></div><div id="module-1" class="hogan-module hogan-module-text hogan-module-1"><div class="hogan-module-inner"><p><strong>Ønsker du å engasjere deg i Acta Trøndelag? </strong></p>
<p>Som frivillig i Acta Trøndelag kan du få være med på at barn og unge i Trøndelag får bli kjent med Jesus. Vår visjon er &laquo;grensesprengende felleskap hvor barn og unge får møte, følge og ære Jesus Kristus&raquo;</p>
<p>Som frivillig kan du få være med å reise på lokallagsbesøk, være med som leder på leir og mye annet.</p>
<p>Ta kontakt med</p>
<p>iren.gilde@normisjon.no eller kristine.hjellen@normisjon.no</p></div></div>

<p>Ønsker du å engasjere deg i Acta Trøndelag?  Som frivillig i Acta Trøndelag kan du få være med på at barn og unge i Trøndelag får bli kjent med Jesus. Vår visjon er &laquo;grensesprengende felleskap hvor barn og unge får møte, følge og ære Jesus Kristus&raquo; Som frivillig kan du få være med å reise [&hellip;]</p>

<!-- This site is optimized with the Yoast SEO plugin v25.9 - https://yoast.com/wordpress/plugins/seo/ -->
<title>Engasjer deg - Acta Region Trøndelag</title>
<meta name="robots" content="index, follow, max-snippet:-1, max-image-preview:large, max-video-preview:-1" />
<link rel="canonical" href="https://acta.no/trondelag/engasjer-deg/" />
<meta property="og:locale" content="nb_NO" />
<meta property="og:type" content="article" />
<meta property="og:title" content="Engasjer deg - Acta Region Trøndelag" />
<meta property="og:description" content="Ønsker du å engasjere deg i Acta Trøndelag?  Som frivillig i Acta Trøndelag kan du få være med på at barn og unge i Trøndelag får bli kjent med Jesus. Vår visjon er &laquo;grensesprengende felleskap hvor barn og unge får møte, følge og ære Jesus Kristus&raquo; Som frivillig kan du få være med å reise [&hellip;]" />
<meta property="og:url" content="https://acta.no/trondelag/engasjer-deg/" />
<meta property="og:site_name" content="Acta Region Trøndelag" />
<meta property="article:modified_time" content="2023-09-07T07:22:27+00:00" />
<meta property="og:image" content="https://www.normisjon.no/content/uploads/sites/36/2018/11/DSC1003-1024x678.jpg" />
	<meta property="og:image:width" content="1024" />
	<meta property="og:image:height" content="678" />
	<meta property="og:image:type" content="image/jpeg" />
<meta name="twitter:card" content="summary_large_image" />
<script type="application/ld+json" class="yoast-schema-graph">{"@context":"https://schema.org","@graph":[{"@type":"WebPage","@id":"https://acta.no/trondelag/engasjer-deg/","url":"https://acta.no/trondelag/engasjer-deg/","name":"Engasjer deg - Acta Region Trøndelag","isPartOf":{"@id":"https://acta.no/trondelag/#website"},"primaryImageOfPage":{"@id":"https://acta.no/trondelag/engasjer-deg/#primaryimage"},"image":{"@id":"https://acta.no/trondelag/engasjer-deg/#primaryimage"},"thumbnailUrl":"https://www.normisjon.no/content/uploads/sites/36/2018/11/DSC1003.jpg","datePublished":"2018-10-31T14:01:09+00:00","dateModified":"2023-09-07T07:22:27+00:00","breadcrumb":{"@id":"https://acta.no/trondelag/engasjer-deg/#breadcrumb"},"inLanguage":"nb-NO","potentialAction":[{"@type":"ReadAction","target":["https://acta.no/trondelag/engasjer-deg/"]}]},{"@type":"ImageObject","inLanguage":"nb-NO","@id":"https://acta.no/trondelag/engasjer-deg/#primaryimage","url":"https://www.normisjon.no/content/uploads/sites/36/2018/11/DSC1003.jpg","contentUrl":"https://www.normisjon.no/content/uploads/sites/36/2018/11/DSC1003.jpg","width":4928,"height":3264},{"@type":"BreadcrumbList","@id":"https://acta.no/trondelag/engasjer-deg/#breadcrumb","itemListElement":[{"@type":"ListItem","position":1,"name":"Til acta.no","item":"https://acta.no/"},{"@type":"ListItem","position":2,"name":"Region Trøndelag","item":"https://acta.no/trondelag/"},{"@type":"ListItem","position":3,"name":"Engasjer deg"}]},{"@type":"WebSite","@id":"https://acta.no/trondelag/#website","url":"https://acta.no/trondelag/","name":"Acta Region Trøndelag","description":"Trøndelag","potentialAction":[{"@type":"SearchAction","target":{"@type":"EntryPoint","urlTemplate":"https://acta.no/trondelag/?s={search_term_string}"},"query-input":{"@type":"PropertyValueSpecification","valueRequired":true,"valueName":"search_term_string"}}],"inLanguage":"nb-NO"}]}</script>
<!-- / Yoast SEO plugin. -->

Engasjer deg - Acta Region Trøndelag

Ønsker du å engasjere deg i Acta Trøndelag?  Som frivillig i Acta Trøndelag kan du få være med på at barn og unge i Trøndelag får bli kjent med Jesus. Vår visjon er &laquo;grensesprengende felleskap hvor barn og unge får møte, følge og ære Jesus Kristus&raquo; Som frivillig kan du få være med å reise [&hellip;]

Acta Region Trøndelag

Region Trøndelag

Trøndelag
