{"id":700,"date":"2022-11-02T12:50:40","date_gmt":"2022-11-02T12:50:40","guid":{"rendered":"https:\/\/acta.no\/trondelag\/?page_id=700"},"modified":"2026-03-04T12:04:10","modified_gmt":"2026-03-04T12:04:10","slug":"paskefestivalen-2023","status":"publish","type":"page","link":"https:\/\/acta.no\/trondelag\/leirer-og-arrangement\/paskefestivalen-2023\/","title":{"rendered":"P\u00e5skefestival 28.mars &#8211; 1.april"},"content":{"rendered":"<div id=\"module-0\" class=\"hogan-module hogan-module-image hogan-module-0 hogan-image-size-large\"><div class=\"hogan-module-inner\"><figure class=\"wp-caption size-large\"><img loading=\"lazy\" decoding=\"async\" width=\"873\" height=\"689\" src=\"https:\/\/www.normisjon.no\/content\/uploads\/sites\/36\/2023\/02\/331762250_1589053861539560_2342313650952025449_n-e1677619123876-1024x808.jpg\" class=\"attachment-large size-large\" alt=\"\" srcset=\"https:\/\/www.normisjon.no\/content\/uploads\/sites\/36\/2023\/02\/331762250_1589053861539560_2342313650952025449_n-e1677619123876-1024x808.jpg 1024w, https:\/\/www.normisjon.no\/content\/uploads\/sites\/36\/2023\/02\/331762250_1589053861539560_2342313650952025449_n-e1677619123876-300x237.jpg 300w, https:\/\/www.normisjon.no\/content\/uploads\/sites\/36\/2023\/02\/331762250_1589053861539560_2342313650952025449_n-e1677619123876-768x606.jpg 768w, https:\/\/www.normisjon.no\/content\/uploads\/sites\/36\/2023\/02\/331762250_1589053861539560_2342313650952025449_n-e1677619123876-1360x1073.jpg 1360w, https:\/\/www.normisjon.no\/content\/uploads\/sites\/36\/2023\/02\/331762250_1589053861539560_2342313650952025449_n-e1677619123876-960x757.jpg 960w, https:\/\/www.normisjon.no\/content\/uploads\/sites\/36\/2023\/02\/331762250_1589053861539560_2342313650952025449_n-e1677619123876.jpg 1526w\" sizes=\"auto, (max-width: 873px) 100vw, 873px\" \/><\/figure><\/div><\/div><div id=\"module-1\" class=\"hogan-module hogan-module-text hogan-module-1\"><div class=\"hogan-module-inner\"><h3><strong data-rich-text-format-boundary=\"true\">Er du klar for P\u00e5skefestivalen 2026? <\/strong><strong data-rich-text-format-boundary=\"true\">Det er vi!! Og vi gleder oss masse til \u00e5 bli \u00e5 treffe dere. P\u00e5 festivalen blir det godt fellesskap, god undervisning, masse konkurranser og leik, slal\u00e5m, bowling, basseng, lovsang og Jesus!<\/strong><\/h3>\n<p><strong data-rich-text-format-boundary=\"true\">Dato:<\/strong>28.-1.april<br \/>\n<strong>Sted:<\/strong> IMI St\u00f8len, Oppdal<br \/>\n<strong>For:<\/strong> 8. trinn \u2013 3 vgs.<br \/>\n<strong>Pris: <\/strong><\/p>\n<p>2200,- for nye medlemmer i leirklubben (f\u00e5r et Vippskrav p\u00e5 100,- i medlemsavgift etterp\u00e5, s\u00e5 dere sparer fra f\u00f8rste leir.)<\/p>\n<p>2300,- for de som allerede er medlem i Leirklubben (m\u00e5 v\u00e6re meldt inn tidligere i 2026. Det er bare de som har v\u00e6rt p\u00e5 GKM leir, som er medlem\u00a0 fra f\u00f8r)<\/p>\n<p>2400,- uten medlemskap<\/p>\n<p><b>P\u00e5melding: <a href=\"https:\/\/event.checkin.no\/187143\/paaskefestival-2026\">HER!<\/a> \u00c5pner s\u00f8ndag 31. januar kl. 16.00<\/b><\/p>\n<p><strong>NB:\u00a0<\/strong>Heiskort kommer i tillegg, s\u00e5 det m\u00e5 kj\u00f8pes selv p\u00e5 Oppdal skisenter eller p\u00e5 nett.\u00a0\u00a0<br data-rich-text-line-break=\"true\" \/><br data-rich-text-line-break=\"true\" \/>P\u00e5 festivalen f\u00e5r du blir muligheten til tre hele dager i bakken. Alternativt opplegg: Bowling, langrenn, topptur (?), basseng og brettspill\/p\u00e5skefilm.<\/p>\n<p>Ellers blir det godt fellesskap, Celebration m\/ lovsang, tale og Tribes, underholdnings-kveld, konkurranser og lek.\u00a0<br data-rich-text-line-break=\"true\" \/><br data-rich-text-line-break=\"true\" \/><strong>REISE:<\/strong><br data-rich-text-line-break=\"true\" \/>For \u00e5 komme til Oppdal m\u00e5 man enten ta tog, buss eller kj\u00f8re.<br data-rich-text-line-break=\"true\" \/><br data-rich-text-line-break=\"true\" \/>Vi \u00f8nsker \u00e5 legge til rette for at du kommer deg trygt til og fra leirstedet. Derfor setter vi opp taxi til IMI St\u00f8len fra Oppdal togstasjon 28.mars\u00a0 og til Oppdal togstasjon fra IMI St\u00f8len n\u00e5r leiren er ferdig 1. april. Det koster 60,- ekstra hver vei og vi m\u00e5 f\u00e5 beskjed om du skal hentes og bringes.<br data-rich-text-line-break=\"true\" \/><br data-rich-text-line-break=\"true\" \/><strong>PRISER P\u00c5 AKTIVITETER:<\/strong><br data-rich-text-line-break=\"true\" \/>Bakken: Heiskort kj\u00f8per man selv etter hvor mange dager man vil st\u00e5 i bakken (1-3 dager). For \u00e5 kj\u00f8pe heiskort, m\u00e5 man ha et Key Card. Dette kan leies p\u00e5 Oppdal, eller bringes om man har det selv. Det vil ogs\u00e5 v\u00e6re rimeligere \u00e5 bestille heiskort over internett her.<\/p>\n<p>Andre aktiviteter som kan koste ekstra (etter \u00f8nske): Basseng\/bowling.<\/p>\n<p><b>P\u00e5melding \u00e5pner <a href=\"https:\/\/event.checkin.no\/101818\/paskefeshttps:\/\/event.checkin.no\/187143\/paaskefestival-2026tival-2025\">HER<\/a> onsdag 21.01. kl. 16.00<\/b><\/p>\n<p><strong>Info om Acta sin leir klubb:\u00a0<\/strong><\/p>\n<p>Som medlem i leir klubben f\u00e5r du 100,- rabatt p\u00e5 alle leirene til Acta Tr\u00f8ndelag. Medlemskapet gjelder for kalender\u00e5ret.<\/p>\n<p>Prisen for \u00e5 bli medlem er 100,- og dette faktureres i ettertid for \u00e5 gj\u00f8re det enklere med regnskap og holde orden.<\/p>\n<p>Som medlem i leir klubben er du ogs\u00e5 med \u00e5 st\u00f8tte Acta Tr\u00f8ndelag \u00f8konomisk. vi f\u00e5r st\u00f8tte fra Frifond basert p\u00e5 antall medlemmer, s\u00e5 jo flere medlemmer vi har jo mer st\u00f8tte f\u00e5r vi. St\u00f8tten bruker vi p\u00e5 \u00e5 styrke arbeidet v\u00e5rt i Tr\u00f8ndelag.<\/p>\n<p>Er du ikke medlem kan du velge \u00e5 bli medlem n\u00e5r du melder deg p\u00e5.<\/p>\n<p><strong>Kontakt oss for sp\u00f8rsm\u00e5l!<\/strong><\/p>\n<p>Hovedleder: Iren L. Gilde,\u00a0 iren.gilde@normisjon.no<\/p><\/div><\/div>","protected":false},"excerpt":{"rendered":"<p>Er du klar for P\u00e5skefestivalen 2026? Det er vi!! Og vi gleder oss masse til \u00e5 bli \u00e5 treffe dere. P\u00e5 festivalen blir det godt fellesskap, god undervisning, masse konkurranser og leik, slal\u00e5m, bowling, basseng, lovsang og Jesus! Dato:28.-1.april Sted: IMI St\u00f8len, Oppdal For: 8. trinn \u2013 3 vgs. Pris: 2200,- for nye medlemmer i [&hellip;]<\/p>\n","protected":false},"author":110,"featured_media":866,"parent":33,"menu_order":0,"comment_status":"closed","ping_status":"closed","template":"","meta":{"_acf_changed":false,"footnotes":""},"class_list":["post-700","page","type-page","status-publish","has-post-thumbnail","hentry"],"acf":[],"yoast_head":"<!-- This site is optimized with the Yoast SEO plugin v25.9 - https:\/\/yoast.com\/wordpress\/plugins\/seo\/ -->\n<title>P\u00e5skefestival 28.mars - 1.april - Acta Region Tr\u00f8ndelag %<\/title>\n<meta name=\"robots\" content=\"index, follow, max-snippet:-1, max-image-preview:large, max-video-preview:-1\" \/>\n<link rel=\"canonical\" href=\"https:\/\/acta.no\/trondelag\/leirer-og-arrangement\/paskefestivalen-2023\/\" \/>\n<meta property=\"og:locale\" content=\"nb_NO\" \/>\n<meta property=\"og:type\" content=\"article\" \/>\n<meta property=\"og:title\" content=\"P\u00e5skefestival 28.mars - 1.april - Acta Region Tr\u00f8ndelag %\" \/>\n<meta property=\"og:description\" content=\"Er du klar for P\u00e5skefestivalen 2026? Det er vi!! Og vi gleder oss masse til \u00e5 bli \u00e5 treffe dere. P\u00e5 festivalen blir det godt fellesskap, god undervisning, masse konkurranser og leik, slal\u00e5m, bowling, basseng, lovsang og Jesus! Dato:28.-1.april Sted: IMI St\u00f8len, Oppdal For: 8. trinn \u2013 3 vgs. Pris: 2200,- for nye medlemmer i [&hellip;]\" \/>\n<meta property=\"og:url\" content=\"https:\/\/acta.no\/trondelag\/leirer-og-arrangement\/paskefestivalen-2023\/\" \/>\n<meta property=\"og:site_name\" content=\"Acta Region Tr\u00f8ndelag\" \/>\n<meta property=\"article:modified_time\" content=\"2026-03-04T12:04:10+00:00\" \/>\n<meta property=\"og:image\" content=\"https:\/\/www.normisjon.no\/content\/uploads\/sites\/36\/2023\/02\/331762250_1589053861539560_2342313650952025449_n-e1677619123876.jpg\" \/>\n\t<meta property=\"og:image:width\" content=\"1526\" \/>\n\t<meta property=\"og:image:height\" content=\"1204\" \/>\n\t<meta property=\"og:image:type\" content=\"image\/jpeg\" \/>\n<meta name=\"twitter:card\" content=\"summary_large_image\" \/>\n<meta name=\"twitter:label1\" content=\"Ansl. lesetid\" \/>\n\t<meta name=\"twitter:data1\" content=\"1 minutt\" \/>\n<script type=\"application\/ld+json\" class=\"yoast-schema-graph\">{\"@context\":\"https:\/\/schema.org\",\"@graph\":[{\"@type\":\"WebPage\",\"@id\":\"https:\/\/acta.no\/trondelag\/leirer-og-arrangement\/paskefestivalen-2023\/\",\"url\":\"https:\/\/acta.no\/trondelag\/leirer-og-arrangement\/paskefestivalen-2023\/\",\"name\":\"P\u00e5skefestival 28.mars - 1.april - Acta Region Tr\u00f8ndelag %\",\"isPartOf\":{\"@id\":\"https:\/\/acta.no\/trondelag\/#website\"},\"primaryImageOfPage\":{\"@id\":\"https:\/\/acta.no\/trondelag\/leirer-og-arrangement\/paskefestivalen-2023\/#primaryimage\"},\"image\":{\"@id\":\"https:\/\/acta.no\/trondelag\/leirer-og-arrangement\/paskefestivalen-2023\/#primaryimage\"},\"thumbnailUrl\":\"https:\/\/www.normisjon.no\/content\/uploads\/sites\/36\/2023\/02\/331762250_1589053861539560_2342313650952025449_n-e1677619123876.jpg\",\"datePublished\":\"2022-11-02T12:50:40+00:00\",\"dateModified\":\"2026-03-04T12:04:10+00:00\",\"breadcrumb\":{\"@id\":\"https:\/\/acta.no\/trondelag\/leirer-og-arrangement\/paskefestivalen-2023\/#breadcrumb\"},\"inLanguage\":\"nb-NO\",\"potentialAction\":[{\"@type\":\"ReadAction\",\"target\":[\"https:\/\/acta.no\/trondelag\/leirer-og-arrangement\/paskefestivalen-2023\/\"]}]},{\"@type\":\"ImageObject\",\"inLanguage\":\"nb-NO\",\"@id\":\"https:\/\/acta.no\/trondelag\/leirer-og-arrangement\/paskefestivalen-2023\/#primaryimage\",\"url\":\"https:\/\/www.normisjon.no\/content\/uploads\/sites\/36\/2023\/02\/331762250_1589053861539560_2342313650952025449_n-e1677619123876.jpg\",\"contentUrl\":\"https:\/\/www.normisjon.no\/content\/uploads\/sites\/36\/2023\/02\/331762250_1589053861539560_2342313650952025449_n-e1677619123876.jpg\",\"width\":1526,\"height\":1204},{\"@type\":\"BreadcrumbList\",\"@id\":\"https:\/\/acta.no\/trondelag\/leirer-og-arrangement\/paskefestivalen-2023\/#breadcrumb\",\"itemListElement\":[{\"@type\":\"ListItem\",\"position\":1,\"name\":\"Til acta.no\",\"item\":\"https:\/\/acta.no\/\"},{\"@type\":\"ListItem\",\"position\":2,\"name\":\"Region Tr\u00f8ndelag\",\"item\":\"https:\/\/acta.no\/trondelag\/\"},{\"@type\":\"ListItem\",\"position\":3,\"name\":\"Leirer 2026\",\"item\":\"https:\/\/acta.no\/trondelag\/leirer-og-arrangement\/\"},{\"@type\":\"ListItem\",\"position\":4,\"name\":\"P\u00e5skefestival 28.mars &#8211; 1.april\"}]},{\"@type\":\"WebSite\",\"@id\":\"https:\/\/acta.no\/trondelag\/#website\",\"url\":\"https:\/\/acta.no\/trondelag\/\",\"name\":\"Acta Region Tr\u00f8ndelag\",\"description\":\"Tr\u00f8ndelag\",\"potentialAction\":[{\"@type\":\"SearchAction\",\"target\":{\"@type\":\"EntryPoint\",\"urlTemplate\":\"https:\/\/acta.no\/trondelag\/?s={search_term_string}\"},\"query-input\":{\"@type\":\"PropertyValueSpecification\",\"valueRequired\":true,\"valueName\":\"search_term_string\"}}],\"inLanguage\":\"nb-NO\"}]}<\/script>\n<!-- \/ Yoast SEO plugin. -->","yoast_head_json":{"title":"P\u00e5skefestival 28.mars - 1.april - Acta Region Tr\u00f8ndelag %","robots":{"index":"index","follow":"follow","max-snippet":"max-snippet:-1","max-image-preview":"max-image-preview:large","max-video-preview":"max-video-preview:-1"},"canonical":"https:\/\/acta.no\/trondelag\/leirer-og-arrangement\/paskefestivalen-2023\/","og_locale":"nb_NO","og_type":"article","og_title":"P\u00e5skefestival 28.mars - 1.april - Acta Region Tr\u00f8ndelag %","og_description":"Er du klar for P\u00e5skefestivalen 2026? Det er vi!! Og vi gleder oss masse til \u00e5 bli \u00e5 treffe dere. P\u00e5 festivalen blir det godt fellesskap, god undervisning, masse konkurranser og leik, slal\u00e5m, bowling, basseng, lovsang og Jesus! Dato:28.-1.april Sted: IMI St\u00f8len, Oppdal For: 8. trinn \u2013 3 vgs. Pris: 2200,- for nye medlemmer i [&hellip;]","og_url":"https:\/\/acta.no\/trondelag\/leirer-og-arrangement\/paskefestivalen-2023\/","og_site_name":"Acta Region Tr\u00f8ndelag","article_modified_time":"2026-03-04T12:04:10+00:00","og_image":[{"width":1526,"height":1204,"url":"https:\/\/www.normisjon.no\/content\/uploads\/sites\/36\/2023\/02\/331762250_1589053861539560_2342313650952025449_n-e1677619123876.jpg","type":"image\/jpeg"}],"twitter_card":"summary_large_image","twitter_misc":{"Ansl. lesetid":"1 minutt"},"schema":{"@context":"https:\/\/schema.org","@graph":[{"@type":"WebPage","@id":"https:\/\/acta.no\/trondelag\/leirer-og-arrangement\/paskefestivalen-2023\/","url":"https:\/\/acta.no\/trondelag\/leirer-og-arrangement\/paskefestivalen-2023\/","name":"P\u00e5skefestival 28.mars - 1.april - Acta Region Tr\u00f8ndelag %","isPartOf":{"@id":"https:\/\/acta.no\/trondelag\/#website"},"primaryImageOfPage":{"@id":"https:\/\/acta.no\/trondelag\/leirer-og-arrangement\/paskefestivalen-2023\/#primaryimage"},"image":{"@id":"https:\/\/acta.no\/trondelag\/leirer-og-arrangement\/paskefestivalen-2023\/#primaryimage"},"thumbnailUrl":"https:\/\/www.normisjon.no\/content\/uploads\/sites\/36\/2023\/02\/331762250_1589053861539560_2342313650952025449_n-e1677619123876.jpg","datePublished":"2022-11-02T12:50:40+00:00","dateModified":"2026-03-04T12:04:10+00:00","breadcrumb":{"@id":"https:\/\/acta.no\/trondelag\/leirer-og-arrangement\/paskefestivalen-2023\/#breadcrumb"},"inLanguage":"nb-NO","potentialAction":[{"@type":"ReadAction","target":["https:\/\/acta.no\/trondelag\/leirer-og-arrangement\/paskefestivalen-2023\/"]}]},{"@type":"ImageObject","inLanguage":"nb-NO","@id":"https:\/\/acta.no\/trondelag\/leirer-og-arrangement\/paskefestivalen-2023\/#primaryimage","url":"https:\/\/www.normisjon.no\/content\/uploads\/sites\/36\/2023\/02\/331762250_1589053861539560_2342313650952025449_n-e1677619123876.jpg","contentUrl":"https:\/\/www.normisjon.no\/content\/uploads\/sites\/36\/2023\/02\/331762250_1589053861539560_2342313650952025449_n-e1677619123876.jpg","width":1526,"height":1204},{"@type":"BreadcrumbList","@id":"https:\/\/acta.no\/trondelag\/leirer-og-arrangement\/paskefestivalen-2023\/#breadcrumb","itemListElement":[{"@type":"ListItem","position":1,"name":"Til acta.no","item":"https:\/\/acta.no\/"},{"@type":"ListItem","position":2,"name":"Region Tr\u00f8ndelag","item":"https:\/\/acta.no\/trondelag\/"},{"@type":"ListItem","position":3,"name":"Leirer 2026","item":"https:\/\/acta.no\/trondelag\/leirer-og-arrangement\/"},{"@type":"ListItem","position":4,"name":"P\u00e5skefestival 28.mars &#8211; 1.april"}]},{"@type":"WebSite","@id":"https:\/\/acta.no\/trondelag\/#website","url":"https:\/\/acta.no\/trondelag\/","name":"Acta Region Tr\u00f8ndelag","description":"Tr\u00f8ndelag","potentialAction":[{"@type":"SearchAction","target":{"@type":"EntryPoint","urlTemplate":"https:\/\/acta.no\/trondelag\/?s={search_term_string}"},"query-input":{"@type":"PropertyValueSpecification","valueRequired":true,"valueName":"search_term_string"}}],"inLanguage":"nb-NO"}]}},"_links":{"self":[{"href":"https:\/\/acta.no\/trondelag\/wp-json\/wp\/v2\/pages\/700","targetHints":{"allow":["GET"]}}],"collection":[{"href":"https:\/\/acta.no\/trondelag\/wp-json\/wp\/v2\/pages"}],"about":[{"href":"https:\/\/acta.no\/trondelag\/wp-json\/wp\/v2\/types\/page"}],"author":[{"embeddable":true,"href":"https:\/\/acta.no\/trondelag\/wp-json\/wp\/v2\/users\/110"}],"replies":[{"embeddable":true,"href":"https:\/\/acta.no\/trondelag\/wp-json\/wp\/v2\/comments?post=700"}],"version-history":[{"count":25,"href":"https:\/\/acta.no\/trondelag\/wp-json\/wp\/v2\/pages\/700\/revisions"}],"predecessor-version":[{"id":1737,"href":"https:\/\/acta.no\/trondelag\/wp-json\/wp\/v2\/pages\/700\/revisions\/1737"}],"up":[{"embeddable":true,"href":"https:\/\/acta.no\/trondelag\/wp-json\/wp\/v2\/pages\/33"}],"wp:featuredmedia":[{"embeddable":true,"href":"https:\/\/acta.no\/trondelag\/wp-json\/wp\/v2\/media\/866"}],"wp:attachment":[{"href":"https:\/\/acta.no\/trondelag\/wp-json\/wp\/v2\/media?parent=700"}],"curies":[{"name":"wp","href":"https:\/\/api.w.org\/{rel}","templated":true}]}}