{"id":1756,"date":"2026-04-22T09:17:57","date_gmt":"2026-04-22T09:17:57","guid":{"rendered":"https:\/\/acta.no\/trondelag\/?page_id=1756"},"modified":"2026-04-22T09:17:58","modified_gmt":"2026-04-22T09:17:58","slug":"ledige-stillinger","status":"publish","type":"page","link":"https:\/\/acta.no\/trondelag\/ledige-stillinger\/","title":{"rendered":"Ledige stillinger"},"content":{"rendered":"<div class=\"gutenberg-content\">\n<h2 class=\"wp-block-heading has-text-align-center\"><strong>Ett\u00e5ring i Acta Tr\u00f8ndelag &#8211; 100%<\/strong><\/h2>\n\n\n\n<div style=\"height:40px\" aria-hidden=\"true\" class=\"wp-block-spacer\"><\/div>\n\n\n\n<div class=\"wp-block-group is-vertical is-layout-flex wp-container-core-group-is-layout-8cf370e7 wp-block-group-is-layout-flex\">\n<figure class=\"wp-block-image size-large\"><img loading=\"lazy\" decoding=\"async\" width=\"1024\" height=\"760\" src=\"https:\/\/www.normisjon.no\/content\/uploads\/sites\/36\/2024\/06\/received_1605712566939398-1-1024x760.jpeg\" alt=\"\" class=\"wp-image-1187\" srcset=\"https:\/\/www.normisjon.no\/content\/uploads\/sites\/36\/2024\/06\/received_1605712566939398-1-1024x760.jpeg 1024w, https:\/\/www.normisjon.no\/content\/uploads\/sites\/36\/2024\/06\/received_1605712566939398-1-300x223.jpeg 300w, https:\/\/www.normisjon.no\/content\/uploads\/sites\/36\/2024\/06\/received_1605712566939398-1-768x570.jpeg 768w, https:\/\/www.normisjon.no\/content\/uploads\/sites\/36\/2024\/06\/received_1605712566939398-1-960x713.jpeg 960w, https:\/\/www.normisjon.no\/content\/uploads\/sites\/36\/2024\/06\/received_1605712566939398-1.jpeg 1080w\" sizes=\"auto, (max-width: 1024px) 100vw, 1024px\" \/><\/figure>\n\n\n\n<figure class=\"wp-block-pullquote has-regular-font-size\"><blockquote><p><em>\u00abGrensesprengende felleskap der barn og unge m\u00f8ter, f\u00f8lger og \u00e6rer Jesus Kristus\u00bb<\/em>\u00a0<\/p><cite>Visjon<\/cite><\/blockquote><\/figure>\n\n\n\n<p>Som ett\u00e5ring i Acta vil du f\u00e5 en variert&nbsp;arbeidshverdag.&nbsp;Vi jobber mye ute i&nbsp;\u00abfelt\u00bb, med b\u00e5de leir, skole-&nbsp;og lagsbes\u00f8k. S\u00e5 hele staben er f\u00f8rst og fremst samlet p\u00e5 stabsm\u00f8ter&nbsp;og felles samarbeidsprosjekt, som&nbsp;fester for frivillige, inspirasjonssamlinger og storstab.&nbsp;Men du vil&nbsp;b\u00e5de jobbe selvstendig og&nbsp;tett med staben&nbsp;i&nbsp;team.&nbsp;<\/p>\n<\/div>\n\n\n\n<p>Du&nbsp;vil&nbsp;f\u00e5 v\u00e6re med p\u00e5&nbsp;alt en&nbsp;Acta-medarbeider&nbsp;jobber med&nbsp;av b\u00e5de&nbsp;forberedelser til leirer og andakter, til&nbsp;SoMe, Alpha&nbsp;Youth, skolebes\u00f8k&nbsp;og&nbsp;planlegging.&nbsp;Du m\u00e5 like \u00e5 v\u00e6re med barn og ungdom&nbsp;og&nbsp;v\u00e6re litt leken og gjerne kreativ.&nbsp;Vi vil ogs\u00e5&nbsp;jobbe med en&nbsp;misjonstur for&nbsp;ungdom i juni -27.&nbsp;<\/p>\n\n\n\n<p>Du blir deltaker p\u00e5 det tjenesteforberedende programmet p\u00e5 G\u00e5 Ut Senteret; Tjeneste og ledelse. Du f\u00e5r studentstatus gjennom hele skole\u00e5ret, og begynner med introkurs og oppl\u00e6ring i slutten av juli, midtveiskurs underveis, f\u00f8r skole\u00e5ret avsluttes med to ukers debrifing i juni 2027. Se gus.no\/tjeneste-ledelse for datoer og mer informasjon om opplegget.&nbsp;<\/p>\n\n\n\n<p>Som ett\u00e5ring m\u00e5 du&nbsp;jobbe i tr\u00e5d med&nbsp;Normisjon&nbsp;sitt verdidokument og trosgrunnlag. Det m\u00e5 p\u00e5beregnes&nbsp;reiseaktivitet og arbeidstid utenfor den ordin\u00e6re&nbsp;kontortiden.&nbsp;&nbsp;<\/p>\n\n\n\n<div style=\"height:40px\" aria-hidden=\"true\" class=\"wp-block-spacer\"><\/div>\n\n\n\n<p class=\"has-medium-font-size\"><strong>Personen vi ser etter:\u00a0<\/strong><\/p>\n\n\n\n<ul class=\"wp-block-list\">\n<li>M\u00e5 kunne jobbe fleksibelt- dagtid, helger og kvelder, n\u00e5r det er leir eller lokallagsbes\u00f8k.\u00a0<\/li>\n<\/ul>\n\n\n\n<ul class=\"wp-block-list\">\n<li>Kunne jobbe selvstendig i arbeidsoppgaver\u00a0(etter oppl\u00e6ring), men ogs\u00e5 samarbeidet godt i team.\u00a0<\/li>\n<\/ul>\n\n\n\n<ul class=\"wp-block-list\">\n<li>Like \u00e5 jobbe inn mot barn og ungdom,\u00a0og\u00a0brenne for \u00e5 gi\u00a0dem\u00a0evangeliet.\u00a0<\/li>\n<\/ul>\n\n\n\n<ul class=\"wp-block-list\">\n<li>Ta\u00a0andakt\/tale\/lederundervisning\u00a0(du\u00a0m\u00e5 ikke\u00a0ha erfaring fra f\u00f8r).\u00a0<\/li>\n<\/ul>\n\n\n\n<ul class=\"wp-block-list\">\n<li>V\u00e6re leken og gjerne kreativ.\u00a0<\/li>\n<\/ul>\n\n\n\n<ul class=\"wp-block-list\">\n<li>Ha et\u00a0personlig liv med Gud.\u00a0<\/li>\n<\/ul>\n\n\n\n<div style=\"height:40px\" aria-hidden=\"true\" class=\"wp-block-spacer\"><\/div>\n\n\n\n<p class=\"has-medium-font-size\"><strong>Oppgaver:\u00a0<\/strong><\/p>\n\n\n\n<ul class=\"wp-block-list\">\n<li>Leir\/lederkurs\u00a0\u2013\u00a0v\u00e6re med p\u00e5\u00a0planlegging og gjennomf\u00f8ring av leir\/ev. lederkurs,\u00a0pr\u00f8ve seg som hovedleder p\u00e5 leir etter hvert.\u00a0<\/li>\n<\/ul>\n\n\n\n<ul class=\"wp-block-list\">\n<li>SoMe\u00a0\u2013 lage Reels, legge ut oppmuntringer, reklame for leirer\u00a0\u00a0<\/li>\n<\/ul>\n\n\n\n<ul class=\"wp-block-list\">\n<li>Delta og etter hvert dra alene p\u00e5 lagsbes\u00f8k m\/andakt og oppmuntring\/b\u00f8nn\u00a0for lokallagsledere\u00a0<\/li>\n<\/ul>\n\n\n\n<ul class=\"wp-block-list\">\n<li>Planlegge og ha andakter\/og ev.\u00a0lederundervisning\u00a0<\/li>\n<\/ul>\n\n\n\n<ul class=\"wp-block-list\">\n<li>Delta p\u00e5 m\u00f8ter og planlegging\u00a0<\/li>\n<\/ul>\n\n\n\n<ul class=\"wp-block-list\">\n<li>Misjon \u2013\u00a0Ev. ta\u00a0med ungdommer ut p\u00e5 misjonstur i Nord-Makedonia\u00a0sammen med\u00a0ledergruppe\u00a0<\/li>\n<\/ul>\n\n\n\n<ul class=\"wp-block-list\">\n<li>AlphaYouth\u00a0\u2013\u00a0Ev.\u00a0bidra\u00a0med Alpha\u00a0Youth\u00a0ut i Regionen\u00a0<\/li>\n<\/ul>\n\n\n\n<div style=\"height:40px\" aria-hidden=\"true\" class=\"wp-block-spacer\"><\/div>\n\n\n\n<p class=\"has-medium-font-size\"><strong>Vi kan tilby deg:\u00a0<\/strong><\/p>\n\n\n\n<ul class=\"wp-block-list\">\n<li>\u00c5 bli en del av\u00a0Acta -og Regionstaben\u00a0<\/li>\n<\/ul>\n\n\n\n<ul class=\"wp-block-list\">\n<li>F\u00e5\u00a0forberedelse,\u00a0oppf\u00f8lging\u00a0og debrifing av \u00e5ret\u00a0<\/li>\n<\/ul>\n\n\n\n<ul class=\"wp-block-list\">\n<li>Gode personlige\u00a0utviklingsmuligheter\u00a0<\/li>\n<\/ul>\n\n\n\n<ul class=\"wp-block-list\">\n<li>Unik\u00a0og relevant\u00a0arbeid\u00a0-og ledererfaring\u00a0<\/li>\n<\/ul>\n\n\n\n<ul class=\"wp-block-list\">\n<li>Frihet til \u00e5\u00a0sette et personlig preg, utvikle og bruke egne evner og\u00a0n\u00e5degaver\u00a0\u00a0<\/li>\n<\/ul>\n\n\n\n<ul class=\"wp-block-list\">\n<li>Arrangementer sammen med staben\u00a0<\/li>\n<\/ul>\n\n\n\n<ul class=\"wp-block-list\">\n<li>Husleie betalt av\u00a0Acta\u00a0og dekning av levekostnader\u00a0<\/li>\n<\/ul>\n\n\n\n<ul class=\"wp-block-list\">\n<li>Mulighet for \u00e5 s\u00f8ke om stipend fra L\u00e5nekassen\u00a0<\/li>\n<\/ul>\n\n\n\n<div style=\"height:40px\" aria-hidden=\"true\" class=\"wp-block-spacer\"><\/div>\n\n\n\n<p class=\"has-medium-font-size\"><strong>Praktisk informasjon:\u00a0<\/strong><\/p>\n\n\n\n<p>Engasjementet varer fra 13.08.26 til 07.06.27, med obligatoriske kurssamlinger to uker f\u00f8r og etter. Aktuelle kandidater vil bli innkalt til intervju. Sp\u00f8rsm\u00e5l og s\u00f8knad med CV sendes til daglig leder Lise\u00a0Vindsetmo:\u202f<a href=\"mailto:lise.vindsetmo@normisjon.no\" target=\"_blank\" rel=\"noreferrer noopener\">lise.vindsetmo@normisjon.no<\/a>\u202f<\/p>\n\n\n\n<p>S\u00f8knadsfrist:\u00a031.\u00a0mai\u00a02026\u00a0<\/p>\n\n\n\n<p><\/p>\n<\/div>","protected":false},"excerpt":{"rendered":"<p>Ett\u00e5ring i Acta Tr\u00f8ndelag &#8211; 100% \u00abGrensesprengende felleskap der barn og unge m\u00f8ter, f\u00f8lger og \u00e6rer Jesus Kristus\u00bb\u00a0 Visjon Som ett\u00e5ring i Acta vil du f\u00e5 en variert&nbsp;arbeidshverdag.&nbsp;Vi jobber mye ute i&nbsp;\u00abfelt\u00bb, med b\u00e5de leir, skole-&nbsp;og lagsbes\u00f8k. S\u00e5 hele staben er f\u00f8rst og fremst samlet p\u00e5 stabsm\u00f8ter&nbsp;og felles samarbeidsprosjekt, som&nbsp;fester for frivillige, inspirasjonssamlinger og storstab.&nbsp;Men [&hellip;]<\/p>\n","protected":false},"author":136,"featured_media":0,"parent":0,"menu_order":0,"comment_status":"closed","ping_status":"closed","template":"","meta":{"_acf_changed":false,"footnotes":""},"class_list":["post-1756","page","type-page","status-publish","hentry"],"acf":[],"yoast_head":"<!-- This site is optimized with the Yoast SEO plugin v25.9 - https:\/\/yoast.com\/wordpress\/plugins\/seo\/ -->\n<title>Ledige stillinger - Acta Region Tr\u00f8ndelag<\/title>\n<meta name=\"robots\" content=\"index, follow, max-snippet:-1, max-image-preview:large, max-video-preview:-1\" \/>\n<link rel=\"canonical\" href=\"https:\/\/acta.no\/trondelag\/ledige-stillinger\/\" \/>\n<meta property=\"og:locale\" content=\"nb_NO\" \/>\n<meta property=\"og:type\" content=\"article\" \/>\n<meta property=\"og:title\" content=\"Ledige stillinger - Acta Region Tr\u00f8ndelag\" \/>\n<meta property=\"og:description\" content=\"Ett\u00e5ring i Acta Tr\u00f8ndelag &#8211; 100% \u00abGrensesprengende felleskap der barn og unge m\u00f8ter, f\u00f8lger og \u00e6rer Jesus Kristus\u00bb\u00a0 Visjon Som ett\u00e5ring i Acta vil du f\u00e5 en variert&nbsp;arbeidshverdag.&nbsp;Vi jobber mye ute i&nbsp;\u00abfelt\u00bb, med b\u00e5de leir, skole-&nbsp;og lagsbes\u00f8k. S\u00e5 hele staben er f\u00f8rst og fremst samlet p\u00e5 stabsm\u00f8ter&nbsp;og felles samarbeidsprosjekt, som&nbsp;fester for frivillige, inspirasjonssamlinger og storstab.&nbsp;Men [&hellip;]\" \/>\n<meta property=\"og:url\" content=\"https:\/\/acta.no\/trondelag\/ledige-stillinger\/\" \/>\n<meta property=\"og:site_name\" content=\"Acta Region Tr\u00f8ndelag\" \/>\n<meta property=\"article:modified_time\" content=\"2026-04-22T09:17:58+00:00\" \/>\n<meta property=\"og:image\" content=\"https:\/\/www.normisjon.no\/content\/uploads\/sites\/36\/2024\/06\/received_1605712566939398-1.jpeg\" \/>\n\t<meta property=\"og:image:width\" content=\"1080\" \/>\n\t<meta property=\"og:image:height\" content=\"802\" \/>\n\t<meta property=\"og:image:type\" content=\"image\/jpeg\" \/>\n<meta name=\"twitter:card\" content=\"summary_large_image\" \/>\n<meta name=\"twitter:label1\" content=\"Ansl. lesetid\" \/>\n\t<meta name=\"twitter:data1\" content=\"3 minutter\" \/>\n<script type=\"application\/ld+json\" class=\"yoast-schema-graph\">{\"@context\":\"https:\/\/schema.org\",\"@graph\":[{\"@type\":\"WebPage\",\"@id\":\"https:\/\/acta.no\/trondelag\/ledige-stillinger\/\",\"url\":\"https:\/\/acta.no\/trondelag\/ledige-stillinger\/\",\"name\":\"Ledige stillinger - Acta Region Tr\u00f8ndelag\",\"isPartOf\":{\"@id\":\"https:\/\/acta.no\/trondelag\/#website\"},\"primaryImageOfPage\":{\"@id\":\"https:\/\/acta.no\/trondelag\/ledige-stillinger\/#primaryimage\"},\"image\":{\"@id\":\"https:\/\/acta.no\/trondelag\/ledige-stillinger\/#primaryimage\"},\"thumbnailUrl\":\"https:\/\/www.normisjon.no\/content\/uploads\/sites\/36\/2024\/06\/received_1605712566939398-1-1024x760.jpeg\",\"datePublished\":\"2026-04-22T09:17:57+00:00\",\"dateModified\":\"2026-04-22T09:17:58+00:00\",\"breadcrumb\":{\"@id\":\"https:\/\/acta.no\/trondelag\/ledige-stillinger\/#breadcrumb\"},\"inLanguage\":\"nb-NO\",\"potentialAction\":[{\"@type\":\"ReadAction\",\"target\":[\"https:\/\/acta.no\/trondelag\/ledige-stillinger\/\"]}]},{\"@type\":\"ImageObject\",\"inLanguage\":\"nb-NO\",\"@id\":\"https:\/\/acta.no\/trondelag\/ledige-stillinger\/#primaryimage\",\"url\":\"https:\/\/www.normisjon.no\/content\/uploads\/sites\/36\/2024\/06\/received_1605712566939398-1-1024x760.jpeg\",\"contentUrl\":\"https:\/\/www.normisjon.no\/content\/uploads\/sites\/36\/2024\/06\/received_1605712566939398-1-1024x760.jpeg\"},{\"@type\":\"BreadcrumbList\",\"@id\":\"https:\/\/acta.no\/trondelag\/ledige-stillinger\/#breadcrumb\",\"itemListElement\":[{\"@type\":\"ListItem\",\"position\":1,\"name\":\"Til acta.no\",\"item\":\"https:\/\/acta.no\/\"},{\"@type\":\"ListItem\",\"position\":2,\"name\":\"Region Tr\u00f8ndelag\",\"item\":\"https:\/\/acta.no\/trondelag\/\"},{\"@type\":\"ListItem\",\"position\":3,\"name\":\"Ledige stillinger\"}]},{\"@type\":\"WebSite\",\"@id\":\"https:\/\/acta.no\/trondelag\/#website\",\"url\":\"https:\/\/acta.no\/trondelag\/\",\"name\":\"Acta Region Tr\u00f8ndelag\",\"description\":\"Tr\u00f8ndelag\",\"potentialAction\":[{\"@type\":\"SearchAction\",\"target\":{\"@type\":\"EntryPoint\",\"urlTemplate\":\"https:\/\/acta.no\/trondelag\/?s={search_term_string}\"},\"query-input\":{\"@type\":\"PropertyValueSpecification\",\"valueRequired\":true,\"valueName\":\"search_term_string\"}}],\"inLanguage\":\"nb-NO\"}]}<\/script>\n<!-- \/ Yoast SEO plugin. -->","yoast_head_json":{"title":"Ledige stillinger - Acta Region Tr\u00f8ndelag","robots":{"index":"index","follow":"follow","max-snippet":"max-snippet:-1","max-image-preview":"max-image-preview:large","max-video-preview":"max-video-preview:-1"},"canonical":"https:\/\/acta.no\/trondelag\/ledige-stillinger\/","og_locale":"nb_NO","og_type":"article","og_title":"Ledige stillinger - Acta Region Tr\u00f8ndelag","og_description":"Ett\u00e5ring i Acta Tr\u00f8ndelag &#8211; 100% \u00abGrensesprengende felleskap der barn og unge m\u00f8ter, f\u00f8lger og \u00e6rer Jesus Kristus\u00bb\u00a0 Visjon Som ett\u00e5ring i Acta vil du f\u00e5 en variert&nbsp;arbeidshverdag.&nbsp;Vi jobber mye ute i&nbsp;\u00abfelt\u00bb, med b\u00e5de leir, skole-&nbsp;og lagsbes\u00f8k. S\u00e5 hele staben er f\u00f8rst og fremst samlet p\u00e5 stabsm\u00f8ter&nbsp;og felles samarbeidsprosjekt, som&nbsp;fester for frivillige, inspirasjonssamlinger og storstab.&nbsp;Men [&hellip;]","og_url":"https:\/\/acta.no\/trondelag\/ledige-stillinger\/","og_site_name":"Acta Region Tr\u00f8ndelag","article_modified_time":"2026-04-22T09:17:58+00:00","og_image":[{"width":1080,"height":802,"url":"https:\/\/www.normisjon.no\/content\/uploads\/sites\/36\/2024\/06\/received_1605712566939398-1.jpeg","type":"image\/jpeg"}],"twitter_card":"summary_large_image","twitter_misc":{"Ansl. lesetid":"3 minutter"},"schema":{"@context":"https:\/\/schema.org","@graph":[{"@type":"WebPage","@id":"https:\/\/acta.no\/trondelag\/ledige-stillinger\/","url":"https:\/\/acta.no\/trondelag\/ledige-stillinger\/","name":"Ledige stillinger - Acta Region Tr\u00f8ndelag","isPartOf":{"@id":"https:\/\/acta.no\/trondelag\/#website"},"primaryImageOfPage":{"@id":"https:\/\/acta.no\/trondelag\/ledige-stillinger\/#primaryimage"},"image":{"@id":"https:\/\/acta.no\/trondelag\/ledige-stillinger\/#primaryimage"},"thumbnailUrl":"https:\/\/www.normisjon.no\/content\/uploads\/sites\/36\/2024\/06\/received_1605712566939398-1-1024x760.jpeg","datePublished":"2026-04-22T09:17:57+00:00","dateModified":"2026-04-22T09:17:58+00:00","breadcrumb":{"@id":"https:\/\/acta.no\/trondelag\/ledige-stillinger\/#breadcrumb"},"inLanguage":"nb-NO","potentialAction":[{"@type":"ReadAction","target":["https:\/\/acta.no\/trondelag\/ledige-stillinger\/"]}]},{"@type":"ImageObject","inLanguage":"nb-NO","@id":"https:\/\/acta.no\/trondelag\/ledige-stillinger\/#primaryimage","url":"https:\/\/www.normisjon.no\/content\/uploads\/sites\/36\/2024\/06\/received_1605712566939398-1-1024x760.jpeg","contentUrl":"https:\/\/www.normisjon.no\/content\/uploads\/sites\/36\/2024\/06\/received_1605712566939398-1-1024x760.jpeg"},{"@type":"BreadcrumbList","@id":"https:\/\/acta.no\/trondelag\/ledige-stillinger\/#breadcrumb","itemListElement":[{"@type":"ListItem","position":1,"name":"Til acta.no","item":"https:\/\/acta.no\/"},{"@type":"ListItem","position":2,"name":"Region Tr\u00f8ndelag","item":"https:\/\/acta.no\/trondelag\/"},{"@type":"ListItem","position":3,"name":"Ledige stillinger"}]},{"@type":"WebSite","@id":"https:\/\/acta.no\/trondelag\/#website","url":"https:\/\/acta.no\/trondelag\/","name":"Acta Region Tr\u00f8ndelag","description":"Tr\u00f8ndelag","potentialAction":[{"@type":"SearchAction","target":{"@type":"EntryPoint","urlTemplate":"https:\/\/acta.no\/trondelag\/?s={search_term_string}"},"query-input":{"@type":"PropertyValueSpecification","valueRequired":true,"valueName":"search_term_string"}}],"inLanguage":"nb-NO"}]}},"_links":{"self":[{"href":"https:\/\/acta.no\/trondelag\/wp-json\/wp\/v2\/pages\/1756","targetHints":{"allow":["GET"]}}],"collection":[{"href":"https:\/\/acta.no\/trondelag\/wp-json\/wp\/v2\/pages"}],"about":[{"href":"https:\/\/acta.no\/trondelag\/wp-json\/wp\/v2\/types\/page"}],"author":[{"embeddable":true,"href":"https:\/\/acta.no\/trondelag\/wp-json\/wp\/v2\/users\/136"}],"replies":[{"embeddable":true,"href":"https:\/\/acta.no\/trondelag\/wp-json\/wp\/v2\/comments?post=1756"}],"version-history":[{"count":10,"href":"https:\/\/acta.no\/trondelag\/wp-json\/wp\/v2\/pages\/1756\/revisions"}],"predecessor-version":[{"id":1766,"href":"https:\/\/acta.no\/trondelag\/wp-json\/wp\/v2\/pages\/1756\/revisions\/1766"}],"wp:attachment":[{"href":"https:\/\/acta.no\/trondelag\/wp-json\/wp\/v2\/media?parent=1756"}],"curies":[{"name":"wp","href":"https:\/\/api.w.org\/{rel}","templated":true}]}}