{"id":1509,"date":"2025-06-17T14:10:04","date_gmt":"2025-06-17T14:10:04","guid":{"rendered":"https:\/\/acta.no\/trondelag\/?page_id=1509"},"modified":"2025-10-29T12:19:26","modified_gmt":"2025-10-29T12:19:26","slug":"noahs-ark-leir","status":"publish","type":"page","link":"https:\/\/acta.no\/trondelag\/noahs-ark-leir\/","title":{"rendered":"Noahs ark leir"},"content":{"rendered":"<div class=\"gutenberg-content\">\n<figure class=\"wp-block-image size-large\"><img loading=\"lazy\" decoding=\"async\" width=\"1024\" height=\"1024\" src=\"https:\/\/www.normisjon.no\/content\/uploads\/sites\/36\/2025\/01\/Noahs-Ark-2025-1-1024x1024.jpg\" alt=\"\" class=\"wp-image-1372\" srcset=\"https:\/\/www.normisjon.no\/content\/uploads\/sites\/36\/2025\/01\/Noahs-Ark-2025-1-1024x1024.jpg 1024w, https:\/\/www.normisjon.no\/content\/uploads\/sites\/36\/2025\/01\/Noahs-Ark-2025-1-300x300.jpg 300w, https:\/\/www.normisjon.no\/content\/uploads\/sites\/36\/2025\/01\/Noahs-Ark-2025-1-150x150.jpg 150w, https:\/\/www.normisjon.no\/content\/uploads\/sites\/36\/2025\/01\/Noahs-Ark-2025-1-768x768.jpg 768w, https:\/\/www.normisjon.no\/content\/uploads\/sites\/36\/2025\/01\/Noahs-Ark-2025-1-960x960.jpg 960w, https:\/\/www.normisjon.no\/content\/uploads\/sites\/36\/2025\/01\/Noahs-Ark-2025-1.jpg 1080w\" sizes=\"auto, (max-width: 1024px) 100vw, 1024px\" \/><figcaption class=\"wp-element-caption\">litt om hva som skjer p\u00e5 en Noahs ark leir<\/figcaption><\/figure>\n\n\n\n<p>Noahs ark leir er for deg som er 2.-4. klasse. det er for mange en nybegynner leir, med bare en overnatting. Du sover p\u00e5 klasserom eller i lavvo sammen med en leder.<\/p>\n\n\n\n<h4 class=\"wp-block-heading\">Aktiviteter<\/h4>\n\n\n\n<p>Det g\u00e5r i ett med aktiviteter og samling fra det starter l\u00f8rdag kl. 10.00 til sengetid. <\/p>\n\n\n\n<p>Det er traktor kj\u00f8ring, der en elev fra landbruks linja tar med barna enten inni traktoren eller p\u00e5 en henger bakom. S\u00e5 f\u00e5r de en runde p\u00e5 omr\u00e5det. <\/p>\n\n\n\n<p>Barna f\u00e5r ogs\u00e5 bes\u00f8ke fj\u00f8set, ri p\u00e5 hest og v\u00e6re med p\u00e5 b\u00e5de fotball, leik og konkurranser.<\/p>\n\n\n\n<h4 class=\"wp-block-heading\">Samling<\/h4>\n\n\n\n<p>P\u00e5 samling forteller vi bibelhistorier, synger sammen og ber sammen. Vi samler ogs\u00e5 inn kollekt til et misjonsprosjekt og ser gjerne en film derifra. <\/p>\n\n\n\n<p>I tillegg danser vi litt, leker eller har en konkurranse. <\/p>\n\n\n\n<figure class=\"wp-block-image size-large is-resized\"><img loading=\"lazy\" decoding=\"async\" width=\"1024\" height=\"768\" src=\"https:\/\/www.normisjon.no\/content\/uploads\/sites\/36\/2025\/06\/344290797_633918638126318_5216331382323458095_n-1024x768.jpg\" alt=\"\" class=\"wp-image-1510\" style=\"width:768px;height:576px\" srcset=\"https:\/\/www.normisjon.no\/content\/uploads\/sites\/36\/2025\/06\/344290797_633918638126318_5216331382323458095_n-1024x768.jpg 1024w, https:\/\/www.normisjon.no\/content\/uploads\/sites\/36\/2025\/06\/344290797_633918638126318_5216331382323458095_n-300x225.jpg 300w, https:\/\/www.normisjon.no\/content\/uploads\/sites\/36\/2025\/06\/344290797_633918638126318_5216331382323458095_n-768x576.jpg 768w, https:\/\/www.normisjon.no\/content\/uploads\/sites\/36\/2025\/06\/344290797_633918638126318_5216331382323458095_n-1536x1152.jpg 1536w, https:\/\/www.normisjon.no\/content\/uploads\/sites\/36\/2025\/06\/344290797_633918638126318_5216331382323458095_n-1920x1440.jpg 1920w, https:\/\/www.normisjon.no\/content\/uploads\/sites\/36\/2025\/06\/344290797_633918638126318_5216331382323458095_n-1360x1020.jpg 1360w, https:\/\/www.normisjon.no\/content\/uploads\/sites\/36\/2025\/06\/344290797_633918638126318_5216331382323458095_n-960x720.jpg 960w, https:\/\/www.normisjon.no\/content\/uploads\/sites\/36\/2025\/06\/344290797_633918638126318_5216331382323458095_n.jpg 2048w\" sizes=\"auto, (max-width: 1024px) 100vw, 1024px\" \/><\/figure>\n\n\n\n<p>Leiren er som regel i mai. Neste Noahs ark leir blir 9.-10. mai vil komme ut p\u00e5 hjemmesiden ca. februar\/mars. Den er veldig popul\u00e6r, s\u00e5 f\u00f8lg med, for \u00e5 f\u00e5 plass.<\/p>\n<\/div>","protected":false},"excerpt":{"rendered":"<p>Noahs ark leir er for deg som er 2.-4. klasse. det er for mange en nybegynner leir, med bare en overnatting. Du sover p\u00e5 klasserom eller i lavvo sammen med en leder. Aktiviteter Det g\u00e5r i ett med aktiviteter og samling fra det starter l\u00f8rdag kl. 10.00 til sengetid. Det er traktor kj\u00f8ring, der en [&hellip;]<\/p>\n","protected":false},"author":130,"featured_media":1371,"parent":0,"menu_order":0,"comment_status":"closed","ping_status":"closed","template":"","meta":{"_acf_changed":false,"footnotes":""},"class_list":["post-1509","page","type-page","status-publish","has-post-thumbnail","hentry"],"acf":[],"yoast_head":"<!-- This site is optimized with the Yoast SEO plugin v25.9 - https:\/\/yoast.com\/wordpress\/plugins\/seo\/ -->\n<title>Noahs ark leir - Acta Region Tr\u00f8ndelag<\/title>\n<meta name=\"robots\" content=\"index, follow, max-snippet:-1, max-image-preview:large, max-video-preview:-1\" \/>\n<link rel=\"canonical\" href=\"https:\/\/acta.no\/trondelag\/noahs-ark-leir\/\" \/>\n<meta property=\"og:locale\" content=\"nb_NO\" \/>\n<meta property=\"og:type\" content=\"article\" \/>\n<meta property=\"og:title\" content=\"Noahs ark leir - Acta Region Tr\u00f8ndelag\" \/>\n<meta property=\"og:description\" content=\"Noahs ark leir er for deg som er 2.-4. klasse. det er for mange en nybegynner leir, med bare en overnatting. Du sover p\u00e5 klasserom eller i lavvo sammen med en leder. Aktiviteter Det g\u00e5r i ett med aktiviteter og samling fra det starter l\u00f8rdag kl. 10.00 til sengetid. Det er traktor kj\u00f8ring, der en [&hellip;]\" \/>\n<meta property=\"og:url\" content=\"https:\/\/acta.no\/trondelag\/noahs-ark-leir\/\" \/>\n<meta property=\"og:site_name\" content=\"Acta Region Tr\u00f8ndelag\" \/>\n<meta property=\"article:modified_time\" content=\"2025-10-29T12:19:26+00:00\" \/>\n<meta property=\"og:image\" content=\"https:\/\/www.normisjon.no\/content\/uploads\/sites\/36\/2025\/01\/Noahs-Ark-2025.jpg\" \/>\n\t<meta property=\"og:image:width\" content=\"1080\" \/>\n\t<meta property=\"og:image:height\" content=\"1080\" \/>\n\t<meta property=\"og:image:type\" content=\"image\/jpeg\" \/>\n<meta name=\"twitter:card\" content=\"summary_large_image\" \/>\n<meta name=\"twitter:label1\" content=\"Ansl. lesetid\" \/>\n\t<meta name=\"twitter:data1\" content=\"2 minutter\" \/>\n<script type=\"application\/ld+json\" class=\"yoast-schema-graph\">{\"@context\":\"https:\/\/schema.org\",\"@graph\":[{\"@type\":\"WebPage\",\"@id\":\"https:\/\/acta.no\/trondelag\/noahs-ark-leir\/\",\"url\":\"https:\/\/acta.no\/trondelag\/noahs-ark-leir\/\",\"name\":\"Noahs ark leir - Acta Region Tr\u00f8ndelag\",\"isPartOf\":{\"@id\":\"https:\/\/acta.no\/trondelag\/#website\"},\"primaryImageOfPage\":{\"@id\":\"https:\/\/acta.no\/trondelag\/noahs-ark-leir\/#primaryimage\"},\"image\":{\"@id\":\"https:\/\/acta.no\/trondelag\/noahs-ark-leir\/#primaryimage\"},\"thumbnailUrl\":\"https:\/\/www.normisjon.no\/content\/uploads\/sites\/36\/2025\/01\/Noahs-Ark-2025.jpg\",\"datePublished\":\"2025-06-17T14:10:04+00:00\",\"dateModified\":\"2025-10-29T12:19:26+00:00\",\"breadcrumb\":{\"@id\":\"https:\/\/acta.no\/trondelag\/noahs-ark-leir\/#breadcrumb\"},\"inLanguage\":\"nb-NO\",\"potentialAction\":[{\"@type\":\"ReadAction\",\"target\":[\"https:\/\/acta.no\/trondelag\/noahs-ark-leir\/\"]}]},{\"@type\":\"ImageObject\",\"inLanguage\":\"nb-NO\",\"@id\":\"https:\/\/acta.no\/trondelag\/noahs-ark-leir\/#primaryimage\",\"url\":\"https:\/\/www.normisjon.no\/content\/uploads\/sites\/36\/2025\/01\/Noahs-Ark-2025.jpg\",\"contentUrl\":\"https:\/\/www.normisjon.no\/content\/uploads\/sites\/36\/2025\/01\/Noahs-Ark-2025.jpg\",\"width\":1080,\"height\":1080},{\"@type\":\"BreadcrumbList\",\"@id\":\"https:\/\/acta.no\/trondelag\/noahs-ark-leir\/#breadcrumb\",\"itemListElement\":[{\"@type\":\"ListItem\",\"position\":1,\"name\":\"Til acta.no\",\"item\":\"https:\/\/acta.no\/\"},{\"@type\":\"ListItem\",\"position\":2,\"name\":\"Region Tr\u00f8ndelag\",\"item\":\"https:\/\/acta.no\/trondelag\/\"},{\"@type\":\"ListItem\",\"position\":3,\"name\":\"Noahs ark leir\"}]},{\"@type\":\"WebSite\",\"@id\":\"https:\/\/acta.no\/trondelag\/#website\",\"url\":\"https:\/\/acta.no\/trondelag\/\",\"name\":\"Acta Region Tr\u00f8ndelag\",\"description\":\"Tr\u00f8ndelag\",\"potentialAction\":[{\"@type\":\"SearchAction\",\"target\":{\"@type\":\"EntryPoint\",\"urlTemplate\":\"https:\/\/acta.no\/trondelag\/?s={search_term_string}\"},\"query-input\":{\"@type\":\"PropertyValueSpecification\",\"valueRequired\":true,\"valueName\":\"search_term_string\"}}],\"inLanguage\":\"nb-NO\"}]}<\/script>\n<!-- \/ Yoast SEO plugin. -->","yoast_head_json":{"title":"Noahs ark leir - Acta Region Tr\u00f8ndelag","robots":{"index":"index","follow":"follow","max-snippet":"max-snippet:-1","max-image-preview":"max-image-preview:large","max-video-preview":"max-video-preview:-1"},"canonical":"https:\/\/acta.no\/trondelag\/noahs-ark-leir\/","og_locale":"nb_NO","og_type":"article","og_title":"Noahs ark leir - Acta Region Tr\u00f8ndelag","og_description":"Noahs ark leir er for deg som er 2.-4. klasse. det er for mange en nybegynner leir, med bare en overnatting. Du sover p\u00e5 klasserom eller i lavvo sammen med en leder. Aktiviteter Det g\u00e5r i ett med aktiviteter og samling fra det starter l\u00f8rdag kl. 10.00 til sengetid. Det er traktor kj\u00f8ring, der en [&hellip;]","og_url":"https:\/\/acta.no\/trondelag\/noahs-ark-leir\/","og_site_name":"Acta Region Tr\u00f8ndelag","article_modified_time":"2025-10-29T12:19:26+00:00","og_image":[{"width":1080,"height":1080,"url":"https:\/\/www.normisjon.no\/content\/uploads\/sites\/36\/2025\/01\/Noahs-Ark-2025.jpg","type":"image\/jpeg"}],"twitter_card":"summary_large_image","twitter_misc":{"Ansl. lesetid":"2 minutter"},"schema":{"@context":"https:\/\/schema.org","@graph":[{"@type":"WebPage","@id":"https:\/\/acta.no\/trondelag\/noahs-ark-leir\/","url":"https:\/\/acta.no\/trondelag\/noahs-ark-leir\/","name":"Noahs ark leir - Acta Region Tr\u00f8ndelag","isPartOf":{"@id":"https:\/\/acta.no\/trondelag\/#website"},"primaryImageOfPage":{"@id":"https:\/\/acta.no\/trondelag\/noahs-ark-leir\/#primaryimage"},"image":{"@id":"https:\/\/acta.no\/trondelag\/noahs-ark-leir\/#primaryimage"},"thumbnailUrl":"https:\/\/www.normisjon.no\/content\/uploads\/sites\/36\/2025\/01\/Noahs-Ark-2025.jpg","datePublished":"2025-06-17T14:10:04+00:00","dateModified":"2025-10-29T12:19:26+00:00","breadcrumb":{"@id":"https:\/\/acta.no\/trondelag\/noahs-ark-leir\/#breadcrumb"},"inLanguage":"nb-NO","potentialAction":[{"@type":"ReadAction","target":["https:\/\/acta.no\/trondelag\/noahs-ark-leir\/"]}]},{"@type":"ImageObject","inLanguage":"nb-NO","@id":"https:\/\/acta.no\/trondelag\/noahs-ark-leir\/#primaryimage","url":"https:\/\/www.normisjon.no\/content\/uploads\/sites\/36\/2025\/01\/Noahs-Ark-2025.jpg","contentUrl":"https:\/\/www.normisjon.no\/content\/uploads\/sites\/36\/2025\/01\/Noahs-Ark-2025.jpg","width":1080,"height":1080},{"@type":"BreadcrumbList","@id":"https:\/\/acta.no\/trondelag\/noahs-ark-leir\/#breadcrumb","itemListElement":[{"@type":"ListItem","position":1,"name":"Til acta.no","item":"https:\/\/acta.no\/"},{"@type":"ListItem","position":2,"name":"Region Tr\u00f8ndelag","item":"https:\/\/acta.no\/trondelag\/"},{"@type":"ListItem","position":3,"name":"Noahs ark leir"}]},{"@type":"WebSite","@id":"https:\/\/acta.no\/trondelag\/#website","url":"https:\/\/acta.no\/trondelag\/","name":"Acta Region Tr\u00f8ndelag","description":"Tr\u00f8ndelag","potentialAction":[{"@type":"SearchAction","target":{"@type":"EntryPoint","urlTemplate":"https:\/\/acta.no\/trondelag\/?s={search_term_string}"},"query-input":{"@type":"PropertyValueSpecification","valueRequired":true,"valueName":"search_term_string"}}],"inLanguage":"nb-NO"}]}},"_links":{"self":[{"href":"https:\/\/acta.no\/trondelag\/wp-json\/wp\/v2\/pages\/1509","targetHints":{"allow":["GET"]}}],"collection":[{"href":"https:\/\/acta.no\/trondelag\/wp-json\/wp\/v2\/pages"}],"about":[{"href":"https:\/\/acta.no\/trondelag\/wp-json\/wp\/v2\/types\/page"}],"author":[{"embeddable":true,"href":"https:\/\/acta.no\/trondelag\/wp-json\/wp\/v2\/users\/130"}],"replies":[{"embeddable":true,"href":"https:\/\/acta.no\/trondelag\/wp-json\/wp\/v2\/comments?post=1509"}],"version-history":[{"count":2,"href":"https:\/\/acta.no\/trondelag\/wp-json\/wp\/v2\/pages\/1509\/revisions"}],"predecessor-version":[{"id":1640,"href":"https:\/\/acta.no\/trondelag\/wp-json\/wp\/v2\/pages\/1509\/revisions\/1640"}],"wp:featuredmedia":[{"embeddable":true,"href":"https:\/\/acta.no\/trondelag\/wp-json\/wp\/v2\/media\/1371"}],"wp:attachment":[{"href":"https:\/\/acta.no\/trondelag\/wp-json\/wp\/v2\/media?parent=1509"}],"curies":[{"name":"wp","href":"https:\/\/api.w.org\/{rel}","templated":true}]}}