{"id":1020,"date":"2023-10-26T20:33:02","date_gmt":"2023-10-26T20:33:02","guid":{"rendered":"https:\/\/acta.no\/trondelag\/?page_id=1020"},"modified":"2025-10-10T16:19:30","modified_gmt":"2025-10-10T16:19:30","slug":"city-camp-light","status":"publish","type":"page","link":"https:\/\/acta.no\/trondelag\/city-camp-light\/","title":{"rendered":"City Camp Light &#8211; dagsleir 29. november"},"content":{"rendered":"<div class=\"gutenberg-content\">\n<p><\/p>\n\n\n\n<figure class=\"wp-block-image size-large is-style-default\"><img loading=\"lazy\" decoding=\"async\" width=\"2560\" height=\"1600\" src=\"https:\/\/www.normisjon.no\/content\/uploads\/sites\/36\/2023\/10\/frede-langlois-W1fjsX7vdXs-unsplash-edited-scaled.jpg\" alt=\"\" class=\"wp-image-1022\" srcset=\"https:\/\/www.normisjon.no\/content\/uploads\/sites\/36\/2023\/10\/frede-langlois-W1fjsX7vdXs-unsplash-edited-scaled.jpg 2560w, https:\/\/www.normisjon.no\/content\/uploads\/sites\/36\/2023\/10\/frede-langlois-W1fjsX7vdXs-unsplash-edited-300x187.jpg 300w, https:\/\/www.normisjon.no\/content\/uploads\/sites\/36\/2023\/10\/frede-langlois-W1fjsX7vdXs-unsplash-edited-1024x640.jpg 1024w, https:\/\/www.normisjon.no\/content\/uploads\/sites\/36\/2023\/10\/frede-langlois-W1fjsX7vdXs-unsplash-edited-768x480.jpg 768w, https:\/\/www.normisjon.no\/content\/uploads\/sites\/36\/2023\/10\/frede-langlois-W1fjsX7vdXs-unsplash-edited-1536x960.jpg 1536w, https:\/\/www.normisjon.no\/content\/uploads\/sites\/36\/2023\/10\/frede-langlois-W1fjsX7vdXs-unsplash-edited-2048x1280.jpg 2048w, https:\/\/www.normisjon.no\/content\/uploads\/sites\/36\/2023\/10\/frede-langlois-W1fjsX7vdXs-unsplash-edited-1920x1200.jpg 1920w, https:\/\/www.normisjon.no\/content\/uploads\/sites\/36\/2023\/10\/frede-langlois-W1fjsX7vdXs-unsplash-edited-1360x850.jpg 1360w, https:\/\/www.normisjon.no\/content\/uploads\/sites\/36\/2023\/10\/frede-langlois-W1fjsX7vdXs-unsplash-edited-960x600.jpg 960w\" sizes=\"auto, (max-width: 2560px) 100vw, 2560px\" \/><\/figure>\n\n\n\n<p><strong>N\u00e5r<\/strong>: L\u00f8rdag 29. november 2025 kl. 10.00 &#8211; 20.00<\/p>\n\n\n\n<p><strong>Hvem:<\/strong>&nbsp;5. &#8211; 7. klasse<\/p>\n\n\n\n<p><strong>Hvor<\/strong>: Norkirken Trondheim, Salemhuset<\/p>\n\n\n\n<p><strong>Ledere<\/strong>: Maria Gilde Vikestad og Iren L. Gilde med flere<\/p>\n\n\n\n<p><strong>Pris:<\/strong>&nbsp;450-650,-<\/p>\n\n\n\n<p><strong>P\u00e5meldingsfrist: 21. november 2025<\/strong>&nbsp;(dette for \u00e5 vite antall i forhold til bestillinger)<\/p>\n\n\n\n<p><strong>Hva skjer<\/strong>? Pir badet, Jesus, Pizza, Lek, Gaming, kreativt bord, Korssamling, Godteri, Venner<\/p>\n\n\n\n<p>Acta Tr\u00f8ndelag m\/lagene &laquo;Acta Respawn Gaming&raquo; og &laquo;Skaperglede&raquo; inviterer sammen med Norkirken Trondheim &#8211; alle som g\u00e5r i 5. &#8211; 7. klasse til en spennende dagsleir i byen!<\/p>\n\n\n\n<p>Her er det gode muligheter for foreldre \u00e5 ta en julehandel &#8211; mens ungene koser seg p\u00e5 leir. <\/p>\n\n\n\n<p>Vi starter dagen i lokalene til Norkirken Trondheim med lunsj, andakt, lek og moro. Vi g\u00e5r etter hvert til Pir badet, for \u00e5 ta en skikkelig julevask. Etterp\u00e5 g\u00e5r vi opp igjen til Norkirken hvor vi f\u00e5r servert pizza. <\/p>\n\n\n\n<p>Gode og mette samles vi til kreativt bord\/juleverksted, der du kanskje kan lage en julegave eller to? <\/p>\n\n\n\n<p>Det blir Gaming med FIFA-turnering, godteri og lek f\u00f8r vi avslutter med en korssamling.<\/p>\n\n\n\n<p>P\u00e5melding: <a href=\"https:\/\/event.checkin.no\/184638\/city-camp-2025-lys-for-andre\">HER<\/a><\/p>\n\n\n\n<p><\/p>\n<\/div>","protected":false},"excerpt":{"rendered":"<p>N\u00e5r: L\u00f8rdag 29. november 2025 kl. 10.00 &#8211; 20.00 Hvem:&nbsp;5. &#8211; 7. klasse Hvor: Norkirken Trondheim, Salemhuset Ledere: Maria Gilde Vikestad og Iren L. Gilde med flere Pris:&nbsp;450-650,- P\u00e5meldingsfrist: 21. november 2025&nbsp;(dette for \u00e5 vite antall i forhold til bestillinger) Hva skjer? Pir badet, Jesus, Pizza, Lek, Gaming, kreativt bord, Korssamling, Godteri, Venner Acta Tr\u00f8ndelag [&hellip;]<\/p>\n","protected":false},"author":58,"featured_media":1022,"parent":0,"menu_order":0,"comment_status":"closed","ping_status":"closed","template":"","meta":{"_acf_changed":false,"footnotes":""},"class_list":["post-1020","page","type-page","status-publish","has-post-thumbnail","hentry"],"acf":[],"yoast_head":"<!-- This site is optimized with the Yoast SEO plugin v25.9 - https:\/\/yoast.com\/wordpress\/plugins\/seo\/ -->\n<title>City Camp Light - dagsleir 29. november - Acta Region Tr\u00f8ndelag<\/title>\n<meta name=\"robots\" content=\"index, follow, max-snippet:-1, max-image-preview:large, max-video-preview:-1\" \/>\n<link rel=\"canonical\" href=\"https:\/\/acta.no\/trondelag\/city-camp-light\/\" \/>\n<meta property=\"og:locale\" content=\"nb_NO\" \/>\n<meta property=\"og:type\" content=\"article\" \/>\n<meta property=\"og:title\" content=\"City Camp Light - dagsleir 29. november - Acta Region Tr\u00f8ndelag\" \/>\n<meta property=\"og:description\" content=\"N\u00e5r: L\u00f8rdag 29. november 2025 kl. 10.00 &#8211; 20.00 Hvem:&nbsp;5. &#8211; 7. klasse Hvor: Norkirken Trondheim, Salemhuset Ledere: Maria Gilde Vikestad og Iren L. Gilde med flere Pris:&nbsp;450-650,- P\u00e5meldingsfrist: 21. november 2025&nbsp;(dette for \u00e5 vite antall i forhold til bestillinger) Hva skjer? Pir badet, Jesus, Pizza, Lek, Gaming, kreativt bord, Korssamling, Godteri, Venner Acta Tr\u00f8ndelag [&hellip;]\" \/>\n<meta property=\"og:url\" content=\"https:\/\/acta.no\/trondelag\/city-camp-light\/\" \/>\n<meta property=\"og:site_name\" content=\"Acta Region Tr\u00f8ndelag\" \/>\n<meta property=\"article:modified_time\" content=\"2025-10-10T16:19:30+00:00\" \/>\n<meta property=\"og:image\" content=\"https:\/\/www.normisjon.no\/content\/uploads\/sites\/36\/2023\/10\/frede-langlois-W1fjsX7vdXs-unsplash-edited-scaled.jpg\" \/>\n\t<meta property=\"og:image:width\" content=\"2560\" \/>\n\t<meta property=\"og:image:height\" content=\"1600\" \/>\n\t<meta property=\"og:image:type\" content=\"image\/jpeg\" \/>\n<meta name=\"twitter:card\" content=\"summary_large_image\" \/>\n<meta name=\"twitter:label1\" content=\"Ansl. lesetid\" \/>\n\t<meta name=\"twitter:data1\" content=\"2 minutter\" \/>\n<script type=\"application\/ld+json\" class=\"yoast-schema-graph\">{\"@context\":\"https:\/\/schema.org\",\"@graph\":[{\"@type\":\"WebPage\",\"@id\":\"https:\/\/acta.no\/trondelag\/city-camp-light\/\",\"url\":\"https:\/\/acta.no\/trondelag\/city-camp-light\/\",\"name\":\"City Camp Light - dagsleir 29. november - Acta Region Tr\u00f8ndelag\",\"isPartOf\":{\"@id\":\"https:\/\/acta.no\/trondelag\/#website\"},\"primaryImageOfPage\":{\"@id\":\"https:\/\/acta.no\/trondelag\/city-camp-light\/#primaryimage\"},\"image\":{\"@id\":\"https:\/\/acta.no\/trondelag\/city-camp-light\/#primaryimage\"},\"thumbnailUrl\":\"https:\/\/www.normisjon.no\/content\/uploads\/sites\/36\/2023\/10\/frede-langlois-W1fjsX7vdXs-unsplash-edited-scaled.jpg\",\"datePublished\":\"2023-10-26T20:33:02+00:00\",\"dateModified\":\"2025-10-10T16:19:30+00:00\",\"breadcrumb\":{\"@id\":\"https:\/\/acta.no\/trondelag\/city-camp-light\/#breadcrumb\"},\"inLanguage\":\"nb-NO\",\"potentialAction\":[{\"@type\":\"ReadAction\",\"target\":[\"https:\/\/acta.no\/trondelag\/city-camp-light\/\"]}]},{\"@type\":\"ImageObject\",\"inLanguage\":\"nb-NO\",\"@id\":\"https:\/\/acta.no\/trondelag\/city-camp-light\/#primaryimage\",\"url\":\"https:\/\/www.normisjon.no\/content\/uploads\/sites\/36\/2023\/10\/frede-langlois-W1fjsX7vdXs-unsplash-edited-scaled.jpg\",\"contentUrl\":\"https:\/\/www.normisjon.no\/content\/uploads\/sites\/36\/2023\/10\/frede-langlois-W1fjsX7vdXs-unsplash-edited-scaled.jpg\",\"width\":2560,\"height\":1600},{\"@type\":\"BreadcrumbList\",\"@id\":\"https:\/\/acta.no\/trondelag\/city-camp-light\/#breadcrumb\",\"itemListElement\":[{\"@type\":\"ListItem\",\"position\":1,\"name\":\"Til acta.no\",\"item\":\"https:\/\/acta.no\/\"},{\"@type\":\"ListItem\",\"position\":2,\"name\":\"Region Tr\u00f8ndelag\",\"item\":\"https:\/\/acta.no\/trondelag\/\"},{\"@type\":\"ListItem\",\"position\":3,\"name\":\"City Camp Light &#8211; dagsleir 29. november\"}]},{\"@type\":\"WebSite\",\"@id\":\"https:\/\/acta.no\/trondelag\/#website\",\"url\":\"https:\/\/acta.no\/trondelag\/\",\"name\":\"Acta Region Tr\u00f8ndelag\",\"description\":\"Tr\u00f8ndelag\",\"potentialAction\":[{\"@type\":\"SearchAction\",\"target\":{\"@type\":\"EntryPoint\",\"urlTemplate\":\"https:\/\/acta.no\/trondelag\/?s={search_term_string}\"},\"query-input\":{\"@type\":\"PropertyValueSpecification\",\"valueRequired\":true,\"valueName\":\"search_term_string\"}}],\"inLanguage\":\"nb-NO\"}]}<\/script>\n<!-- \/ Yoast SEO plugin. -->","yoast_head_json":{"title":"City Camp Light - dagsleir 29. november - Acta Region Tr\u00f8ndelag","robots":{"index":"index","follow":"follow","max-snippet":"max-snippet:-1","max-image-preview":"max-image-preview:large","max-video-preview":"max-video-preview:-1"},"canonical":"https:\/\/acta.no\/trondelag\/city-camp-light\/","og_locale":"nb_NO","og_type":"article","og_title":"City Camp Light - dagsleir 29. november - Acta Region Tr\u00f8ndelag","og_description":"N\u00e5r: L\u00f8rdag 29. november 2025 kl. 10.00 &#8211; 20.00 Hvem:&nbsp;5. &#8211; 7. klasse Hvor: Norkirken Trondheim, Salemhuset Ledere: Maria Gilde Vikestad og Iren L. Gilde med flere Pris:&nbsp;450-650,- P\u00e5meldingsfrist: 21. november 2025&nbsp;(dette for \u00e5 vite antall i forhold til bestillinger) Hva skjer? Pir badet, Jesus, Pizza, Lek, Gaming, kreativt bord, Korssamling, Godteri, Venner Acta Tr\u00f8ndelag [&hellip;]","og_url":"https:\/\/acta.no\/trondelag\/city-camp-light\/","og_site_name":"Acta Region Tr\u00f8ndelag","article_modified_time":"2025-10-10T16:19:30+00:00","og_image":[{"width":2560,"height":1600,"url":"https:\/\/www.normisjon.no\/content\/uploads\/sites\/36\/2023\/10\/frede-langlois-W1fjsX7vdXs-unsplash-edited-scaled.jpg","type":"image\/jpeg"}],"twitter_card":"summary_large_image","twitter_misc":{"Ansl. lesetid":"2 minutter"},"schema":{"@context":"https:\/\/schema.org","@graph":[{"@type":"WebPage","@id":"https:\/\/acta.no\/trondelag\/city-camp-light\/","url":"https:\/\/acta.no\/trondelag\/city-camp-light\/","name":"City Camp Light - dagsleir 29. november - Acta Region Tr\u00f8ndelag","isPartOf":{"@id":"https:\/\/acta.no\/trondelag\/#website"},"primaryImageOfPage":{"@id":"https:\/\/acta.no\/trondelag\/city-camp-light\/#primaryimage"},"image":{"@id":"https:\/\/acta.no\/trondelag\/city-camp-light\/#primaryimage"},"thumbnailUrl":"https:\/\/www.normisjon.no\/content\/uploads\/sites\/36\/2023\/10\/frede-langlois-W1fjsX7vdXs-unsplash-edited-scaled.jpg","datePublished":"2023-10-26T20:33:02+00:00","dateModified":"2025-10-10T16:19:30+00:00","breadcrumb":{"@id":"https:\/\/acta.no\/trondelag\/city-camp-light\/#breadcrumb"},"inLanguage":"nb-NO","potentialAction":[{"@type":"ReadAction","target":["https:\/\/acta.no\/trondelag\/city-camp-light\/"]}]},{"@type":"ImageObject","inLanguage":"nb-NO","@id":"https:\/\/acta.no\/trondelag\/city-camp-light\/#primaryimage","url":"https:\/\/www.normisjon.no\/content\/uploads\/sites\/36\/2023\/10\/frede-langlois-W1fjsX7vdXs-unsplash-edited-scaled.jpg","contentUrl":"https:\/\/www.normisjon.no\/content\/uploads\/sites\/36\/2023\/10\/frede-langlois-W1fjsX7vdXs-unsplash-edited-scaled.jpg","width":2560,"height":1600},{"@type":"BreadcrumbList","@id":"https:\/\/acta.no\/trondelag\/city-camp-light\/#breadcrumb","itemListElement":[{"@type":"ListItem","position":1,"name":"Til acta.no","item":"https:\/\/acta.no\/"},{"@type":"ListItem","position":2,"name":"Region Tr\u00f8ndelag","item":"https:\/\/acta.no\/trondelag\/"},{"@type":"ListItem","position":3,"name":"City Camp Light &#8211; dagsleir 29. november"}]},{"@type":"WebSite","@id":"https:\/\/acta.no\/trondelag\/#website","url":"https:\/\/acta.no\/trondelag\/","name":"Acta Region Tr\u00f8ndelag","description":"Tr\u00f8ndelag","potentialAction":[{"@type":"SearchAction","target":{"@type":"EntryPoint","urlTemplate":"https:\/\/acta.no\/trondelag\/?s={search_term_string}"},"query-input":{"@type":"PropertyValueSpecification","valueRequired":true,"valueName":"search_term_string"}}],"inLanguage":"nb-NO"}]}},"_links":{"self":[{"href":"https:\/\/acta.no\/trondelag\/wp-json\/wp\/v2\/pages\/1020","targetHints":{"allow":["GET"]}}],"collection":[{"href":"https:\/\/acta.no\/trondelag\/wp-json\/wp\/v2\/pages"}],"about":[{"href":"https:\/\/acta.no\/trondelag\/wp-json\/wp\/v2\/types\/page"}],"author":[{"embeddable":true,"href":"https:\/\/acta.no\/trondelag\/wp-json\/wp\/v2\/users\/58"}],"replies":[{"embeddable":true,"href":"https:\/\/acta.no\/trondelag\/wp-json\/wp\/v2\/comments?post=1020"}],"version-history":[{"count":24,"href":"https:\/\/acta.no\/trondelag\/wp-json\/wp\/v2\/pages\/1020\/revisions"}],"predecessor-version":[{"id":1625,"href":"https:\/\/acta.no\/trondelag\/wp-json\/wp\/v2\/pages\/1020\/revisions\/1625"}],"wp:featuredmedia":[{"embeddable":true,"href":"https:\/\/acta.no\/trondelag\/wp-json\/wp\/v2\/media\/1022"}],"wp:attachment":[{"href":"https:\/\/acta.no\/trondelag\/wp-json\/wp\/v2\/media?parent=1020"}],"curies":[{"name":"wp","href":"https:\/\/api.w.org\/{rel}","templated":true}]}}

<div class="gutenberg-content">
<p></p>



<figure class="wp-block-image size-large is-style-default"><img loading="lazy" decoding="async" width="2560" height="1600" src="https://www.normisjon.no/content/uploads/sites/36/2023/10/frede-langlois-W1fjsX7vdXs-unsplash-edited-scaled.jpg" alt="" class="wp-image-1022" srcset="https://www.normisjon.no/content/uploads/sites/36/2023/10/frede-langlois-W1fjsX7vdXs-unsplash-edited-scaled.jpg 2560w, https://www.normisjon.no/content/uploads/sites/36/2023/10/frede-langlois-W1fjsX7vdXs-unsplash-edited-300x187.jpg 300w, https://www.normisjon.no/content/uploads/sites/36/2023/10/frede-langlois-W1fjsX7vdXs-unsplash-edited-1024x640.jpg 1024w, https://www.normisjon.no/content/uploads/sites/36/2023/10/frede-langlois-W1fjsX7vdXs-unsplash-edited-768x480.jpg 768w, https://www.normisjon.no/content/uploads/sites/36/2023/10/frede-langlois-W1fjsX7vdXs-unsplash-edited-1536x960.jpg 1536w, https://www.normisjon.no/content/uploads/sites/36/2023/10/frede-langlois-W1fjsX7vdXs-unsplash-edited-2048x1280.jpg 2048w, https://www.normisjon.no/content/uploads/sites/36/2023/10/frede-langlois-W1fjsX7vdXs-unsplash-edited-1920x1200.jpg 1920w, https://www.normisjon.no/content/uploads/sites/36/2023/10/frede-langlois-W1fjsX7vdXs-unsplash-edited-1360x850.jpg 1360w, https://www.normisjon.no/content/uploads/sites/36/2023/10/frede-langlois-W1fjsX7vdXs-unsplash-edited-960x600.jpg 960w" sizes="auto, (max-width: 2560px) 100vw, 2560px" /></figure>



<p><strong>Når</strong>: Lørdag 29. november 2025 kl. 10.00 &#8211; 20.00</p>



<p><strong>Hvem:</strong>&nbsp;5. &#8211; 7. klasse</p>



<p><strong>Hvor</strong>: Norkirken Trondheim, Salemhuset</p>



<p><strong>Ledere</strong>: Maria Gilde Vikestad og Iren L. Gilde med flere</p>



<p><strong>Pris:</strong>&nbsp;450-650,-</p>



<p><strong>Påmeldingsfrist: 21. november 2025</strong>&nbsp;(dette for å vite antall i forhold til bestillinger)</p>



<p><strong>Hva skjer</strong>? Pir badet, Jesus, Pizza, Lek, Gaming, kreativt bord, Korssamling, Godteri, Venner</p>



<p>Acta Trøndelag m/lagene &laquo;Acta Respawn Gaming&raquo; og &laquo;Skaperglede&raquo; inviterer sammen med Norkirken Trondheim &#8211; alle som går i 5. &#8211; 7. klasse til en spennende dagsleir i byen!</p>



<p>Her er det gode muligheter for foreldre å ta en julehandel &#8211; mens ungene koser seg på leir. </p>



<p>Vi starter dagen i lokalene til Norkirken Trondheim med lunsj, andakt, lek og moro. Vi går etter hvert til Pir badet, for å ta en skikkelig julevask. Etterpå går vi opp igjen til Norkirken hvor vi får servert pizza. </p>



<p>Gode og mette samles vi til kreativt bord/juleverksted, der du kanskje kan lage en julegave eller to? </p>



<p>Det blir Gaming med FIFA-turnering, godteri og lek før vi avslutter med en korssamling.</p>



<p>Påmelding: <a href="https://event.checkin.no/184638/city-camp-2025-lys-for-andre">HER</a></p>



<p></p>
</div>

<p>Når: Lørdag 29. november 2025 kl. 10.00 &#8211; 20.00 Hvem:&nbsp;5. &#8211; 7. klasse Hvor: Norkirken Trondheim, Salemhuset Ledere: Maria Gilde Vikestad og Iren L. Gilde med flere Pris:&nbsp;450-650,- Påmeldingsfrist: 21. november 2025&nbsp;(dette for å vite antall i forhold til bestillinger) Hva skjer? Pir badet, Jesus, Pizza, Lek, Gaming, kreativt bord, Korssamling, Godteri, Venner Acta Trøndelag [&hellip;]</p>

<!-- This site is optimized with the Yoast SEO plugin v25.9 - https://yoast.com/wordpress/plugins/seo/ -->
<title>City Camp Light - dagsleir 29. november - Acta Region Trøndelag</title>
<meta name="robots" content="index, follow, max-snippet:-1, max-image-preview:large, max-video-preview:-1" />
<link rel="canonical" href="https://acta.no/trondelag/city-camp-light/" />
<meta property="og:locale" content="nb_NO" />
<meta property="og:type" content="article" />
<meta property="og:title" content="City Camp Light - dagsleir 29. november - Acta Region Trøndelag" />
<meta property="og:description" content="Når: Lørdag 29. november 2025 kl. 10.00 &#8211; 20.00 Hvem:&nbsp;5. &#8211; 7. klasse Hvor: Norkirken Trondheim, Salemhuset Ledere: Maria Gilde Vikestad og Iren L. Gilde med flere Pris:&nbsp;450-650,- Påmeldingsfrist: 21. november 2025&nbsp;(dette for å vite antall i forhold til bestillinger) Hva skjer? Pir badet, Jesus, Pizza, Lek, Gaming, kreativt bord, Korssamling, Godteri, Venner Acta Trøndelag [&hellip;]" />
<meta property="og:url" content="https://acta.no/trondelag/city-camp-light/" />
<meta property="og:site_name" content="Acta Region Trøndelag" />
<meta property="article:modified_time" content="2025-10-10T16:19:30+00:00" />
<meta property="og:image" content="https://www.normisjon.no/content/uploads/sites/36/2023/10/frede-langlois-W1fjsX7vdXs-unsplash-edited-scaled.jpg" />
	<meta property="og:image:width" content="2560" />
	<meta property="og:image:height" content="1600" />
	<meta property="og:image:type" content="image/jpeg" />
<meta name="twitter:card" content="summary_large_image" />
<meta name="twitter:label1" content="Ansl. lesetid" />
	<meta name="twitter:data1" content="2 minutter" />
<script type="application/ld+json" class="yoast-schema-graph">{"@context":"https://schema.org","@graph":[{"@type":"WebPage","@id":"https://acta.no/trondelag/city-camp-light/","url":"https://acta.no/trondelag/city-camp-light/","name":"City Camp Light - dagsleir 29. november - Acta Region Trøndelag","isPartOf":{"@id":"https://acta.no/trondelag/#website"},"primaryImageOfPage":{"@id":"https://acta.no/trondelag/city-camp-light/#primaryimage"},"image":{"@id":"https://acta.no/trondelag/city-camp-light/#primaryimage"},"thumbnailUrl":"https://www.normisjon.no/content/uploads/sites/36/2023/10/frede-langlois-W1fjsX7vdXs-unsplash-edited-scaled.jpg","datePublished":"2023-10-26T20:33:02+00:00","dateModified":"2025-10-10T16:19:30+00:00","breadcrumb":{"@id":"https://acta.no/trondelag/city-camp-light/#breadcrumb"},"inLanguage":"nb-NO","potentialAction":[{"@type":"ReadAction","target":["https://acta.no/trondelag/city-camp-light/"]}]},{"@type":"ImageObject","inLanguage":"nb-NO","@id":"https://acta.no/trondelag/city-camp-light/#primaryimage","url":"https://www.normisjon.no/content/uploads/sites/36/2023/10/frede-langlois-W1fjsX7vdXs-unsplash-edited-scaled.jpg","contentUrl":"https://www.normisjon.no/content/uploads/sites/36/2023/10/frede-langlois-W1fjsX7vdXs-unsplash-edited-scaled.jpg","width":2560,"height":1600},{"@type":"BreadcrumbList","@id":"https://acta.no/trondelag/city-camp-light/#breadcrumb","itemListElement":[{"@type":"ListItem","position":1,"name":"Til acta.no","item":"https://acta.no/"},{"@type":"ListItem","position":2,"name":"Region Trøndelag","item":"https://acta.no/trondelag/"},{"@type":"ListItem","position":3,"name":"City Camp Light &#8211; dagsleir 29. november"}]},{"@type":"WebSite","@id":"https://acta.no/trondelag/#website","url":"https://acta.no/trondelag/","name":"Acta Region Trøndelag","description":"Trøndelag","potentialAction":[{"@type":"SearchAction","target":{"@type":"EntryPoint","urlTemplate":"https://acta.no/trondelag/?s={search_term_string}"},"query-input":{"@type":"PropertyValueSpecification","valueRequired":true,"valueName":"search_term_string"}}],"inLanguage":"nb-NO"}]}</script>
<!-- / Yoast SEO plugin. -->

City Camp Light - dagsleir 29. november - Acta Region Trøndelag

Når: Lørdag 29. november 2025 kl. 10.00 &#8211; 20.00 Hvem:&nbsp;5. &#8211; 7. klasse Hvor: Norkirken Trondheim, Salemhuset Ledere: Maria Gilde Vikestad og Iren L. Gilde med flere Pris:&nbsp;450-650,- Påmeldingsfrist: 21. november 2025&nbsp;(dette for å vite antall i forhold til bestillinger) Hva skjer? Pir badet, Jesus, Pizza, Lek, Gaming, kreativt bord, Korssamling, Godteri, Venner Acta Trøndelag [&hellip;]

Acta Region Trøndelag

Region Trøndelag

Trøndelag
