{"id":160,"date":"2023-01-25T09:56:55","date_gmt":"2023-01-25T09:56:55","guid":{"rendered":"https:\/\/acta.no\/telemark\/?page_id=160"},"modified":"2023-01-25T09:59:30","modified_gmt":"2023-01-25T09:59:30","slug":"bli-med-pa-eastercamp","status":"publish","type":"page","link":"https:\/\/acta.no\/telemark\/bli-med-pa-eastercamp\/","title":{"rendered":"Bli med p\u00e5 EasterCamp!"},"content":{"rendered":"<div class=\"gutenberg-content\">\n<p>EasterCamp fra 6.-9. april er stedet \u00e5 v\u00e6re om du vil ha noen dager sammen med mange andre ungdommer. Denne leiren er for deg som g\u00e5r i 7.-10.klasse. Vi skal tilbringe 4 dager p\u00e5 Trovassli leirsted.<\/p>\n\n\n\n<p>Her vil vi gj\u00f8re masse g\u00f8ye ting, spise god mat og ikke minst, l\u00e6re mer om hva p\u00e5ska betyr. Og vi har med oss Lars Petter F\u00f8rnes fra Gjerpen menighet som andaktsholder, s\u00e5 dette blir bra!&nbsp;<\/p>\n\n\n\n<p>Trovassli leirsted i Vinje innbyr til mye lek ute i sn\u00f8en. Ta med ski og masse utekl\u00e6r! Vi kommer til \u00e5 dra til Rauland Skisenter for \u00e5 st\u00e5 alpint\u00a0en av dagene.<\/p>\n\n\n\n<p class=\"has-blue-color has-text-color\">Meld deg p\u00e5 <a href=\"https:\/\/app.checkin.no\/event\/45804\/eastercamp-acta-telemark-2023\" target=\"_blank\" rel=\"noreferrer noopener\">HER!<\/a> (P\u00e5meldingen starter 1.feb)<\/p>\n\n\n\n<figure class=\"wp-block-image size-large\"><img loading=\"lazy\" decoding=\"async\" width=\"1024\" height=\"1024\" src=\"https:\/\/www.normisjon.no\/content\/uploads\/sites\/35\/2023\/01\/EasterCamp-2023-1024x1024.png\" alt=\"\" class=\"wp-image-161\" srcset=\"https:\/\/www.normisjon.no\/content\/uploads\/sites\/35\/2023\/01\/EasterCamp-2023-1024x1024.png 1024w, https:\/\/www.normisjon.no\/content\/uploads\/sites\/35\/2023\/01\/EasterCamp-2023-300x300.png 300w, https:\/\/www.normisjon.no\/content\/uploads\/sites\/35\/2023\/01\/EasterCamp-2023-150x150.png 150w, https:\/\/www.normisjon.no\/content\/uploads\/sites\/35\/2023\/01\/EasterCamp-2023-768x768.png 768w, https:\/\/www.normisjon.no\/content\/uploads\/sites\/35\/2023\/01\/EasterCamp-2023-960x960.png 960w, https:\/\/www.normisjon.no\/content\/uploads\/sites\/35\/2023\/01\/EasterCamp-2023.png 1080w\" sizes=\"auto, (max-width: 1024px) 100vw, 1024px\" \/><\/figure>\n<\/div>","protected":false},"excerpt":{"rendered":"<p>EasterCamp fra 6.-9. april er stedet \u00e5 v\u00e6re om du vil ha noen dager sammen med mange andre ungdommer. Denne leiren er for deg som g\u00e5r i 7.-10.klasse. Vi skal tilbringe 4 dager p\u00e5 Trovassli leirsted. Her vil vi gj\u00f8re masse g\u00f8ye ting, spise god mat og ikke minst, l\u00e6re mer om hva p\u00e5ska betyr. [&hellip;]<\/p>\n","protected":false},"author":92,"featured_media":162,"parent":0,"menu_order":0,"comment_status":"closed","ping_status":"closed","template":"","meta":{"_acf_changed":false,"footnotes":""},"class_list":["post-160","page","type-page","status-publish","has-post-thumbnail","hentry"],"acf":[],"yoast_head":"<!-- This site is optimized with the Yoast SEO plugin v25.9 - https:\/\/yoast.com\/wordpress\/plugins\/seo\/ -->\n<title>Bli med p\u00e5 EasterCamp! - Acta Region Telemark<\/title>\n<meta name=\"robots\" content=\"index, follow, max-snippet:-1, max-image-preview:large, max-video-preview:-1\" \/>\n<link rel=\"canonical\" href=\"https:\/\/acta.no\/telemark\/bli-med-pa-eastercamp\/\" \/>\n<meta property=\"og:locale\" content=\"nb_NO\" \/>\n<meta property=\"og:type\" content=\"article\" \/>\n<meta property=\"og:title\" content=\"Bli med p\u00e5 EasterCamp! - Acta Region Telemark\" \/>\n<meta property=\"og:description\" content=\"EasterCamp fra 6.-9. april er stedet \u00e5 v\u00e6re om du vil ha noen dager sammen med mange andre ungdommer. Denne leiren er for deg som g\u00e5r i 7.-10.klasse. Vi skal tilbringe 4 dager p\u00e5 Trovassli leirsted. Her vil vi gj\u00f8re masse g\u00f8ye ting, spise god mat og ikke minst, l\u00e6re mer om hva p\u00e5ska betyr. [&hellip;]\" \/>\n<meta property=\"og:url\" content=\"https:\/\/acta.no\/telemark\/bli-med-pa-eastercamp\/\" \/>\n<meta property=\"og:site_name\" content=\"Acta Region Telemark\" \/>\n<meta property=\"article:modified_time\" content=\"2023-01-25T09:59:30+00:00\" \/>\n<meta property=\"og:image\" content=\"https:\/\/www.normisjon.no\/content\/uploads\/sites\/35\/2023\/01\/EasterCamp-Instagram-innlegg-Firkantet-2100-\u00d7-900-px-1024x439.png\" \/>\n\t<meta property=\"og:image:width\" content=\"1024\" \/>\n\t<meta property=\"og:image:height\" content=\"439\" \/>\n\t<meta property=\"og:image:type\" content=\"image\/png\" \/>\n<meta name=\"twitter:card\" content=\"summary_large_image\" \/>\n<meta name=\"twitter:label1\" content=\"Ansl. lesetid\" \/>\n\t<meta name=\"twitter:data1\" content=\"1 minutt\" \/>\n<script type=\"application\/ld+json\" class=\"yoast-schema-graph\">{\"@context\":\"https:\/\/schema.org\",\"@graph\":[{\"@type\":\"WebPage\",\"@id\":\"https:\/\/acta.no\/telemark\/bli-med-pa-eastercamp\/\",\"url\":\"https:\/\/acta.no\/telemark\/bli-med-pa-eastercamp\/\",\"name\":\"Bli med p\u00e5 EasterCamp! - Acta Region Telemark\",\"isPartOf\":{\"@id\":\"https:\/\/acta.no\/telemark\/#website\"},\"primaryImageOfPage\":{\"@id\":\"https:\/\/acta.no\/telemark\/bli-med-pa-eastercamp\/#primaryimage\"},\"image\":{\"@id\":\"https:\/\/acta.no\/telemark\/bli-med-pa-eastercamp\/#primaryimage\"},\"thumbnailUrl\":\"https:\/\/www.normisjon.no\/content\/uploads\/sites\/35\/2023\/01\/EasterCamp-Instagram-innlegg-Firkantet-2100-\u00d7-900-px.png\",\"datePublished\":\"2023-01-25T09:56:55+00:00\",\"dateModified\":\"2023-01-25T09:59:30+00:00\",\"breadcrumb\":{\"@id\":\"https:\/\/acta.no\/telemark\/bli-med-pa-eastercamp\/#breadcrumb\"},\"inLanguage\":\"nb-NO\",\"potentialAction\":[{\"@type\":\"ReadAction\",\"target\":[\"https:\/\/acta.no\/telemark\/bli-med-pa-eastercamp\/\"]}]},{\"@type\":\"ImageObject\",\"inLanguage\":\"nb-NO\",\"@id\":\"https:\/\/acta.no\/telemark\/bli-med-pa-eastercamp\/#primaryimage\",\"url\":\"https:\/\/www.normisjon.no\/content\/uploads\/sites\/35\/2023\/01\/EasterCamp-Instagram-innlegg-Firkantet-2100-\u00d7-900-px.png\",\"contentUrl\":\"https:\/\/www.normisjon.no\/content\/uploads\/sites\/35\/2023\/01\/EasterCamp-Instagram-innlegg-Firkantet-2100-\u00d7-900-px.png\",\"width\":2100,\"height\":900},{\"@type\":\"BreadcrumbList\",\"@id\":\"https:\/\/acta.no\/telemark\/bli-med-pa-eastercamp\/#breadcrumb\",\"itemListElement\":[{\"@type\":\"ListItem\",\"position\":1,\"name\":\"Til acta.no\",\"item\":\"https:\/\/acta.no\/\"},{\"@type\":\"ListItem\",\"position\":2,\"name\":\"Region Telemark\",\"item\":\"https:\/\/acta.no\/telemark\/\"},{\"@type\":\"ListItem\",\"position\":3,\"name\":\"Bli med p\u00e5 EasterCamp!\"}]},{\"@type\":\"WebSite\",\"@id\":\"https:\/\/acta.no\/telemark\/#website\",\"url\":\"https:\/\/acta.no\/telemark\/\",\"name\":\"Acta Region Telemark\",\"description\":\"Telemark\",\"potentialAction\":[{\"@type\":\"SearchAction\",\"target\":{\"@type\":\"EntryPoint\",\"urlTemplate\":\"https:\/\/acta.no\/telemark\/?s={search_term_string}\"},\"query-input\":{\"@type\":\"PropertyValueSpecification\",\"valueRequired\":true,\"valueName\":\"search_term_string\"}}],\"inLanguage\":\"nb-NO\"}]}<\/script>\n<!-- \/ Yoast SEO plugin. -->","yoast_head_json":{"title":"Bli med p\u00e5 EasterCamp! - Acta Region Telemark","robots":{"index":"index","follow":"follow","max-snippet":"max-snippet:-1","max-image-preview":"max-image-preview:large","max-video-preview":"max-video-preview:-1"},"canonical":"https:\/\/acta.no\/telemark\/bli-med-pa-eastercamp\/","og_locale":"nb_NO","og_type":"article","og_title":"Bli med p\u00e5 EasterCamp! - Acta Region Telemark","og_description":"EasterCamp fra 6.-9. april er stedet \u00e5 v\u00e6re om du vil ha noen dager sammen med mange andre ungdommer. Denne leiren er for deg som g\u00e5r i 7.-10.klasse. Vi skal tilbringe 4 dager p\u00e5 Trovassli leirsted. Her vil vi gj\u00f8re masse g\u00f8ye ting, spise god mat og ikke minst, l\u00e6re mer om hva p\u00e5ska betyr. [&hellip;]","og_url":"https:\/\/acta.no\/telemark\/bli-med-pa-eastercamp\/","og_site_name":"Acta Region Telemark","article_modified_time":"2023-01-25T09:59:30+00:00","og_image":[{"width":1024,"height":439,"url":"https:\/\/www.normisjon.no\/content\/uploads\/sites\/35\/2023\/01\/EasterCamp-Instagram-innlegg-Firkantet-2100-\u00d7-900-px-1024x439.png","type":"image\/png"}],"twitter_card":"summary_large_image","twitter_misc":{"Ansl. lesetid":"1 minutt"},"schema":{"@context":"https:\/\/schema.org","@graph":[{"@type":"WebPage","@id":"https:\/\/acta.no\/telemark\/bli-med-pa-eastercamp\/","url":"https:\/\/acta.no\/telemark\/bli-med-pa-eastercamp\/","name":"Bli med p\u00e5 EasterCamp! - Acta Region Telemark","isPartOf":{"@id":"https:\/\/acta.no\/telemark\/#website"},"primaryImageOfPage":{"@id":"https:\/\/acta.no\/telemark\/bli-med-pa-eastercamp\/#primaryimage"},"image":{"@id":"https:\/\/acta.no\/telemark\/bli-med-pa-eastercamp\/#primaryimage"},"thumbnailUrl":"https:\/\/www.normisjon.no\/content\/uploads\/sites\/35\/2023\/01\/EasterCamp-Instagram-innlegg-Firkantet-2100-\u00d7-900-px.png","datePublished":"2023-01-25T09:56:55+00:00","dateModified":"2023-01-25T09:59:30+00:00","breadcrumb":{"@id":"https:\/\/acta.no\/telemark\/bli-med-pa-eastercamp\/#breadcrumb"},"inLanguage":"nb-NO","potentialAction":[{"@type":"ReadAction","target":["https:\/\/acta.no\/telemark\/bli-med-pa-eastercamp\/"]}]},{"@type":"ImageObject","inLanguage":"nb-NO","@id":"https:\/\/acta.no\/telemark\/bli-med-pa-eastercamp\/#primaryimage","url":"https:\/\/www.normisjon.no\/content\/uploads\/sites\/35\/2023\/01\/EasterCamp-Instagram-innlegg-Firkantet-2100-\u00d7-900-px.png","contentUrl":"https:\/\/www.normisjon.no\/content\/uploads\/sites\/35\/2023\/01\/EasterCamp-Instagram-innlegg-Firkantet-2100-\u00d7-900-px.png","width":2100,"height":900},{"@type":"BreadcrumbList","@id":"https:\/\/acta.no\/telemark\/bli-med-pa-eastercamp\/#breadcrumb","itemListElement":[{"@type":"ListItem","position":1,"name":"Til acta.no","item":"https:\/\/acta.no\/"},{"@type":"ListItem","position":2,"name":"Region Telemark","item":"https:\/\/acta.no\/telemark\/"},{"@type":"ListItem","position":3,"name":"Bli med p\u00e5 EasterCamp!"}]},{"@type":"WebSite","@id":"https:\/\/acta.no\/telemark\/#website","url":"https:\/\/acta.no\/telemark\/","name":"Acta Region Telemark","description":"Telemark","potentialAction":[{"@type":"SearchAction","target":{"@type":"EntryPoint","urlTemplate":"https:\/\/acta.no\/telemark\/?s={search_term_string}"},"query-input":{"@type":"PropertyValueSpecification","valueRequired":true,"valueName":"search_term_string"}}],"inLanguage":"nb-NO"}]}},"_links":{"self":[{"href":"https:\/\/acta.no\/telemark\/wp-json\/wp\/v2\/pages\/160","targetHints":{"allow":["GET"]}}],"collection":[{"href":"https:\/\/acta.no\/telemark\/wp-json\/wp\/v2\/pages"}],"about":[{"href":"https:\/\/acta.no\/telemark\/wp-json\/wp\/v2\/types\/page"}],"author":[{"embeddable":true,"href":"https:\/\/acta.no\/telemark\/wp-json\/wp\/v2\/users\/92"}],"replies":[{"embeddable":true,"href":"https:\/\/acta.no\/telemark\/wp-json\/wp\/v2\/comments?post=160"}],"version-history":[{"count":3,"href":"https:\/\/acta.no\/telemark\/wp-json\/wp\/v2\/pages\/160\/revisions"}],"predecessor-version":[{"id":166,"href":"https:\/\/acta.no\/telemark\/wp-json\/wp\/v2\/pages\/160\/revisions\/166"}],"wp:featuredmedia":[{"embeddable":true,"href":"https:\/\/acta.no\/telemark\/wp-json\/wp\/v2\/media\/162"}],"wp:attachment":[{"href":"https:\/\/acta.no\/telemark\/wp-json\/wp\/v2\/media?parent=160"}],"curies":[{"name":"wp","href":"https:\/\/api.w.org\/{rel}","templated":true}]}}

Bli med på EasterCamp!

<div class="gutenberg-content">
<p>EasterCamp fra 6.-9. april er stedet å være om du vil ha noen dager sammen med mange andre ungdommer. Denne leiren er for deg som går i 7.-10.klasse. Vi skal tilbringe 4 dager på Trovassli leirsted.</p>



<p>Her vil vi gjøre masse gøye ting, spise god mat og ikke minst, lære mer om hva påska betyr. Og vi har med oss Lars Petter Førnes fra Gjerpen menighet som andaktsholder, så dette blir bra!&nbsp;</p>



<p>Trovassli leirsted i Vinje innbyr til mye lek ute i snøen. Ta med ski og masse uteklær! Vi kommer til å dra til Rauland Skisenter for å stå alpint en av dagene.</p>



<p class="has-blue-color has-text-color">Meld deg på <a href="https://app.checkin.no/event/45804/eastercamp-acta-telemark-2023" target="_blank" rel="noreferrer noopener">HER!</a> (Påmeldingen starter 1.feb)</p>



<figure class="wp-block-image size-large"><img loading="lazy" decoding="async" width="1024" height="1024" src="https://www.normisjon.no/content/uploads/sites/35/2023/01/EasterCamp-2023-1024x1024.png" alt="" class="wp-image-161" srcset="https://www.normisjon.no/content/uploads/sites/35/2023/01/EasterCamp-2023-1024x1024.png 1024w, https://www.normisjon.no/content/uploads/sites/35/2023/01/EasterCamp-2023-300x300.png 300w, https://www.normisjon.no/content/uploads/sites/35/2023/01/EasterCamp-2023-150x150.png 150w, https://www.normisjon.no/content/uploads/sites/35/2023/01/EasterCamp-2023-768x768.png 768w, https://www.normisjon.no/content/uploads/sites/35/2023/01/EasterCamp-2023-960x960.png 960w, https://www.normisjon.no/content/uploads/sites/35/2023/01/EasterCamp-2023.png 1080w" sizes="auto, (max-width: 1024px) 100vw, 1024px" /></figure>
</div>

<p>EasterCamp fra 6.-9. april er stedet å være om du vil ha noen dager sammen med mange andre ungdommer. Denne leiren er for deg som går i 7.-10.klasse. Vi skal tilbringe 4 dager på Trovassli leirsted. Her vil vi gjøre masse gøye ting, spise god mat og ikke minst, lære mer om hva påska betyr. [&hellip;]</p>

<!-- This site is optimized with the Yoast SEO plugin v25.9 - https://yoast.com/wordpress/plugins/seo/ -->
<title>Bli med på EasterCamp! - Acta Region Telemark</title>
<meta name="robots" content="index, follow, max-snippet:-1, max-image-preview:large, max-video-preview:-1" />
<link rel="canonical" href="https://acta.no/telemark/bli-med-pa-eastercamp/" />
<meta property="og:locale" content="nb_NO" />
<meta property="og:type" content="article" />
<meta property="og:title" content="Bli med på EasterCamp! - Acta Region Telemark" />
<meta property="og:description" content="EasterCamp fra 6.-9. april er stedet å være om du vil ha noen dager sammen med mange andre ungdommer. Denne leiren er for deg som går i 7.-10.klasse. Vi skal tilbringe 4 dager på Trovassli leirsted. Her vil vi gjøre masse gøye ting, spise god mat og ikke minst, lære mer om hva påska betyr. [&hellip;]" />
<meta property="og:url" content="https://acta.no/telemark/bli-med-pa-eastercamp/" />
<meta property="og:site_name" content="Acta Region Telemark" />
<meta property="article:modified_time" content="2023-01-25T09:59:30+00:00" />
<meta property="og:image" content="https://www.normisjon.no/content/uploads/sites/35/2023/01/EasterCamp-Instagram-innlegg-Firkantet-2100-×-900-px-1024x439.png" />
	<meta property="og:image:width" content="1024" />
	<meta property="og:image:height" content="439" />
	<meta property="og:image:type" content="image/png" />
<meta name="twitter:card" content="summary_large_image" />
<meta name="twitter:label1" content="Ansl. lesetid" />
	<meta name="twitter:data1" content="1 minutt" />
<script type="application/ld+json" class="yoast-schema-graph">{"@context":"https://schema.org","@graph":[{"@type":"WebPage","@id":"https://acta.no/telemark/bli-med-pa-eastercamp/","url":"https://acta.no/telemark/bli-med-pa-eastercamp/","name":"Bli med på EasterCamp! - Acta Region Telemark","isPartOf":{"@id":"https://acta.no/telemark/#website"},"primaryImageOfPage":{"@id":"https://acta.no/telemark/bli-med-pa-eastercamp/#primaryimage"},"image":{"@id":"https://acta.no/telemark/bli-med-pa-eastercamp/#primaryimage"},"thumbnailUrl":"https://www.normisjon.no/content/uploads/sites/35/2023/01/EasterCamp-Instagram-innlegg-Firkantet-2100-×-900-px.png","datePublished":"2023-01-25T09:56:55+00:00","dateModified":"2023-01-25T09:59:30+00:00","breadcrumb":{"@id":"https://acta.no/telemark/bli-med-pa-eastercamp/#breadcrumb"},"inLanguage":"nb-NO","potentialAction":[{"@type":"ReadAction","target":["https://acta.no/telemark/bli-med-pa-eastercamp/"]}]},{"@type":"ImageObject","inLanguage":"nb-NO","@id":"https://acta.no/telemark/bli-med-pa-eastercamp/#primaryimage","url":"https://www.normisjon.no/content/uploads/sites/35/2023/01/EasterCamp-Instagram-innlegg-Firkantet-2100-×-900-px.png","contentUrl":"https://www.normisjon.no/content/uploads/sites/35/2023/01/EasterCamp-Instagram-innlegg-Firkantet-2100-×-900-px.png","width":2100,"height":900},{"@type":"BreadcrumbList","@id":"https://acta.no/telemark/bli-med-pa-eastercamp/#breadcrumb","itemListElement":[{"@type":"ListItem","position":1,"name":"Til acta.no","item":"https://acta.no/"},{"@type":"ListItem","position":2,"name":"Region Telemark","item":"https://acta.no/telemark/"},{"@type":"ListItem","position":3,"name":"Bli med på EasterCamp!"}]},{"@type":"WebSite","@id":"https://acta.no/telemark/#website","url":"https://acta.no/telemark/","name":"Acta Region Telemark","description":"Telemark","potentialAction":[{"@type":"SearchAction","target":{"@type":"EntryPoint","urlTemplate":"https://acta.no/telemark/?s={search_term_string}"},"query-input":{"@type":"PropertyValueSpecification","valueRequired":true,"valueName":"search_term_string"}}],"inLanguage":"nb-NO"}]}</script>
<!-- / Yoast SEO plugin. -->

Bli med på EasterCamp! - Acta Region Telemark

EasterCamp fra 6.-9. april er stedet å være om du vil ha noen dager sammen med mange andre ungdommer. Denne leiren er for deg som går i 7.-10.klasse. Vi skal tilbringe 4 dager på Trovassli leirsted. Her vil vi gjøre masse gøye ting, spise god mat og ikke minst, lære mer om hva påska betyr. [&hellip;]
