{"id":149,"date":"2023-01-25T09:44:04","date_gmt":"2023-01-25T09:44:04","guid":{"rendered":"https:\/\/acta.no\/telemark\/?page_id=149"},"modified":"2023-01-26T12:42:52","modified_gmt":"2023-01-26T12:42:52","slug":"mannsweekend-17-19-mars-2023","status":"publish","type":"page","link":"https:\/\/acta.no\/telemark\/mannsweekend-17-19-mars-2023\/","title":{"rendered":"Mannsweekend 17.-19.mars 2023"},"content":{"rendered":"<div class=\"gutenberg-content\">\n<p class=\"has-blue-color has-text-color\">P\u00e5meldingen starter l\u00f8rdag 28.januar kl. 12.00.<br>MELD DEG P\u00c5&nbsp;<a href=\"https:\/\/app.checkin.no\/event\/45807\/mannsweekend-2023\" target=\"_blank\" rel=\"noreferrer noopener\">HER!<\/a><\/p>\n\n\n\n<p>Acta og Normisjon \u00f8nsker deg velkommen til en helg bare for mannfolk. Her blir det ski, b\u00e5de i bakke og p\u00e5 flate, for de som \u00f8nsker det, turer, god mat, tid i gamma og ulike andre aktiviteter. Det blir ogs\u00e5 fine samtaler om blant annet tro, hverdag og det \u00e5 v\u00e6re mann i dagens samfunn. Sigmund Holtskog og Ulf Rahm er blant de som blir med og skal ha ansvaret for blant annet samtaler og m\u00f8tene.<\/p>\n\n\n\n<p>P\u00e5 Trovassli har vi firemanns-rom og tenker \u00e5 fylle de opp. S\u00e5 vi h\u00e5per du synes det er greit \u00e5 kanskje m\u00e5tte dele rom med noen du ikke kjenner.<\/p>\n\n\n\n<p>Om du \u00f8nsker rom alene eller med bare en annen si i fra s\u00e5 skal vi gj\u00f8re det vi kan for \u00e5 s\u00f8rge for dette.<\/p>\n\n\n\n<p><strong>Pris:<\/strong><br>Leiravgift: 900,-<br>Melder du p\u00e5 etter 8.&nbsp;mars \u00f8ker prisen med 200,- pr pers.<\/p>\n\n\n\n<p>Vi \u00f8nsker at alle som vil skal f\u00e5 bli med p\u00e5 leir! Det er mulig \u00e5 f\u00e5 dekket leiren av Actas leirst\u00f8tte dersom man av ulike \u00e5rsaker er i en presset \u00f8konomisk situasjon. For mer informasjon&nbsp;ta kontakt med oss p\u00e5&nbsp;may.eriksrod.selle@normisjon.no.&nbsp;<\/p>\n\n\n\n<p><strong>Har du sp\u00f8rsm\u00e5l, kontakt oss p\u00e5 35 52 66 22\/413 74 261 eller acta.telemark@normisjon.no<\/strong><\/p>\n\n\n\n<figure class=\"wp-block-image size-large\"><img loading=\"lazy\" decoding=\"async\" width=\"1024\" height=\"1024\" src=\"https:\/\/www.normisjon.no\/content\/uploads\/sites\/35\/2023\/01\/Mannsweekend-2023-1024x1024.png\" alt=\"\" class=\"wp-image-168\" srcset=\"https:\/\/www.normisjon.no\/content\/uploads\/sites\/35\/2023\/01\/Mannsweekend-2023-1024x1024.png 1024w, https:\/\/www.normisjon.no\/content\/uploads\/sites\/35\/2023\/01\/Mannsweekend-2023-300x300.png 300w, https:\/\/www.normisjon.no\/content\/uploads\/sites\/35\/2023\/01\/Mannsweekend-2023-150x150.png 150w, https:\/\/www.normisjon.no\/content\/uploads\/sites\/35\/2023\/01\/Mannsweekend-2023-768x768.png 768w, https:\/\/www.normisjon.no\/content\/uploads\/sites\/35\/2023\/01\/Mannsweekend-2023-960x960.png 960w, https:\/\/www.normisjon.no\/content\/uploads\/sites\/35\/2023\/01\/Mannsweekend-2023.png 1080w\" sizes=\"auto, (max-width: 1024px) 100vw, 1024px\" \/><\/figure>\n<\/div>","protected":false},"excerpt":{"rendered":"<p>P\u00e5meldingen starter l\u00f8rdag 28.januar kl. 12.00.MELD DEG P\u00c5&nbsp;HER! Acta og Normisjon \u00f8nsker deg velkommen til en helg bare for mannfolk. Her blir det ski, b\u00e5de i bakke og p\u00e5 flate, for de som \u00f8nsker det, turer, god mat, tid i gamma og ulike andre aktiviteter. Det blir ogs\u00e5 fine samtaler om blant annet tro, hverdag [&hellip;]<\/p>\n","protected":false},"author":92,"featured_media":155,"parent":0,"menu_order":0,"comment_status":"closed","ping_status":"closed","template":"","meta":{"_acf_changed":false,"footnotes":""},"class_list":["post-149","page","type-page","status-publish","has-post-thumbnail","hentry"],"acf":[],"yoast_head":"<!-- This site is optimized with the Yoast SEO plugin v25.9 - https:\/\/yoast.com\/wordpress\/plugins\/seo\/ -->\n<title>Mannsweekend 17.-19.mars 2023 - Acta Region Telemark<\/title>\n<meta name=\"robots\" content=\"index, follow, max-snippet:-1, max-image-preview:large, max-video-preview:-1\" \/>\n<link rel=\"canonical\" href=\"https:\/\/acta.no\/telemark\/mannsweekend-17-19-mars-2023\/\" \/>\n<meta property=\"og:locale\" content=\"nb_NO\" \/>\n<meta property=\"og:type\" content=\"article\" \/>\n<meta property=\"og:title\" content=\"Mannsweekend 17.-19.mars 2023 - Acta Region Telemark\" \/>\n<meta property=\"og:description\" content=\"P\u00e5meldingen starter l\u00f8rdag 28.januar kl. 12.00.MELD DEG P\u00c5&nbsp;HER! Acta og Normisjon \u00f8nsker deg velkommen til en helg bare for mannfolk. Her blir det ski, b\u00e5de i bakke og p\u00e5 flate, for de som \u00f8nsker det, turer, god mat, tid i gamma og ulike andre aktiviteter. Det blir ogs\u00e5 fine samtaler om blant annet tro, hverdag [&hellip;]\" \/>\n<meta property=\"og:url\" content=\"https:\/\/acta.no\/telemark\/mannsweekend-17-19-mars-2023\/\" \/>\n<meta property=\"og:site_name\" content=\"Acta Region Telemark\" \/>\n<meta property=\"article:modified_time\" content=\"2023-01-26T12:42:52+00:00\" \/>\n<meta property=\"og:image\" content=\"https:\/\/www.normisjon.no\/content\/uploads\/sites\/35\/2023\/01\/Legg-til-en-overskrift-2100-\u00d7-900-px.png\" \/>\n\t<meta property=\"og:image:width\" content=\"2100\" \/>\n\t<meta property=\"og:image:height\" content=\"900\" \/>\n\t<meta property=\"og:image:type\" content=\"image\/png\" \/>\n<meta name=\"twitter:card\" content=\"summary_large_image\" \/>\n<meta name=\"twitter:label1\" content=\"Ansl. lesetid\" \/>\n\t<meta name=\"twitter:data1\" content=\"2 minutter\" \/>\n<script type=\"application\/ld+json\" class=\"yoast-schema-graph\">{\"@context\":\"https:\/\/schema.org\",\"@graph\":[{\"@type\":\"WebPage\",\"@id\":\"https:\/\/acta.no\/telemark\/mannsweekend-17-19-mars-2023\/\",\"url\":\"https:\/\/acta.no\/telemark\/mannsweekend-17-19-mars-2023\/\",\"name\":\"Mannsweekend 17.-19.mars 2023 - Acta Region Telemark\",\"isPartOf\":{\"@id\":\"https:\/\/acta.no\/telemark\/#website\"},\"primaryImageOfPage\":{\"@id\":\"https:\/\/acta.no\/telemark\/mannsweekend-17-19-mars-2023\/#primaryimage\"},\"image\":{\"@id\":\"https:\/\/acta.no\/telemark\/mannsweekend-17-19-mars-2023\/#primaryimage\"},\"thumbnailUrl\":\"https:\/\/www.normisjon.no\/content\/uploads\/sites\/35\/2023\/01\/Legg-til-en-overskrift-2100-\u00d7-900-px.png\",\"datePublished\":\"2023-01-25T09:44:04+00:00\",\"dateModified\":\"2023-01-26T12:42:52+00:00\",\"breadcrumb\":{\"@id\":\"https:\/\/acta.no\/telemark\/mannsweekend-17-19-mars-2023\/#breadcrumb\"},\"inLanguage\":\"nb-NO\",\"potentialAction\":[{\"@type\":\"ReadAction\",\"target\":[\"https:\/\/acta.no\/telemark\/mannsweekend-17-19-mars-2023\/\"]}]},{\"@type\":\"ImageObject\",\"inLanguage\":\"nb-NO\",\"@id\":\"https:\/\/acta.no\/telemark\/mannsweekend-17-19-mars-2023\/#primaryimage\",\"url\":\"https:\/\/www.normisjon.no\/content\/uploads\/sites\/35\/2023\/01\/Legg-til-en-overskrift-2100-\u00d7-900-px.png\",\"contentUrl\":\"https:\/\/www.normisjon.no\/content\/uploads\/sites\/35\/2023\/01\/Legg-til-en-overskrift-2100-\u00d7-900-px.png\",\"width\":2100,\"height\":900},{\"@type\":\"BreadcrumbList\",\"@id\":\"https:\/\/acta.no\/telemark\/mannsweekend-17-19-mars-2023\/#breadcrumb\",\"itemListElement\":[{\"@type\":\"ListItem\",\"position\":1,\"name\":\"Til acta.no\",\"item\":\"https:\/\/acta.no\/\"},{\"@type\":\"ListItem\",\"position\":2,\"name\":\"Region Telemark\",\"item\":\"https:\/\/acta.no\/telemark\/\"},{\"@type\":\"ListItem\",\"position\":3,\"name\":\"Mannsweekend 17.-19.mars 2023\"}]},{\"@type\":\"WebSite\",\"@id\":\"https:\/\/acta.no\/telemark\/#website\",\"url\":\"https:\/\/acta.no\/telemark\/\",\"name\":\"Acta Region Telemark\",\"description\":\"Telemark\",\"potentialAction\":[{\"@type\":\"SearchAction\",\"target\":{\"@type\":\"EntryPoint\",\"urlTemplate\":\"https:\/\/acta.no\/telemark\/?s={search_term_string}\"},\"query-input\":{\"@type\":\"PropertyValueSpecification\",\"valueRequired\":true,\"valueName\":\"search_term_string\"}}],\"inLanguage\":\"nb-NO\"}]}<\/script>\n<!-- \/ Yoast SEO plugin. -->","yoast_head_json":{"title":"Mannsweekend 17.-19.mars 2023 - Acta Region Telemark","robots":{"index":"index","follow":"follow","max-snippet":"max-snippet:-1","max-image-preview":"max-image-preview:large","max-video-preview":"max-video-preview:-1"},"canonical":"https:\/\/acta.no\/telemark\/mannsweekend-17-19-mars-2023\/","og_locale":"nb_NO","og_type":"article","og_title":"Mannsweekend 17.-19.mars 2023 - Acta Region Telemark","og_description":"P\u00e5meldingen starter l\u00f8rdag 28.januar kl. 12.00.MELD DEG P\u00c5&nbsp;HER! Acta og Normisjon \u00f8nsker deg velkommen til en helg bare for mannfolk. Her blir det ski, b\u00e5de i bakke og p\u00e5 flate, for de som \u00f8nsker det, turer, god mat, tid i gamma og ulike andre aktiviteter. Det blir ogs\u00e5 fine samtaler om blant annet tro, hverdag [&hellip;]","og_url":"https:\/\/acta.no\/telemark\/mannsweekend-17-19-mars-2023\/","og_site_name":"Acta Region Telemark","article_modified_time":"2023-01-26T12:42:52+00:00","og_image":[{"width":2100,"height":900,"url":"https:\/\/www.normisjon.no\/content\/uploads\/sites\/35\/2023\/01\/Legg-til-en-overskrift-2100-\u00d7-900-px.png","type":"image\/png"}],"twitter_card":"summary_large_image","twitter_misc":{"Ansl. lesetid":"2 minutter"},"schema":{"@context":"https:\/\/schema.org","@graph":[{"@type":"WebPage","@id":"https:\/\/acta.no\/telemark\/mannsweekend-17-19-mars-2023\/","url":"https:\/\/acta.no\/telemark\/mannsweekend-17-19-mars-2023\/","name":"Mannsweekend 17.-19.mars 2023 - Acta Region Telemark","isPartOf":{"@id":"https:\/\/acta.no\/telemark\/#website"},"primaryImageOfPage":{"@id":"https:\/\/acta.no\/telemark\/mannsweekend-17-19-mars-2023\/#primaryimage"},"image":{"@id":"https:\/\/acta.no\/telemark\/mannsweekend-17-19-mars-2023\/#primaryimage"},"thumbnailUrl":"https:\/\/www.normisjon.no\/content\/uploads\/sites\/35\/2023\/01\/Legg-til-en-overskrift-2100-\u00d7-900-px.png","datePublished":"2023-01-25T09:44:04+00:00","dateModified":"2023-01-26T12:42:52+00:00","breadcrumb":{"@id":"https:\/\/acta.no\/telemark\/mannsweekend-17-19-mars-2023\/#breadcrumb"},"inLanguage":"nb-NO","potentialAction":[{"@type":"ReadAction","target":["https:\/\/acta.no\/telemark\/mannsweekend-17-19-mars-2023\/"]}]},{"@type":"ImageObject","inLanguage":"nb-NO","@id":"https:\/\/acta.no\/telemark\/mannsweekend-17-19-mars-2023\/#primaryimage","url":"https:\/\/www.normisjon.no\/content\/uploads\/sites\/35\/2023\/01\/Legg-til-en-overskrift-2100-\u00d7-900-px.png","contentUrl":"https:\/\/www.normisjon.no\/content\/uploads\/sites\/35\/2023\/01\/Legg-til-en-overskrift-2100-\u00d7-900-px.png","width":2100,"height":900},{"@type":"BreadcrumbList","@id":"https:\/\/acta.no\/telemark\/mannsweekend-17-19-mars-2023\/#breadcrumb","itemListElement":[{"@type":"ListItem","position":1,"name":"Til acta.no","item":"https:\/\/acta.no\/"},{"@type":"ListItem","position":2,"name":"Region Telemark","item":"https:\/\/acta.no\/telemark\/"},{"@type":"ListItem","position":3,"name":"Mannsweekend 17.-19.mars 2023"}]},{"@type":"WebSite","@id":"https:\/\/acta.no\/telemark\/#website","url":"https:\/\/acta.no\/telemark\/","name":"Acta Region Telemark","description":"Telemark","potentialAction":[{"@type":"SearchAction","target":{"@type":"EntryPoint","urlTemplate":"https:\/\/acta.no\/telemark\/?s={search_term_string}"},"query-input":{"@type":"PropertyValueSpecification","valueRequired":true,"valueName":"search_term_string"}}],"inLanguage":"nb-NO"}]}},"_links":{"self":[{"href":"https:\/\/acta.no\/telemark\/wp-json\/wp\/v2\/pages\/149","targetHints":{"allow":["GET"]}}],"collection":[{"href":"https:\/\/acta.no\/telemark\/wp-json\/wp\/v2\/pages"}],"about":[{"href":"https:\/\/acta.no\/telemark\/wp-json\/wp\/v2\/types\/page"}],"author":[{"embeddable":true,"href":"https:\/\/acta.no\/telemark\/wp-json\/wp\/v2\/users\/92"}],"replies":[{"embeddable":true,"href":"https:\/\/acta.no\/telemark\/wp-json\/wp\/v2\/comments?post=149"}],"version-history":[{"count":6,"href":"https:\/\/acta.no\/telemark\/wp-json\/wp\/v2\/pages\/149\/revisions"}],"predecessor-version":[{"id":169,"href":"https:\/\/acta.no\/telemark\/wp-json\/wp\/v2\/pages\/149\/revisions\/169"}],"wp:featuredmedia":[{"embeddable":true,"href":"https:\/\/acta.no\/telemark\/wp-json\/wp\/v2\/media\/155"}],"wp:attachment":[{"href":"https:\/\/acta.no\/telemark\/wp-json\/wp\/v2\/media?parent=149"}],"curies":[{"name":"wp","href":"https:\/\/api.w.org\/{rel}","templated":true}]}}

<div class="gutenberg-content">
<p class="has-blue-color has-text-color">Påmeldingen starter lørdag 28.januar kl. 12.00.<br>MELD DEG PÅ&nbsp;<a href="https://app.checkin.no/event/45807/mannsweekend-2023" target="_blank" rel="noreferrer noopener">HER!</a></p>



<p>Acta og Normisjon ønsker deg velkommen til en helg bare for mannfolk. Her blir det ski, både i bakke og på flate, for de som ønsker det, turer, god mat, tid i gamma og ulike andre aktiviteter. Det blir også fine samtaler om blant annet tro, hverdag og det å være mann i dagens samfunn. Sigmund Holtskog og Ulf Rahm er blant de som blir med og skal ha ansvaret for blant annet samtaler og møtene.</p>



<p>På Trovassli har vi firemanns-rom og tenker å fylle de opp. Så vi håper du synes det er greit å kanskje måtte dele rom med noen du ikke kjenner.</p>



<p>Om du ønsker rom alene eller med bare en annen si i fra så skal vi gjøre det vi kan for å sørge for dette.</p>



<p><strong>Pris:</strong><br>Leiravgift: 900,-<br>Melder du på etter 8.&nbsp;mars øker prisen med 200,- pr pers.</p>



<p>Vi ønsker at alle som vil skal få bli med på leir! Det er mulig å få dekket leiren av Actas leirstøtte dersom man av ulike årsaker er i en presset økonomisk situasjon. For mer informasjon&nbsp;ta kontakt med oss på&nbsp;may.eriksrod.selle@normisjon.no.&nbsp;</p>



<p><strong>Har du spørsmål, kontakt oss på 35 52 66 22/413 74 261 eller acta.telemark@normisjon.no</strong></p>



<figure class="wp-block-image size-large"><img loading="lazy" decoding="async" width="1024" height="1024" src="https://www.normisjon.no/content/uploads/sites/35/2023/01/Mannsweekend-2023-1024x1024.png" alt="" class="wp-image-168" srcset="https://www.normisjon.no/content/uploads/sites/35/2023/01/Mannsweekend-2023-1024x1024.png 1024w, https://www.normisjon.no/content/uploads/sites/35/2023/01/Mannsweekend-2023-300x300.png 300w, https://www.normisjon.no/content/uploads/sites/35/2023/01/Mannsweekend-2023-150x150.png 150w, https://www.normisjon.no/content/uploads/sites/35/2023/01/Mannsweekend-2023-768x768.png 768w, https://www.normisjon.no/content/uploads/sites/35/2023/01/Mannsweekend-2023-960x960.png 960w, https://www.normisjon.no/content/uploads/sites/35/2023/01/Mannsweekend-2023.png 1080w" sizes="auto, (max-width: 1024px) 100vw, 1024px" /></figure>
</div>

<p>Påmeldingen starter lørdag 28.januar kl. 12.00.MELD DEG PÅ&nbsp;HER! Acta og Normisjon ønsker deg velkommen til en helg bare for mannfolk. Her blir det ski, både i bakke og på flate, for de som ønsker det, turer, god mat, tid i gamma og ulike andre aktiviteter. Det blir også fine samtaler om blant annet tro, hverdag [&hellip;]</p>

<!-- This site is optimized with the Yoast SEO plugin v25.9 - https://yoast.com/wordpress/plugins/seo/ -->
<title>Mannsweekend 17.-19.mars 2023 - Acta Region Telemark</title>
<meta name="robots" content="index, follow, max-snippet:-1, max-image-preview:large, max-video-preview:-1" />
<link rel="canonical" href="https://acta.no/telemark/mannsweekend-17-19-mars-2023/" />
<meta property="og:locale" content="nb_NO" />
<meta property="og:type" content="article" />
<meta property="og:title" content="Mannsweekend 17.-19.mars 2023 - Acta Region Telemark" />
<meta property="og:description" content="Påmeldingen starter lørdag 28.januar kl. 12.00.MELD DEG PÅ&nbsp;HER! Acta og Normisjon ønsker deg velkommen til en helg bare for mannfolk. Her blir det ski, både i bakke og på flate, for de som ønsker det, turer, god mat, tid i gamma og ulike andre aktiviteter. Det blir også fine samtaler om blant annet tro, hverdag [&hellip;]" />
<meta property="og:url" content="https://acta.no/telemark/mannsweekend-17-19-mars-2023/" />
<meta property="og:site_name" content="Acta Region Telemark" />
<meta property="article:modified_time" content="2023-01-26T12:42:52+00:00" />
<meta property="og:image" content="https://www.normisjon.no/content/uploads/sites/35/2023/01/Legg-til-en-overskrift-2100-×-900-px.png" />
	<meta property="og:image:width" content="2100" />
	<meta property="og:image:height" content="900" />
	<meta property="og:image:type" content="image/png" />
<meta name="twitter:card" content="summary_large_image" />
<meta name="twitter:label1" content="Ansl. lesetid" />
	<meta name="twitter:data1" content="2 minutter" />
<script type="application/ld+json" class="yoast-schema-graph">{"@context":"https://schema.org","@graph":[{"@type":"WebPage","@id":"https://acta.no/telemark/mannsweekend-17-19-mars-2023/","url":"https://acta.no/telemark/mannsweekend-17-19-mars-2023/","name":"Mannsweekend 17.-19.mars 2023 - Acta Region Telemark","isPartOf":{"@id":"https://acta.no/telemark/#website"},"primaryImageOfPage":{"@id":"https://acta.no/telemark/mannsweekend-17-19-mars-2023/#primaryimage"},"image":{"@id":"https://acta.no/telemark/mannsweekend-17-19-mars-2023/#primaryimage"},"thumbnailUrl":"https://www.normisjon.no/content/uploads/sites/35/2023/01/Legg-til-en-overskrift-2100-×-900-px.png","datePublished":"2023-01-25T09:44:04+00:00","dateModified":"2023-01-26T12:42:52+00:00","breadcrumb":{"@id":"https://acta.no/telemark/mannsweekend-17-19-mars-2023/#breadcrumb"},"inLanguage":"nb-NO","potentialAction":[{"@type":"ReadAction","target":["https://acta.no/telemark/mannsweekend-17-19-mars-2023/"]}]},{"@type":"ImageObject","inLanguage":"nb-NO","@id":"https://acta.no/telemark/mannsweekend-17-19-mars-2023/#primaryimage","url":"https://www.normisjon.no/content/uploads/sites/35/2023/01/Legg-til-en-overskrift-2100-×-900-px.png","contentUrl":"https://www.normisjon.no/content/uploads/sites/35/2023/01/Legg-til-en-overskrift-2100-×-900-px.png","width":2100,"height":900},{"@type":"BreadcrumbList","@id":"https://acta.no/telemark/mannsweekend-17-19-mars-2023/#breadcrumb","itemListElement":[{"@type":"ListItem","position":1,"name":"Til acta.no","item":"https://acta.no/"},{"@type":"ListItem","position":2,"name":"Region Telemark","item":"https://acta.no/telemark/"},{"@type":"ListItem","position":3,"name":"Mannsweekend 17.-19.mars 2023"}]},{"@type":"WebSite","@id":"https://acta.no/telemark/#website","url":"https://acta.no/telemark/","name":"Acta Region Telemark","description":"Telemark","potentialAction":[{"@type":"SearchAction","target":{"@type":"EntryPoint","urlTemplate":"https://acta.no/telemark/?s={search_term_string}"},"query-input":{"@type":"PropertyValueSpecification","valueRequired":true,"valueName":"search_term_string"}}],"inLanguage":"nb-NO"}]}</script>
<!-- / Yoast SEO plugin. -->

Påmeldingen starter lørdag 28.januar kl. 12.00.MELD DEG PÅ&nbsp;HER! Acta og Normisjon ønsker deg velkommen til en helg bare for mannfolk. Her blir det ski, både i bakke og på flate, for de som ønsker det, turer, god mat, tid i gamma og ulike andre aktiviteter. Det blir også fine samtaler om blant annet tro, hverdag [&hellip;]
