{"id":2038,"date":"2024-10-01T14:42:39","date_gmt":"2024-10-01T14:42:39","guid":{"rendered":"https:\/\/acta.no\/ostfold\/?page_id=2038"},"modified":"2024-10-01T14:51:09","modified_gmt":"2024-10-01T14:51:09","slug":"strategisamling-2-2","status":"publish","type":"page","link":"https:\/\/acta.no\/ostfold\/strategisamling-2-2\/","title":{"rendered":"Strategisamling 2"},"content":{"rendered":"<div class=\"gutenberg-content\">\n<figure class=\"wp-block-image size-full is-resized\"><img loading=\"lazy\" decoding=\"async\" src=\"https:\/\/www.normisjon.no\/content\/uploads\/sites\/39\/2024\/10\/PULS-2.png\" alt=\"\" class=\"wp-image-2037\" width=\"567\" height=\"378\" srcset=\"https:\/\/www.normisjon.no\/content\/uploads\/sites\/39\/2024\/10\/PULS-2.png 567w, https:\/\/www.normisjon.no\/content\/uploads\/sites\/39\/2024\/10\/PULS-2-300x200.png 300w\" sizes=\"auto, (max-width: 567px) 100vw, 567px\" \/><\/figure>\n\n\n\n<p><strong>Oppsummering fra Strategim\u00f8te 9. sept. i Normisjon region \u00d8stfold<\/strong><\/p>\n\n\n\n<p>P\u00e5 samlingen snakket vi en del om rollen til region styre og stab sett i forhold til lokale foreninger. Vi har i det siste jobbet litt med uttrykket fra vaktmestertjeneste til entrepren\u00f8rskap. Vi tror det er p\u00e5 tide \u00e5 komme i gang med denne endringen n\u00e5. Det betyr at vi i mindre grad er p\u00e5 bes\u00f8k i foreninger og holder enkeltvis andakter, men heller bruker tid sammen med foreninger til \u00e5 utvikle noe eksisterende, eller for \u00e5 starte opp noe nytt lokalt. Vi er s\u00e5 velsignet i v\u00e5r region med \u00e5 ha mange frivillige forkynnere, s\u00e5 tilbudet til foreningene p\u00e5 dette omr\u00e5det b\u00f8r ikke bli redusert. En forutsetning for dette er imidlertid at dere bruker oss til \u00abbyggevirksomhet\u00bb. Vi har et \u00f8nske om \u00e5 jobbe tettere med foreningene, men dersom dette f\u00f8rer til f\u00e6rre foreningsbes\u00f8k totalt m\u00e5 vi revurdere arbeidet v\u00e5rt p\u00e5 nytt.<\/p>\n\n\n\n<p>Deretter snakket vi om hvordan lansering av endringer virker p\u00e5 oss. Ikke alle endringer er gode eller n\u00f8dvendige, men nye forslag trenger heller ikke \u00e5 v\u00e6re d\u00e5rlig selv om vi f\u00e5r en d\u00e5rlig f\u00f8lelse. Dersom vi lar f\u00f8lelsene styre oss s\u00e5 er det helt normalt at vi f\u00f8ler b\u00e5de utrygghet, sinne og tristhet dersom noe vi er glad i f\u00f8les truet. Det beste utgangpunktet for en vurdering er b\u00f8nn. Dernest kan det v\u00e6re lurt \u00e5 se p\u00e5 fakta \u2013 ikke bare p\u00e5 hva vi f\u00f8ler. Hvis vi f\u00e5r opp et felles bilde av n\u00e5situasjon, og ogs\u00e5 et bilde av hva vi \u00f8nsker av utvikling \u2013 ja, da er det lagt et godt grunnlag for videre arbeid. De fleste mennesker f\u00f8ler ubehag ved endring fordi man f\u00f8ler utrygghet eller mangel p\u00e5 involvering. Start prosesser som eliminerer dette, og sjansen er stor for at flokken din er rimelig klar for en liten eller stor endring. &nbsp;Se vedlagt m\u00f8tehefte for mer beskrivelse av dette. Dersom dere \u00f8nsker en presentasjon eller hjelp for \u00e5 starte prosesser rundt dette eller annet fra disse strategim\u00f8tene i deres styre eller forening s\u00e5 er det bare \u00e5 ta kontakt med \u00c5smund p\u00e5 90079700 eller <a href=\"mailto:asmund@normisjon.no\">asmund@normisjon.no<\/a><\/p>\n\n\n\n<p>Med 2 bolker igjen f\u00f8r gruppearbeidet snakket vi f\u00f8rst litt om hvilke konsepter vi i regionen har jobbet med, og som vi h\u00e5per flere foreninger vil ettersp\u00f8rre. Det gjelder Storsamlinger \u2013 hvor region sammen med lokal(e) forening(er) lager et arrangement for alle generasjoner. Dernest presenterte vi Huskirken som er et nettverk av hus-fellesskap hvor vi deler tro og liv. Sist, men ikke minst presenterte vi Acta Akademiet som er et tro, leder og livshjelps -kurs med varighet fra 13 \u00e5rs alder til fylte 19 \u00e5r. Vi kan ikke komme p\u00e5 noe bedre m\u00e5te \u00e5 ta vare p\u00e5 ungdommen v\u00e5r p\u00e5. M\u00e5let er \u00e5 gi ungdommene s\u00e5 god kunnskap, relasjon og erfaring at n\u00e5r de skal ta de store valgene i livet s\u00e5 har de f\u00e5tt med seg nok bagasje til \u00e5 kunne ta gode valg.<\/p>\n\n\n\n<p>I siste bolk fikk vi noen eksempler p\u00e5 foreninger, forsamlinger og menigheter som p\u00e5 et tidligere tidspunkt har innsett sin situasjon dersom ikke noe grunnleggende forandres. I eksemplene fikk vi forskjellige historier for hvor de hadde sett de kunne satse, og vi h\u00f8rte om noen viktige steg underveis som hadde lagt grunnlaget for hvor de er i dag. Ingen eksempler kunne fortelle om at noe hadde kommet til av seg selv, men gjennom b\u00f8nn og m\u00e5lrettet arbeid fra de som hadde valgt \u00e5 bli med p\u00e5 satsningen har gitt resultater hos alle.<\/p>\n\n\n\n<p>Gruppearbeidet handlet om DPULS og m\u00e5let var \u00e5 utarbeide en liste med forslag under de 5 bokstavene som kan fungere som en idebank i foreningene sitt lokale arbeid.<\/p>\n\n\n\n<p>P\u00e5 neste strategisamling skal vi samle tr\u00e5dene for det vi har v\u00e6rt gjennom s\u00e5 langt, og sammen skal vi ta skritt for skritt i et eksempel som kan v\u00e6re gjenkjennbart i flere foreninger. Vi oppfordrer hele styrer og gjerne ogs\u00e5 andre interesserte personer fra hver enkelt \u00e5 bli med. Dere kan ikke regne med \u00e5 f\u00e5 brukt tiden p\u00e5 samlingen til lokalt styrearbeid, men dersom dere er flere s\u00e5 er det s\u00e5 mye enklere \u00e5 komme i gang lokalt, pluss at dere f\u00e5r mulighet til \u00e5 hente inspirasjon og ideer fra forskjellig hold.<\/p>\n\n\n<ul class=\"t2-link-list has-2-items wp-block-t2-link-list\">\n\t<li class=\"t2-link-list-item wp-block-t2-link-list-item\">\n\t\t<a\n\t\t\thref=\"https:\/\/www.normisjon.no\/content\/uploads\/sites\/39\/2024\/10\/Tilbakemelding-fra-gruppearbeid-09.09.2024.pdf\"\n\t\t\tclass=\"t2-link-list-item__link t2-link-list__icon--left\"\n\t\t\trel=\"noreferrer noopener\" target=\"_blank\"\t\t>\n\t\t\t<span class=\"t2-link-list-item__icon\"><span class=\"t2-link-list-item__icon-box\"><\/span><svg xmlns=\"http:\/\/www.w3.org\/2000\/svg\" viewBox=\"0 0 24 24\" height=\"24\" width=\"24\" class=\"t2-icon t2-icon-linkexternal\" aria-hidden=\"true\" focusable=\"false\"><path d=\"M5 21c-.5 0-1-.2-1.4-.6S3 19.6 3 19V5c0-.6.2-1 .6-1.4S4.5 3 5 3h6c.3 0 .5.1.7.3.2.2.3.4.3.7 0 .3-.1.5-.3.7-.2.2-.4.3-.7.3H5v14h14v-6c0-.3.1-.5.3-.7.2-.2.4-.3.7-.3s.5.1.7.3c.2.2.3.4.3.7v6c0 .6-.2 1-.6 1.4s-.8.6-1.4.6H5zm4-6c-.2-.2-.3-.4-.3-.7s.1-.5.3-.7L17.6 5H15c-.3 0-.5-.1-.7-.3-.2-.2-.3-.4-.3-.7 0-.3.1-.5.3-.7.2-.2.4-.3.7-.3h5c.3 0 .5.1.7.3.2.2.3.4.3.7v5c0 .3-.1.5-.3.7-.2.2-.4.3-.7.3s-.5-.1-.7-.3c-.2-.2-.3-.4-.3-.7V6.4L10.4 15c-.2.2-.4.3-.7.3s-.5-.1-.7-.3z\" fill=\"currentColor\" \/><\/svg><\/span>\t\t\t<div class=\"t2-link-list-item__content\">\n\n\t\t\t\t\n\t\t\t\t<span id=\"link-list-item-text\" class=\"t2-link-list-item__text\">\n\t\t\t\t\tOppsummering fra gruppearbeidet\t\t\t\t<\/span>\n\t\t\t\t\t\t\t<\/div>\n\t\t<\/a>\n\t<\/li>\n\t\n\n\t<li class=\"t2-link-list-item wp-block-t2-link-list-item\">\n\t\t<a\n\t\t\thref=\"https:\/\/www.normisjon.no\/content\/uploads\/sites\/39\/2024\/10\/Strategisamling-2.pdf\"\n\t\t\tclass=\"t2-link-list-item__link t2-link-list__icon--left\"\n\t\t\trel=\"noreferrer noopener\" target=\"_blank\"\t\t>\n\t\t\t<span class=\"t2-link-list-item__icon\"><span class=\"t2-link-list-item__icon-box\"><\/span><svg xmlns=\"http:\/\/www.w3.org\/2000\/svg\" viewBox=\"0 0 24 24\" height=\"24\" width=\"24\" class=\"t2-icon t2-icon-linkexternal\" aria-hidden=\"true\" focusable=\"false\"><path d=\"M5 21c-.5 0-1-.2-1.4-.6S3 19.6 3 19V5c0-.6.2-1 .6-1.4S4.5 3 5 3h6c.3 0 .5.1.7.3.2.2.3.4.3.7 0 .3-.1.5-.3.7-.2.2-.4.3-.7.3H5v14h14v-6c0-.3.1-.5.3-.7.2-.2.4-.3.7-.3s.5.1.7.3c.2.2.3.4.3.7v6c0 .6-.2 1-.6 1.4s-.8.6-1.4.6H5zm4-6c-.2-.2-.3-.4-.3-.7s.1-.5.3-.7L17.6 5H15c-.3 0-.5-.1-.7-.3-.2-.2-.3-.4-.3-.7 0-.3.1-.5.3-.7.2-.2.4-.3.7-.3h5c.3 0 .5.1.7.3.2.2.3.4.3.7v5c0 .3-.1.5-.3.7-.2.2-.4.3-.7.3s-.5-.1-.7-.3c-.2-.2-.3-.4-.3-.7V6.4L10.4 15c-.2.2-.4.3-.7.3s-.5-.1-.7-.3z\" fill=\"currentColor\" \/><\/svg><\/span>\t\t\t<div class=\"t2-link-list-item__content\">\n\n\t\t\t\t\n\t\t\t\t<span id=\"link-list-item-text-1\" class=\"t2-link-list-item__text\">\n\t\t\t\t\tKurspresentasjon\t\t\t\t<\/span>\n\t\t\t\t\t\t\t<\/div>\n\t\t<\/a>\n\t<\/li>\n\t\n<\/ul><\/div>","protected":false},"excerpt":{"rendered":"<p>Oppsummering fra Strategim\u00f8te 9. sept. i Normisjon region \u00d8stfold P\u00e5 samlingen snakket vi en del om rollen til region styre og stab sett i forhold til lokale foreninger. Vi har i det siste jobbet litt med uttrykket fra vaktmestertjeneste til entrepren\u00f8rskap. Vi tror det er p\u00e5 tide \u00e5 komme i gang med denne endringen n\u00e5. [&hellip;]<\/p>\n","protected":false},"author":25,"featured_media":0,"parent":0,"menu_order":0,"comment_status":"closed","ping_status":"closed","template":"","meta":{"_acf_changed":false,"footnotes":""},"class_list":["post-2038","page","type-page","status-publish","hentry"],"acf":[],"yoast_head":"<!-- This site is optimized with the Yoast SEO plugin v25.9 - https:\/\/yoast.com\/wordpress\/plugins\/seo\/ -->\n<title>Strategisamling 2 - Acta Region \u00d8stfold<\/title>\n<meta name=\"robots\" content=\"index, follow, max-snippet:-1, max-image-preview:large, max-video-preview:-1\" \/>\n<link rel=\"canonical\" href=\"https:\/\/acta.no\/ostfold\/strategisamling-2-2\/\" \/>\n<meta property=\"og:locale\" content=\"nb_NO\" \/>\n<meta property=\"og:type\" content=\"article\" \/>\n<meta property=\"og:title\" content=\"Strategisamling 2 - Acta Region \u00d8stfold\" \/>\n<meta property=\"og:description\" content=\"Oppsummering fra Strategim\u00f8te 9. sept. i Normisjon region \u00d8stfold P\u00e5 samlingen snakket vi en del om rollen til region styre og stab sett i forhold til lokale foreninger. Vi har i det siste jobbet litt med uttrykket fra vaktmestertjeneste til entrepren\u00f8rskap. Vi tror det er p\u00e5 tide \u00e5 komme i gang med denne endringen n\u00e5. [&hellip;]\" \/>\n<meta property=\"og:url\" content=\"https:\/\/acta.no\/ostfold\/strategisamling-2-2\/\" \/>\n<meta property=\"og:site_name\" content=\"Acta Region \u00d8stfold\" \/>\n<meta property=\"article:modified_time\" content=\"2024-10-01T14:51:09+00:00\" \/>\n<meta property=\"og:image\" content=\"https:\/\/www.normisjon.no\/content\/uploads\/sites\/39\/2024\/10\/PULS-2.png\" \/>\n<meta name=\"twitter:card\" content=\"summary_large_image\" \/>\n<meta name=\"twitter:label1\" content=\"Ansl. lesetid\" \/>\n\t<meta name=\"twitter:data1\" content=\"4 minutter\" \/>\n<script type=\"application\/ld+json\" class=\"yoast-schema-graph\">{\"@context\":\"https:\/\/schema.org\",\"@graph\":[{\"@type\":\"WebPage\",\"@id\":\"https:\/\/acta.no\/ostfold\/strategisamling-2-2\/\",\"url\":\"https:\/\/acta.no\/ostfold\/strategisamling-2-2\/\",\"name\":\"Strategisamling 2 - Acta Region \u00d8stfold\",\"isPartOf\":{\"@id\":\"https:\/\/acta.no\/ostfold\/#website\"},\"primaryImageOfPage\":{\"@id\":\"https:\/\/acta.no\/ostfold\/strategisamling-2-2\/#primaryimage\"},\"image\":{\"@id\":\"https:\/\/acta.no\/ostfold\/strategisamling-2-2\/#primaryimage\"},\"thumbnailUrl\":\"https:\/\/www.normisjon.no\/content\/uploads\/sites\/39\/2024\/10\/PULS-2.png\",\"datePublished\":\"2024-10-01T14:42:39+00:00\",\"dateModified\":\"2024-10-01T14:51:09+00:00\",\"breadcrumb\":{\"@id\":\"https:\/\/acta.no\/ostfold\/strategisamling-2-2\/#breadcrumb\"},\"inLanguage\":\"nb-NO\",\"potentialAction\":[{\"@type\":\"ReadAction\",\"target\":[\"https:\/\/acta.no\/ostfold\/strategisamling-2-2\/\"]}]},{\"@type\":\"ImageObject\",\"inLanguage\":\"nb-NO\",\"@id\":\"https:\/\/acta.no\/ostfold\/strategisamling-2-2\/#primaryimage\",\"url\":\"https:\/\/www.normisjon.no\/content\/uploads\/sites\/39\/2024\/10\/PULS-2.png\",\"contentUrl\":\"https:\/\/www.normisjon.no\/content\/uploads\/sites\/39\/2024\/10\/PULS-2.png\"},{\"@type\":\"BreadcrumbList\",\"@id\":\"https:\/\/acta.no\/ostfold\/strategisamling-2-2\/#breadcrumb\",\"itemListElement\":[{\"@type\":\"ListItem\",\"position\":1,\"name\":\"Til acta.no\",\"item\":\"https:\/\/acta.no\/\"},{\"@type\":\"ListItem\",\"position\":2,\"name\":\"Region \u00d8stfold\",\"item\":\"https:\/\/acta.no\/ostfold\/\"},{\"@type\":\"ListItem\",\"position\":3,\"name\":\"Strategisamling 2\"}]},{\"@type\":\"WebSite\",\"@id\":\"https:\/\/acta.no\/ostfold\/#website\",\"url\":\"https:\/\/acta.no\/ostfold\/\",\"name\":\"Acta Region \u00d8stfold\",\"description\":\"\u00d8stfold\",\"potentialAction\":[{\"@type\":\"SearchAction\",\"target\":{\"@type\":\"EntryPoint\",\"urlTemplate\":\"https:\/\/acta.no\/ostfold\/?s={search_term_string}\"},\"query-input\":{\"@type\":\"PropertyValueSpecification\",\"valueRequired\":true,\"valueName\":\"search_term_string\"}}],\"inLanguage\":\"nb-NO\"}]}<\/script>\n<!-- \/ Yoast SEO plugin. -->","yoast_head_json":{"title":"Strategisamling 2 - Acta Region \u00d8stfold","robots":{"index":"index","follow":"follow","max-snippet":"max-snippet:-1","max-image-preview":"max-image-preview:large","max-video-preview":"max-video-preview:-1"},"canonical":"https:\/\/acta.no\/ostfold\/strategisamling-2-2\/","og_locale":"nb_NO","og_type":"article","og_title":"Strategisamling 2 - Acta Region \u00d8stfold","og_description":"Oppsummering fra Strategim\u00f8te 9. sept. i Normisjon region \u00d8stfold P\u00e5 samlingen snakket vi en del om rollen til region styre og stab sett i forhold til lokale foreninger. Vi har i det siste jobbet litt med uttrykket fra vaktmestertjeneste til entrepren\u00f8rskap. Vi tror det er p\u00e5 tide \u00e5 komme i gang med denne endringen n\u00e5. [&hellip;]","og_url":"https:\/\/acta.no\/ostfold\/strategisamling-2-2\/","og_site_name":"Acta Region \u00d8stfold","article_modified_time":"2024-10-01T14:51:09+00:00","og_image":[{"url":"https:\/\/www.normisjon.no\/content\/uploads\/sites\/39\/2024\/10\/PULS-2.png","type":"","width":"","height":""}],"twitter_card":"summary_large_image","twitter_misc":{"Ansl. lesetid":"4 minutter"},"schema":{"@context":"https:\/\/schema.org","@graph":[{"@type":"WebPage","@id":"https:\/\/acta.no\/ostfold\/strategisamling-2-2\/","url":"https:\/\/acta.no\/ostfold\/strategisamling-2-2\/","name":"Strategisamling 2 - Acta Region \u00d8stfold","isPartOf":{"@id":"https:\/\/acta.no\/ostfold\/#website"},"primaryImageOfPage":{"@id":"https:\/\/acta.no\/ostfold\/strategisamling-2-2\/#primaryimage"},"image":{"@id":"https:\/\/acta.no\/ostfold\/strategisamling-2-2\/#primaryimage"},"thumbnailUrl":"https:\/\/www.normisjon.no\/content\/uploads\/sites\/39\/2024\/10\/PULS-2.png","datePublished":"2024-10-01T14:42:39+00:00","dateModified":"2024-10-01T14:51:09+00:00","breadcrumb":{"@id":"https:\/\/acta.no\/ostfold\/strategisamling-2-2\/#breadcrumb"},"inLanguage":"nb-NO","potentialAction":[{"@type":"ReadAction","target":["https:\/\/acta.no\/ostfold\/strategisamling-2-2\/"]}]},{"@type":"ImageObject","inLanguage":"nb-NO","@id":"https:\/\/acta.no\/ostfold\/strategisamling-2-2\/#primaryimage","url":"https:\/\/www.normisjon.no\/content\/uploads\/sites\/39\/2024\/10\/PULS-2.png","contentUrl":"https:\/\/www.normisjon.no\/content\/uploads\/sites\/39\/2024\/10\/PULS-2.png"},{"@type":"BreadcrumbList","@id":"https:\/\/acta.no\/ostfold\/strategisamling-2-2\/#breadcrumb","itemListElement":[{"@type":"ListItem","position":1,"name":"Til acta.no","item":"https:\/\/acta.no\/"},{"@type":"ListItem","position":2,"name":"Region \u00d8stfold","item":"https:\/\/acta.no\/ostfold\/"},{"@type":"ListItem","position":3,"name":"Strategisamling 2"}]},{"@type":"WebSite","@id":"https:\/\/acta.no\/ostfold\/#website","url":"https:\/\/acta.no\/ostfold\/","name":"Acta Region \u00d8stfold","description":"\u00d8stfold","potentialAction":[{"@type":"SearchAction","target":{"@type":"EntryPoint","urlTemplate":"https:\/\/acta.no\/ostfold\/?s={search_term_string}"},"query-input":{"@type":"PropertyValueSpecification","valueRequired":true,"valueName":"search_term_string"}}],"inLanguage":"nb-NO"}]}},"_links":{"self":[{"href":"https:\/\/acta.no\/ostfold\/wp-json\/wp\/v2\/pages\/2038","targetHints":{"allow":["GET"]}}],"collection":[{"href":"https:\/\/acta.no\/ostfold\/wp-json\/wp\/v2\/pages"}],"about":[{"href":"https:\/\/acta.no\/ostfold\/wp-json\/wp\/v2\/types\/page"}],"author":[{"embeddable":true,"href":"https:\/\/acta.no\/ostfold\/wp-json\/wp\/v2\/users\/25"}],"replies":[{"embeddable":true,"href":"https:\/\/acta.no\/ostfold\/wp-json\/wp\/v2\/comments?post=2038"}],"version-history":[{"count":3,"href":"https:\/\/acta.no\/ostfold\/wp-json\/wp\/v2\/pages\/2038\/revisions"}],"predecessor-version":[{"id":2041,"href":"https:\/\/acta.no\/ostfold\/wp-json\/wp\/v2\/pages\/2038\/revisions\/2041"}],"wp:attachment":[{"href":"https:\/\/acta.no\/ostfold\/wp-json\/wp\/v2\/media?parent=2038"}],"curies":[{"name":"wp","href":"https:\/\/api.w.org\/{rel}","templated":true}]}}