{"id":136,"date":"2019-01-14T12:44:46","date_gmt":"2019-01-14T12:44:46","guid":{"rendered":"http:\/\/acta.no\/ostfold\/?page_id=136"},"modified":"2023-05-26T07:18:34","modified_gmt":"2023-05-26T07:18:34","slug":"informasjon-om-leir-i-ostfold","status":"publish","type":"page","link":"https:\/\/acta.no\/ostfold\/leir\/informasjon-om-leir-i-ostfold\/","title":{"rendered":"Informasjon om leir i \u00d8stfold"},"content":{"rendered":"<div id=\"module-0\" class=\"hogan-module hogan-module-image hogan-module-0 hogan-image-size-large\"><div class=\"hogan-module-inner\"><figure class=\"wp-caption size-large\"><img loading=\"lazy\" decoding=\"async\" width=\"873\" height=\"582\" src=\"https:\/\/www.normisjon.no\/content\/uploads\/sites\/39\/2019\/01\/thumb_IMG_6524_1024-1024x683.jpg\" class=\"attachment-large size-large\" alt=\"\" srcset=\"https:\/\/www.normisjon.no\/content\/uploads\/sites\/39\/2019\/01\/thumb_IMG_6524_1024-1024x683.jpg 1024w, https:\/\/www.normisjon.no\/content\/uploads\/sites\/39\/2019\/01\/thumb_IMG_6524_1024-300x200.jpg 300w, https:\/\/www.normisjon.no\/content\/uploads\/sites\/39\/2019\/01\/thumb_IMG_6524_1024-768x512.jpg 768w, https:\/\/www.normisjon.no\/content\/uploads\/sites\/39\/2019\/01\/thumb_IMG_6524_1024-960x640.jpg 960w, https:\/\/www.normisjon.no\/content\/uploads\/sites\/39\/2019\/01\/thumb_IMG_6524_1024.jpg 1086w\" sizes=\"auto, (max-width: 873px) 100vw, 873px\" \/><\/figure><\/div><\/div><div id=\"module-1\" class=\"hogan-module hogan-module-text hogan-module-1\"><div class=\"hogan-module-inner\"><h2>Informasjon om Leir i \u00d8stfold<\/h2>\n<p>I Acta \u00d8stfold arrangerer vi mange leirer i \u00e5ret for ulike aldersgrupper og med forskjellige konsepter. Vi \u00f8nsker \u00e5 ha mange leirer for \u00e5 kunne n\u00e5 forskjellige grupper og favne et vidt spekter av interesser. P\u00e5 leir opplever vi at vi klarer \u00e5 danne en arena der barn og unge f\u00e5r m\u00f8te Jesus og blir bedre kjent med hva Gud \u00f8nsker for og med dem. Actas visjon som vi jobber mot er \u00abgrensesprengende fellesskap der barn og unge m\u00f8ter, f\u00f8lger og \u00e6rer Jesus Kristus\u00bb.<\/p>\n<p>P\u00e5 denne siden vil du f\u00e5 generell info om hva leir er og hvordan en typisk leir ser ut i tillegg til litt informasjon om de ulike konsept-leirene vi har.<\/p>\n<p>&nbsp;<\/p>\n<h3>Hva m\u00f8ter barna n\u00e5r de reiser p\u00e5 leir?<\/h3>\n<p>N\u00e5r leiren starter vil barnet bli m\u00f8tt av mange ledere som skal v\u00e6re p\u00e5 leiren. Disse hjelper til med \u00e5 finne frem til riktig rom, prater litt med barna og viser dem gjerne rundt hvis det er f\u00f8rste gang barnet er p\u00e5 leirstedet. Hver leder blir romleder for ett eller flere rom og romlederens oppgave er \u00e5 ta litt ekstra vare p\u00e5 barna p\u00e5 det rommet, synge natta-sang p\u00e5 kvelden og sjekke at de har det bra p\u00e5 leir. Romlederen er ogs\u00e5 en trygghet for barna som f\u00e5r en leder de blir ekstra trygge p\u00e5 og kan komme til hvis de lurer p\u00e5 noe.<\/p>\n<p>P\u00e5 leir har vi faste, obligatoriske samlinger. M\u00e5let med disse er \u00e5 skape samhold og fellesskap i tillegg til \u00e5 gi trygghet og forutsigbarhet. Romlederne passer ogs\u00e5 p\u00e5 at alle kommer til samlingene.<\/p>\n<p>&nbsp;<\/p>\n<h3>Hvem kan reise p\u00e5 leir?<\/h3>\n<p>Alle er velkommen p\u00e5 leir. Du trenger ikke ha et bestemt livssyn for \u00e5 reise p\u00e5 leir. Barn fra familier med andre religioner og trosretninger er velkomne, men m\u00e5 delta p\u00e5 samlinger p\u00e5 lik linje som andre barn og ledere p\u00e5 leiren.<\/p>\n<p>Dersom du har et livssyn som trenger tilrettelegging med hensyn til mat, \u00f8nsker vi i det lengste \u00e5 im\u00f8tekomme dette. Fint om det gis beskjed om dette ved p\u00e5melding.<\/p>\n<p>Dersom barnet har et handikap som gj\u00f8r at han\/hun trenger hjelp eller veiledning gjennom dagen m\u00e5 barnet ha med seg ledsager. Ledsager betaler ingenting for leiren.<\/p>\n<p>Mange barn reiser alene p\u00e5 leir, og gjennom samlinger og aktiviteter legges det opp til at barna skal danne nye vennskap og bli kjent med hverandre. Vi ber likevel om at dere opplyser om at barnet reiser alene i p\u00e5meldingen slik at vi kan ta hensyn til dette n\u00e5r vi setter opp hvem som skal sove sammen.<\/p>\n<p>Har barnet store atferdsvansker er det fint om dette tas opp ved p\u00e5melding, slik at vi kan avtale hvordan det kan h\u00e5ndteres p\u00e5 best mulig m\u00e5te.<\/p>\n<p>&nbsp;<\/p>\n<h3>Romfordeling<\/h3>\n<p>Vi \u00f8nsker at ungene selv skal bestemme hvem de skal sove p\u00e5 rom sammen med. Ved p\u00e5melding er det derfor mulig \u00e5 skrive inn hvem de \u00f8nsker \u00e5 bo p\u00e5 rom sammen med. De ulike leirstedene har ulikt antall sengeplasser p\u00e5 hvert rom, og det varierer fra 4 til 7 sengeplasser pr. rom. Vi im\u00f8tekommer \u00f8nsker s\u00e5 godt det lar seg gj\u00f8re, og barn som reiser sammen i st\u00f8rre grupper enn det vi f\u00e5r plass til p\u00e5 ett rom vil alltid ligge p\u00e5 rom med minst en annen han\/hun kjenner. Romfordelingen blir gjort f\u00f8r leiren starter, s\u00e5 derfor er det viktig \u00e5 gi beskjed om eventuelle \u00f8nsker eller behov ved p\u00e5melding.<\/p>\n<p>&nbsp;<\/p>\n<h3>Hva skjer p\u00e5 leir?<\/h3>\n<p>De ulike leirene har litt ulik dagsrytme, men en typisk leirdag kan se slik ut:<\/p>\n<p>&nbsp;<\/p>\n<p>Vekking (alle leirene v\u00e5re har overnatting)<\/p>\n<p>Frokost<\/p>\n<p>Litt fritid<\/p>\n<p>Bibelundervisning<\/p>\n<p>Aktivitet<\/p>\n<p>Lunsj<\/p>\n<p>Aktivitet<\/p>\n<p>Fellesaktivitet (gjerne ute)<\/p>\n<p>Middag<\/p>\n<p>Aktivitet<\/p>\n<p>Kveldssamling<\/p>\n<p>Alle barna inn p\u00e5 rom<\/p>\n<p>Romlederrunde (romleder kommer inn og snakker med dem f\u00f8r de skal sove)<\/p>\n<p>Internatvakt (vakt i gangen dersom barna skulle trenge noe i l\u00f8pet av kvelden)<\/p>\n<p>Om natten: Lederne sover jevnt fordelt p\u00e5 de enkelte gangene, s\u00e5 barna kan lett finne noen \u00e5 henvende seg til under natten, dersom det skulle v\u00e6re behov for dette.<\/p>\n<p>&nbsp;<\/p>\n<h4>Kiosk<\/h4>\n<p>Samme hvilke aktiviteter og leker vi planlegger, s\u00e5 er kiosken alltid noe av det mest popul\u00e6re. Begge leirstedene har egne kiosker. Den vil v\u00e6re \u00e5pen 2-3 ganger i l\u00f8pet av leiren. Av ulike \u00e5rsaker har vi satt en maksgrense p\u00e5 50 kr pr. bes\u00f8k i kiosken p\u00e5 v\u00e5re barneleirer. Man kommer alts\u00e5 langt med 100kr i l\u00f8pet av en leir.<\/p>\n<p>&nbsp;<\/p>\n<h4>Kollekt<\/h4>\n<p>I l\u00f8pet av en leir \u00f8nsker vi \u00e5 ta opp en kollekt, eller en \u00f8konomisk gave, til arbeidet som Acta \u00f8stfold gj\u00f8r med leir. Disse pengene g\u00e5r til et aktivitetsfond som brukes til \u00e5 kj\u00f8pe inn nye leker, materiell til hobbyaktivteter og andre ting som trengs p\u00e5 et leirsted. Kollekten tas normalt opp p\u00e5 avslutningsm\u00f8tet.<\/p>\n<p>&nbsp;<\/p>\n<h3>Leiroversikt<\/h3>\n<p>Leiroversikten finner du som en egen artikkel<\/p>\n<p><a href=\"https:\/\/acta.no\/ostfold\/leir\/leirer-i-ostfold-2019\/\">Leirer i \u00d8stfold <\/a><\/p>\n<p>&nbsp;<\/p>\n<h3>P\u00e5melding<\/h3>\n<p>P\u00e5melding skjer p\u00e5 <a href=\"http:\/\/checkin.no\">checkin.no<\/a>. Du kan g\u00e5 direkte inn her og s\u00f8ke etter leirnavnet eller p\u00e5 regionen for en fullstendig oversikt over alle leirer. Checkin er b\u00e5de et p\u00e5melding- og betalingssystem, s\u00e5 det er fint hvis du melder deltakerne p\u00e5 her. Har du problemer med p\u00e5melding, s\u00e5 er det bare \u00e5 ta kontakt med regionskontoret.<\/p>\n<p>&nbsp;<\/p>\n<h3>Ledere p\u00e5 leir<\/h3>\n<p>Alle deltakerne f\u00e5r sin egen romleder som har et ekstra fokus p\u00e5 sine romdeltakere. Dette er som regel ungdomsledere i alderen 14-18 \u00e5r. I tillegg har vi noen voksenledere og en hovedleder som har det overordnede ansvaret for leiren. For \u00e5 skape en ekstra trygghet for barna, ledere og kanskje ikke minst foresatte s\u00e5 \u00f8nsker vi at det skal v\u00e6re \u00abvoksne p\u00e5 leir\u00bb. Dette er voksne, gjerne besteforeldre, som har som oppgave \u00e5 ha et ekstra fang \u00e5 sitte p\u00e5, gi litt tr\u00f8st eller prate litt med ungene hvis de \u00f8nsker det. Dette har vist seg \u00e5 v\u00e6re verdifullt p\u00e5 leir b\u00e5de for barna og de andre lederne.<\/p>\n<p>&nbsp;<\/p>\n<h3>Spesielle behov<\/h3>\n<p>Vi \u00f8nsker \u00e5 kunne gj\u00f8re leiren best mulig for alle. Dersom ditt barn har behov for tilrettelegging eller har spesielle behov eller utfordringer for eksempel knyttet til mat, hjemlengsel eller \u00e5 sove borte ber vi om at du opplyser om dette i p\u00e5meldingen. Hvis du \u00f8nsker det tar vi ogs\u00e5 kontakt n\u00e5r det n\u00e6rmer seg leiren slik at vi kan snakke om hvordan vi lager en best mulig leir for ditt barn.<\/p>\n<p>&nbsp;<\/p>\n<h3>\u00d8konomi<\/h3>\n<p>Vi \u00f8nsker at flest mulig skal f\u00e5 komme p\u00e5 leir og fors\u00f8ker derfor \u00e5 holde prisen s\u00e5 lav som mulig uten \u00e5 g\u00e5 for mye i underskudd. For at ogs\u00e5 de som ikke har r\u00e5d til \u00e5 reise p\u00e5 leir skal f\u00e5 mulighet har vi opprettet et leirst\u00f8ttefond. Disse pengene g\u00e5r til \u00e5 hjelpe barn som kommer fra familier med vanskelig \u00f8konomi til \u00e5 komme p\u00e5 leir. I p\u00e5meldingen f\u00e5r du mulighet til \u00e5 gi et valgfritt bel\u00f8p til dette fondet under fanen \u00abhjelp oss \u00e5 hjelpe\u00bb.<\/p>\n<h3>Leir er bedre sammen, ta med en venn &#8211; det kan l\u00f8nne seg!<\/h3>\n<p>Deltakere som f\u00e5r med seg noen p\u00e5 leir som ikke har v\u00e6rt p\u00e5 leir p\u00e5 Sj\u00f8glimt eller Sauevika tidligere, kan bli med i trekningen av <strong>en gratis leir<\/strong>.<\/p>\n<h3>Ulike konsept-leirer<\/h3>\n<p>De fleste av v\u00e5re leirer er \u00abordin\u00e6re\u00bb i den forstand at temaet kun bestemmes ut i fra hvilken \u00e5rstid leiren blir avholdt. Noen leirer har derimot et ekstra fokus og disse vil bli nevnt her;<\/p>\n<p>&nbsp;<\/p>\n<p>Action: vi arrangerer to typer action-leirer. Den ene er for ungdommer fra 8. klasse og opp, mens den andre kaller Sauevika Camp og er for 2.-7. klassinger. P\u00e5 disse leirene legges det opp til litt h\u00f8yere aktivitetsniv\u00e5 og litt annerledes aktiviteter enn andre leirer. Blant annet kan vi ha vi ulike typer vannsport, overnatting ute og ulike lag-konkurranser.<\/p>\n<p>Aktivitetsleir: Denne leiren har ekstra fokus p\u00e5 speiding, dans og fotball. Vi har unge ledere som f.eks har v\u00e6rt med p\u00e5 Acta Dansesatsning \u00abSuburban\u00bb som koreograferer og l\u00e6rer bort ulike danser og teknikker. Vi har ogs\u00e5 engasjerte fotballspillere som tilbyr fotballtrening med fokus p\u00e5 teknikk og fairplay samt engasjerende kamper underveis.<\/p>\n<p>&nbsp;<\/p>\n<h3>Kontaktinformasjon<\/h3>\n<p>Har du sp\u00f8rsm\u00e5l, tanker, vil gi en tilbakemelding eller bare har lyst til \u00e5 ta kontakt med noen av oss i Acta \u00d8stfold s\u00e5 er du hjertelig velkommen til det.<\/p>\n<p>&nbsp;<\/p><\/div><\/div>","protected":false},"excerpt":{"rendered":"<p>Informasjon om Leir i \u00d8stfold I Acta \u00d8stfold arrangerer vi mange leirer i \u00e5ret for ulike aldersgrupper og med forskjellige konsepter. Vi \u00f8nsker \u00e5 ha mange leirer for \u00e5 kunne n\u00e5 forskjellige grupper og favne et vidt spekter av interesser. P\u00e5 leir opplever vi at vi klarer \u00e5 danne en arena der barn og unge [&hellip;]<\/p>\n","protected":false},"author":63,"featured_media":137,"parent":25,"menu_order":0,"comment_status":"closed","ping_status":"closed","template":"","meta":{"_acf_changed":false,"footnotes":""},"class_list":["post-136","page","type-page","status-publish","has-post-thumbnail","hentry"],"acf":[],"yoast_head":"<!-- This site is optimized with the Yoast SEO plugin v25.9 - https:\/\/yoast.com\/wordpress\/plugins\/seo\/ -->\n<title>Informasjon om leir i \u00d8stfold - Acta Region \u00d8stfold<\/title>\n<meta name=\"robots\" content=\"index, follow, max-snippet:-1, max-image-preview:large, max-video-preview:-1\" \/>\n<link rel=\"canonical\" href=\"https:\/\/acta.no\/ostfold\/leir\/informasjon-om-leir-i-ostfold\/\" \/>\n<meta property=\"og:locale\" content=\"nb_NO\" \/>\n<meta property=\"og:type\" content=\"article\" \/>\n<meta property=\"og:title\" content=\"Informasjon om leir i \u00d8stfold - Acta Region \u00d8stfold\" \/>\n<meta property=\"og:description\" content=\"Informasjon om Leir i \u00d8stfold I Acta \u00d8stfold arrangerer vi mange leirer i \u00e5ret for ulike aldersgrupper og med forskjellige konsepter. Vi \u00f8nsker \u00e5 ha mange leirer for \u00e5 kunne n\u00e5 forskjellige grupper og favne et vidt spekter av interesser. P\u00e5 leir opplever vi at vi klarer \u00e5 danne en arena der barn og unge [&hellip;]\" \/>\n<meta property=\"og:url\" content=\"https:\/\/acta.no\/ostfold\/leir\/informasjon-om-leir-i-ostfold\/\" \/>\n<meta property=\"og:site_name\" content=\"Acta Region \u00d8stfold\" \/>\n<meta property=\"article:modified_time\" content=\"2023-05-26T07:18:34+00:00\" \/>\n<meta property=\"og:image\" content=\"https:\/\/www.normisjon.no\/content\/uploads\/sites\/39\/2019\/01\/thumb_IMG_6524_1024.jpg\" \/>\n\t<meta property=\"og:image:width\" content=\"1086\" \/>\n\t<meta property=\"og:image:height\" content=\"724\" \/>\n\t<meta property=\"og:image:type\" content=\"image\/jpeg\" \/>\n<meta name=\"twitter:card\" content=\"summary_large_image\" \/>\n<script type=\"application\/ld+json\" class=\"yoast-schema-graph\">{\"@context\":\"https:\/\/schema.org\",\"@graph\":[{\"@type\":\"WebPage\",\"@id\":\"https:\/\/acta.no\/ostfold\/leir\/informasjon-om-leir-i-ostfold\/\",\"url\":\"https:\/\/acta.no\/ostfold\/leir\/informasjon-om-leir-i-ostfold\/\",\"name\":\"Informasjon om leir i \u00d8stfold - Acta Region \u00d8stfold\",\"isPartOf\":{\"@id\":\"https:\/\/acta.no\/ostfold\/#website\"},\"primaryImageOfPage\":{\"@id\":\"https:\/\/acta.no\/ostfold\/leir\/informasjon-om-leir-i-ostfold\/#primaryimage\"},\"image\":{\"@id\":\"https:\/\/acta.no\/ostfold\/leir\/informasjon-om-leir-i-ostfold\/#primaryimage\"},\"thumbnailUrl\":\"https:\/\/www.normisjon.no\/content\/uploads\/sites\/39\/2019\/01\/thumb_IMG_6524_1024.jpg\",\"datePublished\":\"2019-01-14T12:44:46+00:00\",\"dateModified\":\"2023-05-26T07:18:34+00:00\",\"breadcrumb\":{\"@id\":\"https:\/\/acta.no\/ostfold\/leir\/informasjon-om-leir-i-ostfold\/#breadcrumb\"},\"inLanguage\":\"nb-NO\",\"potentialAction\":[{\"@type\":\"ReadAction\",\"target\":[\"https:\/\/acta.no\/ostfold\/leir\/informasjon-om-leir-i-ostfold\/\"]}]},{\"@type\":\"ImageObject\",\"inLanguage\":\"nb-NO\",\"@id\":\"https:\/\/acta.no\/ostfold\/leir\/informasjon-om-leir-i-ostfold\/#primaryimage\",\"url\":\"https:\/\/www.normisjon.no\/content\/uploads\/sites\/39\/2019\/01\/thumb_IMG_6524_1024.jpg\",\"contentUrl\":\"https:\/\/www.normisjon.no\/content\/uploads\/sites\/39\/2019\/01\/thumb_IMG_6524_1024.jpg\",\"width\":1086,\"height\":724},{\"@type\":\"BreadcrumbList\",\"@id\":\"https:\/\/acta.no\/ostfold\/leir\/informasjon-om-leir-i-ostfold\/#breadcrumb\",\"itemListElement\":[{\"@type\":\"ListItem\",\"position\":1,\"name\":\"Til acta.no\",\"item\":\"https:\/\/acta.no\/\"},{\"@type\":\"ListItem\",\"position\":2,\"name\":\"Region \u00d8stfold\",\"item\":\"https:\/\/acta.no\/ostfold\/\"},{\"@type\":\"ListItem\",\"position\":3,\"name\":\"Leir\",\"item\":\"https:\/\/acta.no\/ostfold\/leir\/\"},{\"@type\":\"ListItem\",\"position\":4,\"name\":\"Informasjon om leir i \u00d8stfold\"}]},{\"@type\":\"WebSite\",\"@id\":\"https:\/\/acta.no\/ostfold\/#website\",\"url\":\"https:\/\/acta.no\/ostfold\/\",\"name\":\"Acta Region \u00d8stfold\",\"description\":\"\u00d8stfold\",\"potentialAction\":[{\"@type\":\"SearchAction\",\"target\":{\"@type\":\"EntryPoint\",\"urlTemplate\":\"https:\/\/acta.no\/ostfold\/?s={search_term_string}\"},\"query-input\":{\"@type\":\"PropertyValueSpecification\",\"valueRequired\":true,\"valueName\":\"search_term_string\"}}],\"inLanguage\":\"nb-NO\"}]}<\/script>\n<!-- \/ Yoast SEO plugin. -->","yoast_head_json":{"title":"Informasjon om leir i \u00d8stfold - Acta Region \u00d8stfold","robots":{"index":"index","follow":"follow","max-snippet":"max-snippet:-1","max-image-preview":"max-image-preview:large","max-video-preview":"max-video-preview:-1"},"canonical":"https:\/\/acta.no\/ostfold\/leir\/informasjon-om-leir-i-ostfold\/","og_locale":"nb_NO","og_type":"article","og_title":"Informasjon om leir i \u00d8stfold - Acta Region \u00d8stfold","og_description":"Informasjon om Leir i \u00d8stfold I Acta \u00d8stfold arrangerer vi mange leirer i \u00e5ret for ulike aldersgrupper og med forskjellige konsepter. Vi \u00f8nsker \u00e5 ha mange leirer for \u00e5 kunne n\u00e5 forskjellige grupper og favne et vidt spekter av interesser. P\u00e5 leir opplever vi at vi klarer \u00e5 danne en arena der barn og unge [&hellip;]","og_url":"https:\/\/acta.no\/ostfold\/leir\/informasjon-om-leir-i-ostfold\/","og_site_name":"Acta Region \u00d8stfold","article_modified_time":"2023-05-26T07:18:34+00:00","og_image":[{"width":1086,"height":724,"url":"https:\/\/www.normisjon.no\/content\/uploads\/sites\/39\/2019\/01\/thumb_IMG_6524_1024.jpg","type":"image\/jpeg"}],"twitter_card":"summary_large_image","schema":{"@context":"https:\/\/schema.org","@graph":[{"@type":"WebPage","@id":"https:\/\/acta.no\/ostfold\/leir\/informasjon-om-leir-i-ostfold\/","url":"https:\/\/acta.no\/ostfold\/leir\/informasjon-om-leir-i-ostfold\/","name":"Informasjon om leir i \u00d8stfold - Acta Region \u00d8stfold","isPartOf":{"@id":"https:\/\/acta.no\/ostfold\/#website"},"primaryImageOfPage":{"@id":"https:\/\/acta.no\/ostfold\/leir\/informasjon-om-leir-i-ostfold\/#primaryimage"},"image":{"@id":"https:\/\/acta.no\/ostfold\/leir\/informasjon-om-leir-i-ostfold\/#primaryimage"},"thumbnailUrl":"https:\/\/www.normisjon.no\/content\/uploads\/sites\/39\/2019\/01\/thumb_IMG_6524_1024.jpg","datePublished":"2019-01-14T12:44:46+00:00","dateModified":"2023-05-26T07:18:34+00:00","breadcrumb":{"@id":"https:\/\/acta.no\/ostfold\/leir\/informasjon-om-leir-i-ostfold\/#breadcrumb"},"inLanguage":"nb-NO","potentialAction":[{"@type":"ReadAction","target":["https:\/\/acta.no\/ostfold\/leir\/informasjon-om-leir-i-ostfold\/"]}]},{"@type":"ImageObject","inLanguage":"nb-NO","@id":"https:\/\/acta.no\/ostfold\/leir\/informasjon-om-leir-i-ostfold\/#primaryimage","url":"https:\/\/www.normisjon.no\/content\/uploads\/sites\/39\/2019\/01\/thumb_IMG_6524_1024.jpg","contentUrl":"https:\/\/www.normisjon.no\/content\/uploads\/sites\/39\/2019\/01\/thumb_IMG_6524_1024.jpg","width":1086,"height":724},{"@type":"BreadcrumbList","@id":"https:\/\/acta.no\/ostfold\/leir\/informasjon-om-leir-i-ostfold\/#breadcrumb","itemListElement":[{"@type":"ListItem","position":1,"name":"Til acta.no","item":"https:\/\/acta.no\/"},{"@type":"ListItem","position":2,"name":"Region \u00d8stfold","item":"https:\/\/acta.no\/ostfold\/"},{"@type":"ListItem","position":3,"name":"Leir","item":"https:\/\/acta.no\/ostfold\/leir\/"},{"@type":"ListItem","position":4,"name":"Informasjon om leir i \u00d8stfold"}]},{"@type":"WebSite","@id":"https:\/\/acta.no\/ostfold\/#website","url":"https:\/\/acta.no\/ostfold\/","name":"Acta Region \u00d8stfold","description":"\u00d8stfold","potentialAction":[{"@type":"SearchAction","target":{"@type":"EntryPoint","urlTemplate":"https:\/\/acta.no\/ostfold\/?s={search_term_string}"},"query-input":{"@type":"PropertyValueSpecification","valueRequired":true,"valueName":"search_term_string"}}],"inLanguage":"nb-NO"}]}},"_links":{"self":[{"href":"https:\/\/acta.no\/ostfold\/wp-json\/wp\/v2\/pages\/136","targetHints":{"allow":["GET"]}}],"collection":[{"href":"https:\/\/acta.no\/ostfold\/wp-json\/wp\/v2\/pages"}],"about":[{"href":"https:\/\/acta.no\/ostfold\/wp-json\/wp\/v2\/types\/page"}],"author":[{"embeddable":true,"href":"https:\/\/acta.no\/ostfold\/wp-json\/wp\/v2\/users\/63"}],"replies":[{"embeddable":true,"href":"https:\/\/acta.no\/ostfold\/wp-json\/wp\/v2\/comments?post=136"}],"version-history":[{"count":5,"href":"https:\/\/acta.no\/ostfold\/wp-json\/wp\/v2\/pages\/136\/revisions"}],"predecessor-version":[{"id":1797,"href":"https:\/\/acta.no\/ostfold\/wp-json\/wp\/v2\/pages\/136\/revisions\/1797"}],"up":[{"embeddable":true,"href":"https:\/\/acta.no\/ostfold\/wp-json\/wp\/v2\/pages\/25"}],"wp:featuredmedia":[{"embeddable":true,"href":"https:\/\/acta.no\/ostfold\/wp-json\/wp\/v2\/media\/137"}],"wp:attachment":[{"href":"https:\/\/acta.no\/ostfold\/wp-json\/wp\/v2\/media?parent=136"}],"curies":[{"name":"wp","href":"https:\/\/api.w.org\/{rel}","templated":true}]}}