{"id":34,"date":"2021-11-23T10:11:24","date_gmt":"2021-11-23T10:11:24","guid":{"rendered":"http:\/\/acta.no\/nord\/?page_id=34"},"modified":"2021-11-23T11:54:20","modified_gmt":"2021-11-23T11:54:20","slug":"barneleir-tromso","status":"publish","type":"page","link":"https:\/\/acta.no\/nord\/barneleir-tromso\/","title":{"rendered":"Barneleir Troms\u00f8"},"content":{"rendered":"<div id=\"module-0\" class=\"hogan-module hogan-module-text hogan-module-0\"><div class=\"hogan-module-inner\"><p>Acta Nord og Norkirken Troms\u00f8 inviterer til Barneleir.<br \/>\n1.-5.klasse. L\u00f8rdag 11.desember. Kl.10.00-16.00. Norkirken Troms\u00f8, Vestregt.24.<\/p><\/div><\/div>","protected":false},"excerpt":{"rendered":"<p>Acta Nord og Norkirken Troms\u00f8 inviterer til Barneleir. 1.-5.klasse. L\u00f8rdag 11.desember. Kl.10.00-16.00. Norkirken Troms\u00f8, Vestregt.24.<\/p>\n","protected":false},"author":48,"featured_media":37,"parent":0,"menu_order":0,"comment_status":"closed","ping_status":"closed","template":"","meta":{"_acf_changed":false,"footnotes":""},"class_list":["post-34","page","type-page","status-publish","has-post-thumbnail","hentry"],"acf":[],"yoast_head":"<!-- This site is optimized with the Yoast SEO plugin v25.9 - https:\/\/yoast.com\/wordpress\/plugins\/seo\/ -->\n<title>Barneleir Troms\u00f8 - Acta Region Nord<\/title>\n<meta name=\"robots\" content=\"index, follow, max-snippet:-1, max-image-preview:large, max-video-preview:-1\" \/>\n<link rel=\"canonical\" href=\"https:\/\/acta.no\/nord\/barneleir-tromso\/\" \/>\n<meta property=\"og:locale\" content=\"nb_NO\" \/>\n<meta property=\"og:type\" content=\"article\" \/>\n<meta property=\"og:title\" content=\"Barneleir Troms\u00f8 - Acta Region Nord\" \/>\n<meta property=\"og:description\" content=\"Acta Nord og Norkirken Troms\u00f8 inviterer til Barneleir. 1.-5.klasse. L\u00f8rdag 11.desember. Kl.10.00-16.00. Norkirken Troms\u00f8, Vestregt.24.\" \/>\n<meta property=\"og:url\" content=\"https:\/\/acta.no\/nord\/barneleir-tromso\/\" \/>\n<meta property=\"og:site_name\" content=\"Acta Region Nord\" \/>\n<meta property=\"article:modified_time\" content=\"2021-11-23T11:54:20+00:00\" \/>\n<meta property=\"og:image\" content=\"https:\/\/www.normisjon.no\/content\/uploads\/sites\/30\/2021\/11\/Lysbilde1-1.jpg\" \/>\n\t<meta property=\"og:image:width\" content=\"1040\" \/>\n\t<meta property=\"og:image:height\" content=\"720\" \/>\n\t<meta property=\"og:image:type\" content=\"image\/jpeg\" \/>\n<meta name=\"twitter:card\" content=\"summary_large_image\" \/>\n<script type=\"application\/ld+json\" class=\"yoast-schema-graph\">{\"@context\":\"https:\/\/schema.org\",\"@graph\":[{\"@type\":\"WebPage\",\"@id\":\"https:\/\/acta.no\/nord\/barneleir-tromso\/\",\"url\":\"https:\/\/acta.no\/nord\/barneleir-tromso\/\",\"name\":\"Barneleir Troms\u00f8 - Acta Region Nord\",\"isPartOf\":{\"@id\":\"https:\/\/acta.no\/nord\/#website\"},\"primaryImageOfPage\":{\"@id\":\"https:\/\/acta.no\/nord\/barneleir-tromso\/#primaryimage\"},\"image\":{\"@id\":\"https:\/\/acta.no\/nord\/barneleir-tromso\/#primaryimage\"},\"thumbnailUrl\":\"https:\/\/www.normisjon.no\/content\/uploads\/sites\/30\/2021\/11\/Lysbilde1-1.jpg\",\"datePublished\":\"2021-11-23T10:11:24+00:00\",\"dateModified\":\"2021-11-23T11:54:20+00:00\",\"breadcrumb\":{\"@id\":\"https:\/\/acta.no\/nord\/barneleir-tromso\/#breadcrumb\"},\"inLanguage\":\"nb-NO\",\"potentialAction\":[{\"@type\":\"ReadAction\",\"target\":[\"https:\/\/acta.no\/nord\/barneleir-tromso\/\"]}]},{\"@type\":\"ImageObject\",\"inLanguage\":\"nb-NO\",\"@id\":\"https:\/\/acta.no\/nord\/barneleir-tromso\/#primaryimage\",\"url\":\"https:\/\/www.normisjon.no\/content\/uploads\/sites\/30\/2021\/11\/Lysbilde1-1.jpg\",\"contentUrl\":\"https:\/\/www.normisjon.no\/content\/uploads\/sites\/30\/2021\/11\/Lysbilde1-1.jpg\",\"width\":1040,\"height\":720},{\"@type\":\"BreadcrumbList\",\"@id\":\"https:\/\/acta.no\/nord\/barneleir-tromso\/#breadcrumb\",\"itemListElement\":[{\"@type\":\"ListItem\",\"position\":1,\"name\":\"Til acta.no\",\"item\":\"https:\/\/acta.no\/\"},{\"@type\":\"ListItem\",\"position\":2,\"name\":\"Region Nord\",\"item\":\"https:\/\/acta.no\/nord\/\"},{\"@type\":\"ListItem\",\"position\":3,\"name\":\"Barneleir Troms\u00f8\"}]},{\"@type\":\"WebSite\",\"@id\":\"https:\/\/acta.no\/nord\/#website\",\"url\":\"https:\/\/acta.no\/nord\/\",\"name\":\"Acta Region Nord\",\"description\":\"Nord\",\"potentialAction\":[{\"@type\":\"SearchAction\",\"target\":{\"@type\":\"EntryPoint\",\"urlTemplate\":\"https:\/\/acta.no\/nord\/?s={search_term_string}\"},\"query-input\":{\"@type\":\"PropertyValueSpecification\",\"valueRequired\":true,\"valueName\":\"search_term_string\"}}],\"inLanguage\":\"nb-NO\"}]}<\/script>\n<!-- \/ Yoast SEO plugin. -->","yoast_head_json":{"title":"Barneleir Troms\u00f8 - Acta Region Nord","robots":{"index":"index","follow":"follow","max-snippet":"max-snippet:-1","max-image-preview":"max-image-preview:large","max-video-preview":"max-video-preview:-1"},"canonical":"https:\/\/acta.no\/nord\/barneleir-tromso\/","og_locale":"nb_NO","og_type":"article","og_title":"Barneleir Troms\u00f8 - Acta Region Nord","og_description":"Acta Nord og Norkirken Troms\u00f8 inviterer til Barneleir. 1.-5.klasse. L\u00f8rdag 11.desember. Kl.10.00-16.00. Norkirken Troms\u00f8, Vestregt.24.","og_url":"https:\/\/acta.no\/nord\/barneleir-tromso\/","og_site_name":"Acta Region Nord","article_modified_time":"2021-11-23T11:54:20+00:00","og_image":[{"width":1040,"height":720,"url":"https:\/\/www.normisjon.no\/content\/uploads\/sites\/30\/2021\/11\/Lysbilde1-1.jpg","type":"image\/jpeg"}],"twitter_card":"summary_large_image","schema":{"@context":"https:\/\/schema.org","@graph":[{"@type":"WebPage","@id":"https:\/\/acta.no\/nord\/barneleir-tromso\/","url":"https:\/\/acta.no\/nord\/barneleir-tromso\/","name":"Barneleir Troms\u00f8 - Acta Region Nord","isPartOf":{"@id":"https:\/\/acta.no\/nord\/#website"},"primaryImageOfPage":{"@id":"https:\/\/acta.no\/nord\/barneleir-tromso\/#primaryimage"},"image":{"@id":"https:\/\/acta.no\/nord\/barneleir-tromso\/#primaryimage"},"thumbnailUrl":"https:\/\/www.normisjon.no\/content\/uploads\/sites\/30\/2021\/11\/Lysbilde1-1.jpg","datePublished":"2021-11-23T10:11:24+00:00","dateModified":"2021-11-23T11:54:20+00:00","breadcrumb":{"@id":"https:\/\/acta.no\/nord\/barneleir-tromso\/#breadcrumb"},"inLanguage":"nb-NO","potentialAction":[{"@type":"ReadAction","target":["https:\/\/acta.no\/nord\/barneleir-tromso\/"]}]},{"@type":"ImageObject","inLanguage":"nb-NO","@id":"https:\/\/acta.no\/nord\/barneleir-tromso\/#primaryimage","url":"https:\/\/www.normisjon.no\/content\/uploads\/sites\/30\/2021\/11\/Lysbilde1-1.jpg","contentUrl":"https:\/\/www.normisjon.no\/content\/uploads\/sites\/30\/2021\/11\/Lysbilde1-1.jpg","width":1040,"height":720},{"@type":"BreadcrumbList","@id":"https:\/\/acta.no\/nord\/barneleir-tromso\/#breadcrumb","itemListElement":[{"@type":"ListItem","position":1,"name":"Til acta.no","item":"https:\/\/acta.no\/"},{"@type":"ListItem","position":2,"name":"Region Nord","item":"https:\/\/acta.no\/nord\/"},{"@type":"ListItem","position":3,"name":"Barneleir Troms\u00f8"}]},{"@type":"WebSite","@id":"https:\/\/acta.no\/nord\/#website","url":"https:\/\/acta.no\/nord\/","name":"Acta Region Nord","description":"Nord","potentialAction":[{"@type":"SearchAction","target":{"@type":"EntryPoint","urlTemplate":"https:\/\/acta.no\/nord\/?s={search_term_string}"},"query-input":{"@type":"PropertyValueSpecification","valueRequired":true,"valueName":"search_term_string"}}],"inLanguage":"nb-NO"}]}},"_links":{"self":[{"href":"https:\/\/acta.no\/nord\/wp-json\/wp\/v2\/pages\/34","targetHints":{"allow":["GET"]}}],"collection":[{"href":"https:\/\/acta.no\/nord\/wp-json\/wp\/v2\/pages"}],"about":[{"href":"https:\/\/acta.no\/nord\/wp-json\/wp\/v2\/types\/page"}],"author":[{"embeddable":true,"href":"https:\/\/acta.no\/nord\/wp-json\/wp\/v2\/users\/48"}],"replies":[{"embeddable":true,"href":"https:\/\/acta.no\/nord\/wp-json\/wp\/v2\/comments?post=34"}],"version-history":[{"count":3,"href":"https:\/\/acta.no\/nord\/wp-json\/wp\/v2\/pages\/34\/revisions"}],"predecessor-version":[{"id":54,"href":"https:\/\/acta.no\/nord\/wp-json\/wp\/v2\/pages\/34\/revisions\/54"}],"wp:featuredmedia":[{"embeddable":true,"href":"https:\/\/acta.no\/nord\/wp-json\/wp\/v2\/media\/37"}],"wp:attachment":[{"href":"https:\/\/acta.no\/nord\/wp-json\/wp\/v2\/media?parent=34"}],"curies":[{"name":"wp","href":"https:\/\/api.w.org\/{rel}","templated":true}]}}

Barneleir Tromsø

<div id="module-0" class="hogan-module hogan-module-text hogan-module-0"><div class="hogan-module-inner"><p>Acta Nord og Norkirken Tromsø inviterer til Barneleir.<br />
1.-5.klasse. Lørdag 11.desember. Kl.10.00-16.00. Norkirken Tromsø, Vestregt.24.</p></div></div>

<p>Acta Nord og Norkirken Tromsø inviterer til Barneleir. 1.-5.klasse. Lørdag 11.desember. Kl.10.00-16.00. Norkirken Tromsø, Vestregt.24.</p>

<!-- This site is optimized with the Yoast SEO plugin v25.9 - https://yoast.com/wordpress/plugins/seo/ -->
<title>Barneleir Tromsø - Acta Region Nord</title>
<meta name="robots" content="index, follow, max-snippet:-1, max-image-preview:large, max-video-preview:-1" />
<link rel="canonical" href="https://acta.no/nord/barneleir-tromso/" />
<meta property="og:locale" content="nb_NO" />
<meta property="og:type" content="article" />
<meta property="og:title" content="Barneleir Tromsø - Acta Region Nord" />
<meta property="og:description" content="Acta Nord og Norkirken Tromsø inviterer til Barneleir. 1.-5.klasse. Lørdag 11.desember. Kl.10.00-16.00. Norkirken Tromsø, Vestregt.24." />
<meta property="og:url" content="https://acta.no/nord/barneleir-tromso/" />
<meta property="og:site_name" content="Acta Region Nord" />
<meta property="article:modified_time" content="2021-11-23T11:54:20+00:00" />
<meta property="og:image" content="https://www.normisjon.no/content/uploads/sites/30/2021/11/Lysbilde1-1.jpg" />
	<meta property="og:image:width" content="1040" />
	<meta property="og:image:height" content="720" />
	<meta property="og:image:type" content="image/jpeg" />
<meta name="twitter:card" content="summary_large_image" />
<script type="application/ld+json" class="yoast-schema-graph">{"@context":"https://schema.org","@graph":[{"@type":"WebPage","@id":"https://acta.no/nord/barneleir-tromso/","url":"https://acta.no/nord/barneleir-tromso/","name":"Barneleir Tromsø - Acta Region Nord","isPartOf":{"@id":"https://acta.no/nord/#website"},"primaryImageOfPage":{"@id":"https://acta.no/nord/barneleir-tromso/#primaryimage"},"image":{"@id":"https://acta.no/nord/barneleir-tromso/#primaryimage"},"thumbnailUrl":"https://www.normisjon.no/content/uploads/sites/30/2021/11/Lysbilde1-1.jpg","datePublished":"2021-11-23T10:11:24+00:00","dateModified":"2021-11-23T11:54:20+00:00","breadcrumb":{"@id":"https://acta.no/nord/barneleir-tromso/#breadcrumb"},"inLanguage":"nb-NO","potentialAction":[{"@type":"ReadAction","target":["https://acta.no/nord/barneleir-tromso/"]}]},{"@type":"ImageObject","inLanguage":"nb-NO","@id":"https://acta.no/nord/barneleir-tromso/#primaryimage","url":"https://www.normisjon.no/content/uploads/sites/30/2021/11/Lysbilde1-1.jpg","contentUrl":"https://www.normisjon.no/content/uploads/sites/30/2021/11/Lysbilde1-1.jpg","width":1040,"height":720},{"@type":"BreadcrumbList","@id":"https://acta.no/nord/barneleir-tromso/#breadcrumb","itemListElement":[{"@type":"ListItem","position":1,"name":"Til acta.no","item":"https://acta.no/"},{"@type":"ListItem","position":2,"name":"Region Nord","item":"https://acta.no/nord/"},{"@type":"ListItem","position":3,"name":"Barneleir Tromsø"}]},{"@type":"WebSite","@id":"https://acta.no/nord/#website","url":"https://acta.no/nord/","name":"Acta Region Nord","description":"Nord","potentialAction":[{"@type":"SearchAction","target":{"@type":"EntryPoint","urlTemplate":"https://acta.no/nord/?s={search_term_string}"},"query-input":{"@type":"PropertyValueSpecification","valueRequired":true,"valueName":"search_term_string"}}],"inLanguage":"nb-NO"}]}</script>
<!-- / Yoast SEO plugin. -->

Barneleir Tromsø - Acta Region Nord

Acta Nord og Norkirken Tromsø inviterer til Barneleir. 1.-5.klasse. Lørdag 11.desember. Kl.10.00-16.00. Norkirken Tromsø, Vestregt.24.
