{"id":91,"date":"2020-01-30T12:23:49","date_gmt":"2020-01-30T12:23:49","guid":{"rendered":"http:\/\/acta.no\/agder\/?page_id=91"},"modified":"2022-06-02T08:12:25","modified_gmt":"2022-06-02T08:12:25","slug":"leirklubben","status":"publish","type":"page","link":"https:\/\/acta.no\/agder\/leirklubben\/","title":{"rendered":"Leirklubben"},"content":{"rendered":"<div class=\"gutenberg-content\">\n<figure class=\"wp-block-image size-large\"><img loading=\"lazy\" decoding=\"async\" width=\"1024\" height=\"576\" src=\"https:\/\/www.normisjon.no\/content\/uploads\/sites\/27\/2020\/05\/leirbilde-1024x576.jpg\" alt=\"\" class=\"wp-image-110\" srcset=\"https:\/\/www.normisjon.no\/content\/uploads\/sites\/27\/2020\/05\/leirbilde-1024x576.jpg 1024w, https:\/\/www.normisjon.no\/content\/uploads\/sites\/27\/2020\/05\/leirbilde-300x169.jpg 300w, https:\/\/www.normisjon.no\/content\/uploads\/sites\/27\/2020\/05\/leirbilde-768x432.jpg 768w, https:\/\/www.normisjon.no\/content\/uploads\/sites\/27\/2020\/05\/leirbilde-1920x1080.jpg 1920w, https:\/\/www.normisjon.no\/content\/uploads\/sites\/27\/2020\/05\/leirbilde-1360x765.jpg 1360w, https:\/\/www.normisjon.no\/content\/uploads\/sites\/27\/2020\/05\/leirbilde-960x540.jpg 960w, https:\/\/www.normisjon.no\/content\/uploads\/sites\/27\/2020\/05\/leirbilde.jpg 1992w\" sizes=\"auto, (max-width: 1024px) 100vw, 1024px\" \/><\/figure>\n<\/div><div id=\"module-0\" class=\"hogan-module hogan-module-text hogan-module-0\"><div class=\"hogan-module-inner\"><p>Acta Agder anbefaler alle \u00e5 melde seg inn i leirklubben, det koster 100,- per \u00e5r, og da f\u00e5r du 200,- i avslag pr leir innenfor samme kalender\u00e5r. Medlemskap i leirklubben gir oss tilgang til \u00f8konomiske st\u00f8ttemidler slik at vi kan drive enda mer og bedre leir!<\/p>\n<p>Leirklubben i Agder er for deg som reiser p\u00e5 leir blant annet p\u00e5 Eikely, Skogtun og Vigmostadhytta. Dette er en klubb som gir deg fordeler, og som gj\u00f8r leirene v\u00e5re bedre. Du kan melde deg inn i leirklubben n\u00e5r du melder deg p\u00e5 leir. Det vil si at du da betaler leirkontingent + medlemskontingent for leirklubben. Siden du f\u00e5r rabatt fra f\u00f8rste leir vil denne leiren totalt sett bli 100 kroner billigere enn ordin\u00e6r pris. Er du p\u00e5 flere leirer det samme \u00e5ret vil du f\u00e5 200 kr i rabatt for hver leir.<\/p>\n<p>Eksempel: En leir som koster 1100 kr ordin\u00e6rt vil koste 1000 kr for de som melder seg inn i leirklubben og 900 kr for de som allerede er medlemmer. Leirklubben f\u00e5r \u00f8konomisk st\u00f8tte fra Frifond basert p\u00e5 antall medlemmer, s\u00e5 jo flere medlemmer vi har, jo mer st\u00f8tte f\u00e5r vi.<\/p>\n<p>St\u00f8tten bruker vi p\u00e5 \u00e5 styrke leirarbeidet v\u00e5rt. Dette gj\u00f8r vi blant annet ved \u00e5 kj\u00f8pe inn nytt utstyr til leirene og \u00e5 lage materiell som faller medlemmene til gode.<\/p><\/div><\/div>","protected":false},"excerpt":{"rendered":"<p>Acta Agder anbefaler alle \u00e5 melde seg inn i leirklubben, det koster 100,- per \u00e5r, og da f\u00e5r du 200,- i avslag pr leir innenfor samme kalender\u00e5r. Medlemskap i leirklubben gir oss tilgang til \u00f8konomiske st\u00f8ttemidler slik at vi kan drive enda mer og bedre leir! Leirklubben i Agder er for deg som reiser p\u00e5 [&hellip;]<\/p>\n","protected":false},"author":69,"featured_media":110,"parent":0,"menu_order":0,"comment_status":"closed","ping_status":"closed","template":"","meta":{"_acf_changed":false,"footnotes":""},"class_list":["post-91","page","type-page","status-publish","has-post-thumbnail","hentry"],"acf":[],"yoast_head":"<!-- This site is optimized with the Yoast SEO plugin v25.9 - https:\/\/yoast.com\/wordpress\/plugins\/seo\/ -->\n<title>Leirklubben - Acta Region Agder<\/title>\n<meta name=\"robots\" content=\"index, follow, max-snippet:-1, max-image-preview:large, max-video-preview:-1\" \/>\n<link rel=\"canonical\" href=\"https:\/\/acta.no\/agder\/leirklubben\/\" \/>\n<meta property=\"og:locale\" content=\"nb_NO\" \/>\n<meta property=\"og:type\" content=\"article\" \/>\n<meta property=\"og:title\" content=\"Leirklubben - Acta Region Agder\" \/>\n<meta property=\"og:description\" content=\"Acta Agder anbefaler alle \u00e5 melde seg inn i leirklubben, det koster 100,- per \u00e5r, og da f\u00e5r du 200,- i avslag pr leir innenfor samme kalender\u00e5r. Medlemskap i leirklubben gir oss tilgang til \u00f8konomiske st\u00f8ttemidler slik at vi kan drive enda mer og bedre leir! Leirklubben i Agder er for deg som reiser p\u00e5 [&hellip;]\" \/>\n<meta property=\"og:url\" content=\"https:\/\/acta.no\/agder\/leirklubben\/\" \/>\n<meta property=\"og:site_name\" content=\"Acta Region Agder\" \/>\n<meta property=\"article:modified_time\" content=\"2022-06-02T08:12:25+00:00\" \/>\n<meta property=\"og:image\" content=\"https:\/\/www.normisjon.no\/content\/uploads\/sites\/27\/2020\/05\/leirbilde.jpg\" \/>\n\t<meta property=\"og:image:width\" content=\"1992\" \/>\n\t<meta property=\"og:image:height\" content=\"1121\" \/>\n\t<meta property=\"og:image:type\" content=\"image\/jpeg\" \/>\n<meta name=\"twitter:card\" content=\"summary_large_image\" \/>\n<meta name=\"twitter:label1\" content=\"Ansl. lesetid\" \/>\n\t<meta name=\"twitter:data1\" content=\"1 minutt\" \/>\n<script type=\"application\/ld+json\" class=\"yoast-schema-graph\">{\"@context\":\"https:\/\/schema.org\",\"@graph\":[{\"@type\":\"WebPage\",\"@id\":\"https:\/\/acta.no\/agder\/leirklubben\/\",\"url\":\"https:\/\/acta.no\/agder\/leirklubben\/\",\"name\":\"Leirklubben - Acta Region Agder\",\"isPartOf\":{\"@id\":\"https:\/\/acta.no\/agder\/#website\"},\"primaryImageOfPage\":{\"@id\":\"https:\/\/acta.no\/agder\/leirklubben\/#primaryimage\"},\"image\":{\"@id\":\"https:\/\/acta.no\/agder\/leirklubben\/#primaryimage\"},\"thumbnailUrl\":\"https:\/\/www.normisjon.no\/content\/uploads\/sites\/27\/2020\/05\/leirbilde.jpg\",\"datePublished\":\"2020-01-30T12:23:49+00:00\",\"dateModified\":\"2022-06-02T08:12:25+00:00\",\"breadcrumb\":{\"@id\":\"https:\/\/acta.no\/agder\/leirklubben\/#breadcrumb\"},\"inLanguage\":\"nb-NO\",\"potentialAction\":[{\"@type\":\"ReadAction\",\"target\":[\"https:\/\/acta.no\/agder\/leirklubben\/\"]}]},{\"@type\":\"ImageObject\",\"inLanguage\":\"nb-NO\",\"@id\":\"https:\/\/acta.no\/agder\/leirklubben\/#primaryimage\",\"url\":\"https:\/\/www.normisjon.no\/content\/uploads\/sites\/27\/2020\/05\/leirbilde.jpg\",\"contentUrl\":\"https:\/\/www.normisjon.no\/content\/uploads\/sites\/27\/2020\/05\/leirbilde.jpg\",\"width\":1992,\"height\":1121},{\"@type\":\"BreadcrumbList\",\"@id\":\"https:\/\/acta.no\/agder\/leirklubben\/#breadcrumb\",\"itemListElement\":[{\"@type\":\"ListItem\",\"position\":1,\"name\":\"Til acta.no\",\"item\":\"https:\/\/acta.no\/\"},{\"@type\":\"ListItem\",\"position\":2,\"name\":\"Region Agder\",\"item\":\"https:\/\/acta.no\/agder\/\"},{\"@type\":\"ListItem\",\"position\":3,\"name\":\"Leirklubben\"}]},{\"@type\":\"WebSite\",\"@id\":\"https:\/\/acta.no\/agder\/#website\",\"url\":\"https:\/\/acta.no\/agder\/\",\"name\":\"Acta Region Agder\",\"description\":\"Agder\",\"potentialAction\":[{\"@type\":\"SearchAction\",\"target\":{\"@type\":\"EntryPoint\",\"urlTemplate\":\"https:\/\/acta.no\/agder\/?s={search_term_string}\"},\"query-input\":{\"@type\":\"PropertyValueSpecification\",\"valueRequired\":true,\"valueName\":\"search_term_string\"}}],\"inLanguage\":\"nb-NO\"}]}<\/script>\n<!-- \/ Yoast SEO plugin. -->","yoast_head_json":{"title":"Leirklubben - Acta Region Agder","robots":{"index":"index","follow":"follow","max-snippet":"max-snippet:-1","max-image-preview":"max-image-preview:large","max-video-preview":"max-video-preview:-1"},"canonical":"https:\/\/acta.no\/agder\/leirklubben\/","og_locale":"nb_NO","og_type":"article","og_title":"Leirklubben - Acta Region Agder","og_description":"Acta Agder anbefaler alle \u00e5 melde seg inn i leirklubben, det koster 100,- per \u00e5r, og da f\u00e5r du 200,- i avslag pr leir innenfor samme kalender\u00e5r. Medlemskap i leirklubben gir oss tilgang til \u00f8konomiske st\u00f8ttemidler slik at vi kan drive enda mer og bedre leir! Leirklubben i Agder er for deg som reiser p\u00e5 [&hellip;]","og_url":"https:\/\/acta.no\/agder\/leirklubben\/","og_site_name":"Acta Region Agder","article_modified_time":"2022-06-02T08:12:25+00:00","og_image":[{"width":1992,"height":1121,"url":"https:\/\/www.normisjon.no\/content\/uploads\/sites\/27\/2020\/05\/leirbilde.jpg","type":"image\/jpeg"}],"twitter_card":"summary_large_image","twitter_misc":{"Ansl. lesetid":"1 minutt"},"schema":{"@context":"https:\/\/schema.org","@graph":[{"@type":"WebPage","@id":"https:\/\/acta.no\/agder\/leirklubben\/","url":"https:\/\/acta.no\/agder\/leirklubben\/","name":"Leirklubben - Acta Region Agder","isPartOf":{"@id":"https:\/\/acta.no\/agder\/#website"},"primaryImageOfPage":{"@id":"https:\/\/acta.no\/agder\/leirklubben\/#primaryimage"},"image":{"@id":"https:\/\/acta.no\/agder\/leirklubben\/#primaryimage"},"thumbnailUrl":"https:\/\/www.normisjon.no\/content\/uploads\/sites\/27\/2020\/05\/leirbilde.jpg","datePublished":"2020-01-30T12:23:49+00:00","dateModified":"2022-06-02T08:12:25+00:00","breadcrumb":{"@id":"https:\/\/acta.no\/agder\/leirklubben\/#breadcrumb"},"inLanguage":"nb-NO","potentialAction":[{"@type":"ReadAction","target":["https:\/\/acta.no\/agder\/leirklubben\/"]}]},{"@type":"ImageObject","inLanguage":"nb-NO","@id":"https:\/\/acta.no\/agder\/leirklubben\/#primaryimage","url":"https:\/\/www.normisjon.no\/content\/uploads\/sites\/27\/2020\/05\/leirbilde.jpg","contentUrl":"https:\/\/www.normisjon.no\/content\/uploads\/sites\/27\/2020\/05\/leirbilde.jpg","width":1992,"height":1121},{"@type":"BreadcrumbList","@id":"https:\/\/acta.no\/agder\/leirklubben\/#breadcrumb","itemListElement":[{"@type":"ListItem","position":1,"name":"Til acta.no","item":"https:\/\/acta.no\/"},{"@type":"ListItem","position":2,"name":"Region Agder","item":"https:\/\/acta.no\/agder\/"},{"@type":"ListItem","position":3,"name":"Leirklubben"}]},{"@type":"WebSite","@id":"https:\/\/acta.no\/agder\/#website","url":"https:\/\/acta.no\/agder\/","name":"Acta Region Agder","description":"Agder","potentialAction":[{"@type":"SearchAction","target":{"@type":"EntryPoint","urlTemplate":"https:\/\/acta.no\/agder\/?s={search_term_string}"},"query-input":{"@type":"PropertyValueSpecification","valueRequired":true,"valueName":"search_term_string"}}],"inLanguage":"nb-NO"}]}},"_links":{"self":[{"href":"https:\/\/acta.no\/agder\/wp-json\/wp\/v2\/pages\/91","targetHints":{"allow":["GET"]}}],"collection":[{"href":"https:\/\/acta.no\/agder\/wp-json\/wp\/v2\/pages"}],"about":[{"href":"https:\/\/acta.no\/agder\/wp-json\/wp\/v2\/types\/page"}],"author":[{"embeddable":true,"href":"https:\/\/acta.no\/agder\/wp-json\/wp\/v2\/users\/69"}],"replies":[{"embeddable":true,"href":"https:\/\/acta.no\/agder\/wp-json\/wp\/v2\/comments?post=91"}],"version-history":[{"count":9,"href":"https:\/\/acta.no\/agder\/wp-json\/wp\/v2\/pages\/91\/revisions"}],"predecessor-version":[{"id":407,"href":"https:\/\/acta.no\/agder\/wp-json\/wp\/v2\/pages\/91\/revisions\/407"}],"wp:featuredmedia":[{"embeddable":true,"href":"https:\/\/acta.no\/agder\/wp-json\/wp\/v2\/media\/110"}],"wp:attachment":[{"href":"https:\/\/acta.no\/agder\/wp-json\/wp\/v2\/media?parent=91"}],"curies":[{"name":"wp","href":"https:\/\/api.w.org\/{rel}","templated":true}]}}