{"id":393,"date":"2022-05-24T12:00:37","date_gmt":"2022-05-24T12:00:37","guid":{"rendered":"https:\/\/acta.no\/agder\/?page_id=393"},"modified":"2026-02-12T13:51:13","modified_gmt":"2026-02-12T13:51:13","slug":"actaumbraco","status":"publish","type":"page","link":"https:\/\/acta.no\/agder\/actaumbraco\/","title":{"rendered":"Acta Umbraco"},"content":{"rendered":"<div class=\"gutenberg-content\">\n<figure class=\"wp-block-image aligncenter size-large is-resized\"><img loading=\"lazy\" decoding=\"async\" width=\"1024\" height=\"722\" src=\"https:\/\/www.normisjon.no\/content\/uploads\/sites\/27\/2025\/11\/Umbraco-va\u030ar-2026-1024x722.png\" alt=\"\" class=\"wp-image-1598\" style=\"width:788px;height:auto\" srcset=\"https:\/\/www.normisjon.no\/content\/uploads\/sites\/27\/2025\/11\/Umbraco-va\u030ar-2026-1024x722.png 1024w, https:\/\/www.normisjon.no\/content\/uploads\/sites\/27\/2025\/11\/Umbraco-va\u030ar-2026-300x211.png 300w, https:\/\/www.normisjon.no\/content\/uploads\/sites\/27\/2025\/11\/Umbraco-va\u030ar-2026-768x541.png 768w, https:\/\/www.normisjon.no\/content\/uploads\/sites\/27\/2025\/11\/Umbraco-va\u030ar-2026-1536x1082.png 1536w, https:\/\/www.normisjon.no\/content\/uploads\/sites\/27\/2025\/11\/Umbraco-va\u030ar-2026-2048x1443.png 2048w, https:\/\/www.normisjon.no\/content\/uploads\/sites\/27\/2025\/11\/Umbraco-va\u030ar-2026-1920x1353.png 1920w, https:\/\/www.normisjon.no\/content\/uploads\/sites\/27\/2025\/11\/Umbraco-va\u030ar-2026-1360x958.png 1360w, https:\/\/www.normisjon.no\/content\/uploads\/sites\/27\/2025\/11\/Umbraco-va\u030ar-2026-960x677.png 960w\" sizes=\"auto, (max-width: 1024px) 100vw, 1024px\" \/><\/figure>\n\n\n\n<p class=\"has-text-align-center\">Umbraco v\u00e5r 2026<\/p>\n\n\n\n<div class=\"wp-block-buttons is-layout-flex wp-block-buttons-is-layout-flex\">\n<div class=\"wp-block-button has-custom-width wp-block-button__width-100\"><a class=\"wp-block-button__link wp-element-button\" href=\"https:\/\/www.normisjon.no\/content\/uploads\/sites\/27\/2025\/11\/Umbraco-va\u030ar-2026.pdf\">LAST NED<\/a><\/div>\n<\/div>\n\n\n\n<h5 class=\"wp-block-heading\"><strong>P\u00e5melding til v\u00e5ren 2026 finner du <a href=\"https:\/\/event.checkin.no\/201222\/acta-umbraco-lederkurs-for-ungdommer-varen-2026\">her!<\/a> \u00c5pner 16.november.<\/strong><\/h5>\n\n\n\n<p><strong><em>Acta Umbraco skal istandsette ungdommer til \u00e5 kunne ta ansvar og v\u00e6re med \u00e5 bidra inn i leir-, forening- og menighetsarbeid.<\/em><\/strong><\/p>\n\n\n\n<figure class=\"wp-block-image size-full\"><img loading=\"lazy\" decoding=\"async\" width=\"932\" height=\"453\" src=\"https:\/\/www.normisjon.no\/content\/uploads\/sites\/27\/2022\/09\/umbraco.png\" alt=\"\" class=\"wp-image-465\" srcset=\"https:\/\/www.normisjon.no\/content\/uploads\/sites\/27\/2022\/09\/umbraco.png 932w, https:\/\/www.normisjon.no\/content\/uploads\/sites\/27\/2022\/09\/umbraco-300x146.png 300w, https:\/\/www.normisjon.no\/content\/uploads\/sites\/27\/2022\/09\/umbraco-768x373.png 768w\" sizes=\"auto, (max-width: 932px) 100vw, 932px\" \/><\/figure>\n\n\n\n<h2 class=\"wp-block-heading\">Istandsette ungdom til \u00e5 n\u00e5 sitt potensiale<\/h2>\n\n\n\n<p>En umbracon\u00f8kkel er et redskap man bruker for \u00e5 istandsette store flotte m\u00f8bler f.eks. fra IKEA.<\/p>\n\n\n\n<p>M\u00f8blene kan virke sm\u00e5 og flate, inntil umbracon\u00f8kkelen setter de i stand. F\u00f8rst da n\u00e5r de sitt fulle potensiale.<\/p>\n\n\n\n<p>Poenget er alts\u00e5 at mange mennesker ikke n\u00e5r sitt fulle potensiale som Gud har lagt ned i oss. De blir v\u00e6rende sm\u00e5 og kanskje litt flate i egne og (kanskje andres) \u00f8yne.<\/p>\n\n\n\n<p>Vi \u00f8nsker at Acta Umbraco skal istandsette ungdommer til \u00e5 n\u00e5 sitt fulle potensiale slik Gud hadde tenkt det, og slik bare Han kan designe det.<\/p>\n\n\n\n<p>Umbraco er ikke den geniale hjernen bak designet og brukervennligheten. Umbraco er bare et lite redskap for \u00e5 virkeliggj\u00f8re noe som allerede er laget klart.<\/p>\n\n\n\n<h2 class=\"wp-block-heading\">Acta Umbraco samlinger 2026:<\/h2>\n\n\n\n<p>Kveldsm\u00f8ter &#8211; vi bes\u00f8ker lokale ungdomsstyrer og lignende og har en umbracobolk.<\/p>\n\n\n\n<p>Leirledersamling \u2013 under leirplanleggingsm\u00f8ter, har vi ogs\u00e5 en umbracobolk.<\/p>\n\n\n\n<h2 class=\"wp-block-heading\">Vil dere ha lederkurs?<\/h2>\n\n\n\n<p>Som lokallag i Acta kan du f\u00e5 bes\u00f8k av en regionsansatt med et lederkurs som inng\u00e5r i umbraco. Et tema tilsvarer 2 til 4 samlinger. Disse samlingene kan fordeles p\u00e5 en helg, en l\u00f8rdag eller hverdagskvelder etter avtale med kursholder.&nbsp;&nbsp;<\/p>\n\n\n\n<p>Temaene passer for ungdommer fra 12 -19 \u00e5r, som er ledere eller medarbeidere for kristent barne og ungdomsarbeid.&nbsp;<\/p>\n\n\n\n<p>Du kan \u00f8nske deg et av temaene under:&nbsp;<\/p>\n\n\n\n<ol start=\"1\" style=\"list-style-type:1\" class=\"wp-block-list\">\n<li><strong>Identitet<\/strong>&nbsp;\u2013 Hvordan fellesskapet gir oss identitet? Hvilken rolle har du? Hva er v\u00e5r identitet i Jesus?&nbsp;<\/li>\n\n\n\n<li><strong>P\u00e5virkning<\/strong>&nbsp;\u2013 Hvordan p\u00e5virkes vi? Hvordan p\u00e5virker vi andre? P\u00e5virkning i kommunikasjon<\/li>\n<\/ol>\n\n\n\n<p style=\"text-transform:uppercase\">\u00d8nsker ditt lokallag dette eller dere har noen sp\u00f8rsm\u00e5l, ta kontakt med <\/p>\n\n\n\n<p style=\"text-transform:uppercase\">Ole Jakob Pedersen<\/p>\n\n\n\n<p style=\"text-transform:uppercase\"><a href=\"mailto:ole.jakob.pedersen@normisjon.no\">ole.jakob.pedersen@normisjon.no<\/a><\/p>\n\n\n\n<p style=\"text-transform:uppercase\">Mob: 911 92 483<\/p>\n\n\n\n<h2 class=\"wp-block-heading\">Innhold p\u00e5 Acta Umbraco:<\/h2>\n\n\n\n<ul class=\"wp-block-list\">\n<li>Teambuildings\u00f8velser som klatring, escaperoom, etc<\/li>\n\n\n\n<li>Vi bruker et flunkende nytt interaktivt, filmbasert ledertreningsopplegg som <a href=\"https:\/\/acta.no\/rogaland\/\">Acta Rogaland<\/a> utvikler. Med temaer som: Integritet, grensesetting, p\u00e5virkning,&nbsp; gudsbilde. 10 samlinger<\/li>\n\n\n\n<li>F\u00f8rstehjelp, andaktskurs, og lignende<\/li>\n\n\n\n<li>Gode m\u00f8tepunkt med andre engasjerte ungdommer<\/li>\n<\/ul>\n\n\n\n<figure class=\"wp-block-image size-large\"><img loading=\"lazy\" decoding=\"async\" width=\"819\" height=\"1024\" src=\"https:\/\/www.normisjon.no\/content\/uploads\/sites\/27\/2022\/05\/styret-acta-agder-819x1024.png\" alt=\"\" class=\"wp-image-391\" srcset=\"https:\/\/www.normisjon.no\/content\/uploads\/sites\/27\/2022\/05\/styret-acta-agder-819x1024.png 819w, https:\/\/www.normisjon.no\/content\/uploads\/sites\/27\/2022\/05\/styret-acta-agder-240x300.png 240w, https:\/\/www.normisjon.no\/content\/uploads\/sites\/27\/2022\/05\/styret-acta-agder-768x960.png 768w, https:\/\/www.normisjon.no\/content\/uploads\/sites\/27\/2022\/05\/styret-acta-agder.png 1003w\" sizes=\"auto, (max-width: 819px) 100vw, 819px\" \/><figcaption class=\"wp-element-caption\">Styret i Acta Agder 2022<\/figcaption><\/figure>\n\n\n\n<h2 class=\"wp-block-heading\"><strong>Actas Visjon<\/strong><\/h2>\n\n\n\n<p>V\u00e5r visjon er: <strong><em>Grensesprengende fellesskap der barn og unge m\u00f8ter, f\u00f8lger og \u00e6rer Jesus Kristus.<\/em><\/strong><\/p>\n\n\n\n<p>&#8211; vi \u00f8nsker at <strong><a href=\"https:\/\/acta.no\/agder\/actaumbraco\/\">Acta Umbraco<\/a><\/strong> kan v\u00e6re med \u00e5 utvikle og fornye v\u00e5re fellesskap gjennom m\u00e5lrettet ledertrening og disippelgj\u00f8ring.&nbsp;<\/p>\n\n\n\n<h2 class=\"wp-block-heading\"><strong>Actas verdier<\/strong><\/h2>\n\n\n\n<p>V\u00e5re verdier er: <strong>Elsket og Sendt&nbsp;<\/strong><\/p>\n\n\n\n<p>\u2013 alle v\u00e5re samlinger vil m\u00e5lb\u00e6re disse verdiene. Unge ledere i Acta skal f\u00e5 st\u00e5 grunnfestet og rotfestet i troen p\u00e5 at de er elsket av Gud og sendt av han.<\/p>\n\n\n\n<p><\/p>\n\n\n\n<figure class=\"wp-block-image size-large\"><img loading=\"lazy\" decoding=\"async\" width=\"1024\" height=\"576\" src=\"https:\/\/www.normisjon.no\/content\/uploads\/sites\/27\/2020\/05\/leirbilde-1024x576.jpg\" alt=\"\" class=\"wp-image-110\" srcset=\"https:\/\/www.normisjon.no\/content\/uploads\/sites\/27\/2020\/05\/leirbilde-1024x576.jpg 1024w, https:\/\/www.normisjon.no\/content\/uploads\/sites\/27\/2020\/05\/leirbilde-300x169.jpg 300w, https:\/\/www.normisjon.no\/content\/uploads\/sites\/27\/2020\/05\/leirbilde-768x432.jpg 768w, https:\/\/www.normisjon.no\/content\/uploads\/sites\/27\/2020\/05\/leirbilde-1920x1080.jpg 1920w, https:\/\/www.normisjon.no\/content\/uploads\/sites\/27\/2020\/05\/leirbilde-1360x765.jpg 1360w, https:\/\/www.normisjon.no\/content\/uploads\/sites\/27\/2020\/05\/leirbilde-960x540.jpg 960w, https:\/\/www.normisjon.no\/content\/uploads\/sites\/27\/2020\/05\/leirbilde.jpg 1992w\" sizes=\"auto, (max-width: 1024px) 100vw, 1024px\" \/><\/figure>\n\n\n\n<h2 class=\"wp-block-heading\">Sp\u00f8rsm\u00e5l og svar<\/h2>\n\n\n\n<p><strong>Hvor gammel m\u00e5 jeg v\u00e6re for \u00e5 v\u00e6re med?<\/strong><\/p>\n\n\n\n<p>&#8211; Du m\u00e5 v\u00e6re mellom 12-19 \u00e5r<\/p>\n\n\n\n<p><\/p>\n\n\n\n<p><strong>Hvem passer Acta Umbraco for?<\/strong><\/p>\n\n\n\n<p>&#8211; Dette opplegget passer utmerket for deg som er leirleder, sitter i et styre for en ungdomsklubb, kor e.l.<\/p>\n\n\n\n<p><\/p>\n<\/div>","protected":false},"excerpt":{"rendered":"<p>Umbraco v\u00e5r 2026 P\u00e5melding til v\u00e5ren 2026 finner du her! \u00c5pner 16.november. Acta Umbraco skal istandsette ungdommer til \u00e5 kunne ta ansvar og v\u00e6re med \u00e5 bidra inn i leir-, forening- og menighetsarbeid. Istandsette ungdom til \u00e5 n\u00e5 sitt potensiale En umbracon\u00f8kkel er et redskap man bruker for \u00e5 istandsette store flotte m\u00f8bler f.eks. fra [&hellip;]<\/p>\n","protected":false},"author":108,"featured_media":391,"parent":0,"menu_order":0,"comment_status":"closed","ping_status":"closed","template":"","meta":{"_acf_changed":false,"footnotes":""},"class_list":["post-393","page","type-page","status-publish","has-post-thumbnail","hentry"],"acf":[],"yoast_head":"<!-- This site is optimized with the Yoast SEO plugin v25.9 - https:\/\/yoast.com\/wordpress\/plugins\/seo\/ -->\n<title>Acta Umbraco - Acta Region Agder<\/title>\n<meta name=\"robots\" content=\"index, follow, max-snippet:-1, max-image-preview:large, max-video-preview:-1\" \/>\n<link rel=\"canonical\" href=\"https:\/\/acta.no\/agder\/actaumbraco\/\" \/>\n<meta property=\"og:locale\" content=\"nb_NO\" \/>\n<meta property=\"og:type\" content=\"article\" \/>\n<meta property=\"og:title\" content=\"Acta Umbraco - Acta Region Agder\" \/>\n<meta property=\"og:description\" content=\"Umbraco v\u00e5r 2026 P\u00e5melding til v\u00e5ren 2026 finner du her! \u00c5pner 16.november. Acta Umbraco skal istandsette ungdommer til \u00e5 kunne ta ansvar og v\u00e6re med \u00e5 bidra inn i leir-, forening- og menighetsarbeid. Istandsette ungdom til \u00e5 n\u00e5 sitt potensiale En umbracon\u00f8kkel er et redskap man bruker for \u00e5 istandsette store flotte m\u00f8bler f.eks. fra [&hellip;]\" \/>\n<meta property=\"og:url\" content=\"https:\/\/acta.no\/agder\/actaumbraco\/\" \/>\n<meta property=\"og:site_name\" content=\"Acta Region Agder\" \/>\n<meta property=\"article:modified_time\" content=\"2026-02-12T13:51:13+00:00\" \/>\n<meta property=\"og:image\" content=\"https:\/\/www.normisjon.no\/content\/uploads\/sites\/27\/2022\/05\/styret-acta-agder.png\" \/>\n\t<meta property=\"og:image:width\" content=\"1003\" \/>\n\t<meta property=\"og:image:height\" content=\"1254\" \/>\n\t<meta property=\"og:image:type\" content=\"image\/png\" \/>\n<meta name=\"twitter:card\" content=\"summary_large_image\" \/>\n<meta name=\"twitter:label1\" content=\"Ansl. lesetid\" \/>\n\t<meta name=\"twitter:data1\" content=\"4 minutter\" \/>\n<script type=\"application\/ld+json\" class=\"yoast-schema-graph\">{\"@context\":\"https:\/\/schema.org\",\"@graph\":[{\"@type\":\"WebPage\",\"@id\":\"https:\/\/acta.no\/agder\/actaumbraco\/\",\"url\":\"https:\/\/acta.no\/agder\/actaumbraco\/\",\"name\":\"Acta Umbraco - Acta Region Agder\",\"isPartOf\":{\"@id\":\"https:\/\/acta.no\/agder\/#website\"},\"primaryImageOfPage\":{\"@id\":\"https:\/\/acta.no\/agder\/actaumbraco\/#primaryimage\"},\"image\":{\"@id\":\"https:\/\/acta.no\/agder\/actaumbraco\/#primaryimage\"},\"thumbnailUrl\":\"https:\/\/www.normisjon.no\/content\/uploads\/sites\/27\/2022\/05\/styret-acta-agder.png\",\"datePublished\":\"2022-05-24T12:00:37+00:00\",\"dateModified\":\"2026-02-12T13:51:13+00:00\",\"breadcrumb\":{\"@id\":\"https:\/\/acta.no\/agder\/actaumbraco\/#breadcrumb\"},\"inLanguage\":\"nb-NO\",\"potentialAction\":[{\"@type\":\"ReadAction\",\"target\":[\"https:\/\/acta.no\/agder\/actaumbraco\/\"]}]},{\"@type\":\"ImageObject\",\"inLanguage\":\"nb-NO\",\"@id\":\"https:\/\/acta.no\/agder\/actaumbraco\/#primaryimage\",\"url\":\"https:\/\/www.normisjon.no\/content\/uploads\/sites\/27\/2022\/05\/styret-acta-agder.png\",\"contentUrl\":\"https:\/\/www.normisjon.no\/content\/uploads\/sites\/27\/2022\/05\/styret-acta-agder.png\",\"width\":1003,\"height\":1254,\"caption\":\"Styret i Acta Agder 2022\"},{\"@type\":\"BreadcrumbList\",\"@id\":\"https:\/\/acta.no\/agder\/actaumbraco\/#breadcrumb\",\"itemListElement\":[{\"@type\":\"ListItem\",\"position\":1,\"name\":\"Til acta.no\",\"item\":\"https:\/\/acta.no\/\"},{\"@type\":\"ListItem\",\"position\":2,\"name\":\"Region Agder\",\"item\":\"https:\/\/acta.no\/agder\/\"},{\"@type\":\"ListItem\",\"position\":3,\"name\":\"Acta Umbraco\"}]},{\"@type\":\"WebSite\",\"@id\":\"https:\/\/acta.no\/agder\/#website\",\"url\":\"https:\/\/acta.no\/agder\/\",\"name\":\"Acta Region Agder\",\"description\":\"Agder\",\"potentialAction\":[{\"@type\":\"SearchAction\",\"target\":{\"@type\":\"EntryPoint\",\"urlTemplate\":\"https:\/\/acta.no\/agder\/?s={search_term_string}\"},\"query-input\":{\"@type\":\"PropertyValueSpecification\",\"valueRequired\":true,\"valueName\":\"search_term_string\"}}],\"inLanguage\":\"nb-NO\"}]}<\/script>\n<!-- \/ Yoast SEO plugin. -->","yoast_head_json":{"title":"Acta Umbraco - Acta Region Agder","robots":{"index":"index","follow":"follow","max-snippet":"max-snippet:-1","max-image-preview":"max-image-preview:large","max-video-preview":"max-video-preview:-1"},"canonical":"https:\/\/acta.no\/agder\/actaumbraco\/","og_locale":"nb_NO","og_type":"article","og_title":"Acta Umbraco - Acta Region Agder","og_description":"Umbraco v\u00e5r 2026 P\u00e5melding til v\u00e5ren 2026 finner du her! \u00c5pner 16.november. Acta Umbraco skal istandsette ungdommer til \u00e5 kunne ta ansvar og v\u00e6re med \u00e5 bidra inn i leir-, forening- og menighetsarbeid. Istandsette ungdom til \u00e5 n\u00e5 sitt potensiale En umbracon\u00f8kkel er et redskap man bruker for \u00e5 istandsette store flotte m\u00f8bler f.eks. fra [&hellip;]","og_url":"https:\/\/acta.no\/agder\/actaumbraco\/","og_site_name":"Acta Region Agder","article_modified_time":"2026-02-12T13:51:13+00:00","og_image":[{"width":1003,"height":1254,"url":"https:\/\/www.normisjon.no\/content\/uploads\/sites\/27\/2022\/05\/styret-acta-agder.png","type":"image\/png"}],"twitter_card":"summary_large_image","twitter_misc":{"Ansl. lesetid":"4 minutter"},"schema":{"@context":"https:\/\/schema.org","@graph":[{"@type":"WebPage","@id":"https:\/\/acta.no\/agder\/actaumbraco\/","url":"https:\/\/acta.no\/agder\/actaumbraco\/","name":"Acta Umbraco - Acta Region Agder","isPartOf":{"@id":"https:\/\/acta.no\/agder\/#website"},"primaryImageOfPage":{"@id":"https:\/\/acta.no\/agder\/actaumbraco\/#primaryimage"},"image":{"@id":"https:\/\/acta.no\/agder\/actaumbraco\/#primaryimage"},"thumbnailUrl":"https:\/\/www.normisjon.no\/content\/uploads\/sites\/27\/2022\/05\/styret-acta-agder.png","datePublished":"2022-05-24T12:00:37+00:00","dateModified":"2026-02-12T13:51:13+00:00","breadcrumb":{"@id":"https:\/\/acta.no\/agder\/actaumbraco\/#breadcrumb"},"inLanguage":"nb-NO","potentialAction":[{"@type":"ReadAction","target":["https:\/\/acta.no\/agder\/actaumbraco\/"]}]},{"@type":"ImageObject","inLanguage":"nb-NO","@id":"https:\/\/acta.no\/agder\/actaumbraco\/#primaryimage","url":"https:\/\/www.normisjon.no\/content\/uploads\/sites\/27\/2022\/05\/styret-acta-agder.png","contentUrl":"https:\/\/www.normisjon.no\/content\/uploads\/sites\/27\/2022\/05\/styret-acta-agder.png","width":1003,"height":1254,"caption":"Styret i Acta Agder 2022"},{"@type":"BreadcrumbList","@id":"https:\/\/acta.no\/agder\/actaumbraco\/#breadcrumb","itemListElement":[{"@type":"ListItem","position":1,"name":"Til acta.no","item":"https:\/\/acta.no\/"},{"@type":"ListItem","position":2,"name":"Region Agder","item":"https:\/\/acta.no\/agder\/"},{"@type":"ListItem","position":3,"name":"Acta Umbraco"}]},{"@type":"WebSite","@id":"https:\/\/acta.no\/agder\/#website","url":"https:\/\/acta.no\/agder\/","name":"Acta Region Agder","description":"Agder","potentialAction":[{"@type":"SearchAction","target":{"@type":"EntryPoint","urlTemplate":"https:\/\/acta.no\/agder\/?s={search_term_string}"},"query-input":{"@type":"PropertyValueSpecification","valueRequired":true,"valueName":"search_term_string"}}],"inLanguage":"nb-NO"}]}},"_links":{"self":[{"href":"https:\/\/acta.no\/agder\/wp-json\/wp\/v2\/pages\/393","targetHints":{"allow":["GET"]}}],"collection":[{"href":"https:\/\/acta.no\/agder\/wp-json\/wp\/v2\/pages"}],"about":[{"href":"https:\/\/acta.no\/agder\/wp-json\/wp\/v2\/types\/page"}],"author":[{"embeddable":true,"href":"https:\/\/acta.no\/agder\/wp-json\/wp\/v2\/users\/108"}],"replies":[{"embeddable":true,"href":"https:\/\/acta.no\/agder\/wp-json\/wp\/v2\/comments?post=393"}],"version-history":[{"count":35,"href":"https:\/\/acta.no\/agder\/wp-json\/wp\/v2\/pages\/393\/revisions"}],"predecessor-version":[{"id":1651,"href":"https:\/\/acta.no\/agder\/wp-json\/wp\/v2\/pages\/393\/revisions\/1651"}],"wp:featuredmedia":[{"embeddable":true,"href":"https:\/\/acta.no\/agder\/wp-json\/wp\/v2\/media\/391"}],"wp:attachment":[{"href":"https:\/\/acta.no\/agder\/wp-json\/wp\/v2\/media?parent=393"}],"curies":[{"name":"wp","href":"https:\/\/api.w.org\/{rel}","templated":true}]}}