{"version":"1.0","provider_name":"Acta Region Agder","provider_url":"https:\/\/acta.no\/agder","author_name":"Heidi Owesen Roland","author_url":"https:\/\/acta.no\/agder\/author\/heidiroland\/","title":"Ny v\u00e5rkalender: Leirer, ledertrening og festival i 2026 - Acta Region Agder","type":"rich","width":600,"height":338,"html":"<blockquote class=\"wp-embedded-content\" data-secret=\"fbygYn0jOo\"><a href=\"https:\/\/acta.no\/agder\/2025\/11\/19\/ny-varkalender-leirer-ledertrening-og-festival-i-2026\/\">Ny v\u00e5rkalender: Leirer, ledertrening og festival i 2026<\/a><\/blockquote><iframe sandbox=\"allow-scripts\" security=\"restricted\" src=\"https:\/\/acta.no\/agder\/2025\/11\/19\/ny-varkalender-leirer-ledertrening-og-festival-i-2026\/embed\/#?secret=fbygYn0jOo\" width=\"600\" height=\"338\" title=\"&laquo;Ny v\u00e5rkalender: Leirer, ledertrening og festival i 2026&raquo; &#8212; Acta Region Agder\" data-secret=\"fbygYn0jOo\" frameborder=\"0\" marginwidth=\"0\" marginheight=\"0\" scrolling=\"no\" class=\"wp-embedded-content\"><\/iframe><script type=\"text\/javascript\">\n\/* <![CDATA[ *\/\n\/*! This file is auto-generated *\/\n!function(d,l){\"use strict\";l.querySelector&&d.addEventListener&&\"undefined\"!=typeof URL&&(d.wp=d.wp||{},d.wp.receiveEmbedMessage||(d.wp.receiveEmbedMessage=function(e){var t=e.data;if((t||t.secret||t.message||t.value)&&!\/[^a-zA-Z0-9]\/.test(t.secret)){for(var s,r,n,a=l.querySelectorAll('iframe[data-secret=\"'+t.secret+'\"]'),o=l.querySelectorAll('blockquote[data-secret=\"'+t.secret+'\"]'),c=new RegExp(\"^https?:$\",\"i\"),i=0;i<o.length;i++)o[i].style.display=\"none\";for(i=0;i<a.length;i++)s=a[i],e.source===s.contentWindow&&(s.removeAttribute(\"style\"),\"height\"===t.message?(1e3<(r=parseInt(t.value,10))?r=1e3:~~r<200&&(r=200),s.height=r):\"link\"===t.message&&(r=new URL(s.getAttribute(\"src\")),n=new URL(t.value),c.test(n.protocol))&&n.host===r.host&&l.activeElement===s&&(d.top.location.href=t.value))}},d.addEventListener(\"message\",d.wp.receiveEmbedMessage,!1),l.addEventListener(\"DOMContentLoaded\",function(){for(var e,t,s=l.querySelectorAll(\"iframe.wp-embedded-content\"),r=0;r<s.length;r++)(t=(e=s[r]).getAttribute(\"data-secret\"))||(t=Math.random().toString(36).substring(2,12),e.src+=\"#?secret=\"+t,e.setAttribute(\"data-secret\",t)),e.contentWindow.postMessage({message:\"ready\",secret:t},\"*\")},!1)))}(window,document);\n\/* ]]> *\/\n<\/script>\n","thumbnail_url":"https:\/\/www.normisjon.no\/content\/uploads\/sites\/27\/2025\/11\/ACTA-AGDER-KALENDER-Va\u030ar-2026-scaled.png","thumbnail_width":2560,"thumbnail_height":1810,"description":"Acta Agder lanserer n\u00e5 v\u00e5rens kalender \u2013 full av leirer, samlinger og spennende ledertreningskurs Umbraco. Her finner du alt du trenger for \u00e5 planlegge v\u00e5ren, enten du vil v\u00e6re deltaker, leder eller er forelder som vil ha oversikt over hva som skjer i regionen."}

Ny vårkalender: Leirer, ledertrening og festival i 2026 - Acta Region Agder

<blockquote class="wp-embedded-content" data-secret="fbygYn0jOo"><a href="https://acta.no/agder/2025/11/19/ny-varkalender-leirer-ledertrening-og-festival-i-2026/">Ny vårkalender: Leirer, ledertrening og festival i 2026</a></blockquote><iframe sandbox="allow-scripts" security="restricted" src="https://acta.no/agder/2025/11/19/ny-varkalender-leirer-ledertrening-og-festival-i-2026/embed/#?secret=fbygYn0jOo" width="600" height="338" title="&laquo;Ny vårkalender: Leirer, ledertrening og festival i 2026&raquo; &#8212; Acta Region Agder" data-secret="fbygYn0jOo" frameborder="0" marginwidth="0" marginheight="0" scrolling="no" class="wp-embedded-content"></iframe><script type="text/javascript">
/* <![CDATA[ */
/*! This file is auto-generated */
!function(d,l){"use strict";l.querySelector&&d.addEventListener&&"undefined"!=typeof URL&&(d.wp=d.wp||{},d.wp.receiveEmbedMessage||(d.wp.receiveEmbedMessage=function(e){var t=e.data;if((t||t.secret||t.message||t.value)&&!/[^a-zA-Z0-9]/.test(t.secret)){for(var s,r,n,a=l.querySelectorAll('iframe[data-secret="'+t.secret+'"]'),o=l.querySelectorAll('blockquote[data-secret="'+t.secret+'"]'),c=new RegExp("^https?:$","i"),i=0;i<o.length;i++)o[i].style.display="none";for(i=0;i<a.length;i++)s=a[i],e.source===s.contentWindow&&(s.removeAttribute("style"),"height"===t.message?(1e3<(r=parseInt(t.value,10))?r=1e3:~~r<200&&(r=200),s.height=r):"link"===t.message&&(r=new URL(s.getAttribute("src")),n=new URL(t.value),c.test(n.protocol))&&n.host===r.host&&l.activeElement===s&&(d.top.location.href=t.value))}},d.addEventListener("message",d.wp.receiveEmbedMessage,!1),l.addEventListener("DOMContentLoaded",function(){for(var e,t,s=l.querySelectorAll("iframe.wp-embedded-content"),r=0;r<s.length;r++)(t=(e=s[r]).getAttribute("data-secret"))||(t=Math.random().toString(36).substring(2,12),e.src+="#?secret="+t,e.setAttribute("data-secret",t)),e.contentWindow.postMessage({message:"ready",secret:t},"*")},!1)))}(window,document);
/* ]]> */
</script>

Acta Agder lanserer nå vårens kalender – full av leirer, samlinger og spennende ledertreningskurs Umbraco. Her finner du alt du trenger for å planlegge våren, enten du vil være deltaker, leder eller er forelder som vil ha oversikt over hva som skjer i regionen.
